000
CXUS53 KBIS 280732
CF6BIS
PRELIMINARY LOCAL CLIMATOLOGICAL DATA (WS FORM: F-6)

                                          STATION:   BISMARCK ND
                                          MONTH:     JANUARY
                                          YEAR:      2015
                                          LATITUDE:   46 46 N
                                          LONGITUDE: 100 45 W

  TEMPERATURE IN F:       :PCPN:    SNOW:  WIND      :SUNSHINE: SKY     :PK WND
================================================================================
1   2   3   4   5  6A  6B    7    8   9   10  11  12  13   14  15   16   17  18
                                     12Z  AVG MX 2MIN
DY MAX MIN AVG DEP HDD CDD  WTR  SNW DPTH SPD SPD DIR MIN PSBL S-S WX    SPD DR
================================================================================

 1  30  24  27  14  38   0    T    T    2  8.2 23 290   M    M  10        31 290
 2  34  19  27  14  38   0 0.00  0.0    2  5.8 16 150   M    M   6        19 150
 3  30  -4  13   0  52   0 0.02  0.5    2 14.0 28 350   M    M   6 189    36 360
 4  -3 -13  -8 -21  73   0    T  0.1    2 10.7 22 290   M    M   4        26 300
 5   0 -19  -9 -21  74   0 0.14  0.9    2  6.7 13  80   M    M   4 18     16  80
 6   5  -9  -2 -14  67   0 0.00  0.0    3 14.3 32 320   M    M   3 89     45 320
 7   6 -12  -3 -15  68   0 0.00  0.0    3  9.7 18 320   M    M   0        22 310
 8  19   1  10  -2  55   0 0.03  0.3    3 22.6 44 320   M    M   8 129    59 330
 9   7 -14  -3 -15  68   0 0.00  0.0    3 11.6 24 290   M    M   0        35 290
10  11 -12   0 -12  65   0 0.00  0.0    3  5.6 14 350   M    M   3        16 350
11  16   2   9  -3  56   0 0.00  0.0    3  7.0 17 320   M    M   5 8      21 310
12   3 -21  -9 -21  74   0 0.00  0.0    3  6.3 13 140   M    M   0 8      15 350
13  21 -11   5  -7  60   0 0.00  0.0    3  7.1 21 290   M    M   2        27 290
14  38   6  22  10  43   0    T    T    3  6.0 17 270   M    M   4        21 270
15  43  19  31  19  34   0 0.00  0.0    2  6.5 14 270   M    M   0 1      15 280
16  38  17  28  16  37   0 0.00  0.0    2  7.2 14 150   M    M   6 1      15 140
17  42  33  38  26  27   0 0.00  0.0    1 19.3 33 310   M    M   3        50 310
18  42  19  31  19  34   0 0.01  0.0    T  4.0 10 150   M    M   3        11 150
19  45  27  36  23  29   0 0.00  0.0    T 10.2 23 290   M    M   6 1      30 290
20  34  26  30  17  35   0 0.22  3.6    1  8.7 16 320   M    M  10 16     22 320
21  32   4  18   5  47   0 0.01  0.2    4  7.3 16  10   M    M   8 128    20 350
22  40   1  21   8  44   0 0.00  0.0    4  7.6 21 220   M    M   1 12     27 210
23  46  25  36  23  29   0 0.00  0.0    3  9.2 17 310   M    M   1        23 320
24  42  26  34  21  31   0 0.24    T    T  6.8 18 330   M    M   7 18     24 330
25  38  33  36  23  29   0    T  0.0    0  7.1 21 320   M    M   8 1      24 320
26  50  29  40  27  25   0 0.00  0.0    0  8.1 17 320   M    M   1        21 320
27  53  29  41  27  24   0 0.00  0.0    0  5.8 10 210   M    M   0        13 220
================================================================================
SM  762  225      1256   0  0.67     5.6 243.4          M      109
================================================================================
AV 28.2  8.3                               9.0 FASTST   M    M   4    MAX(MPH)
                                 MISC ---->  # 44 320               # 59  330
================================================================================
NOTES:
# LAST OF SEVERAL OCCURRENCES

COLUMN 17 PEAK WIND IN M.P.H.

PRELIMINARY LOCAL CLIMATOLOGICAL DATA (WS FORM: F-6) , PAGE 2

                                          STATION:  BISMARCK ND
                                          MONTH:    JANUARY
                                          YEAR:     2015
                                          LATITUDE:   46 46 N
                                          LONGITUDE: 100 45 W

[TEMPERATURE DATA]      [PRECIPITATION DATA]       SYMBOLS USED IN COLUMN 16

AVERAGE MONTHLY: 18.3   TOTAL FOR MONTH:   0.67    1 = FOG OR MIST
DPTR FM NORMAL:   5.8   DPTR FM NORMAL:    0.29    2 = FOG REDUCING VISIBILITY
HIGHEST:    53 ON 27    GRTST 24HR  0.24 ON 23-24      TO 1/4 MILE OR LESS
LOWEST:    -21 ON 12                               3 = THUNDER
                        SNOW, ICE PELLETS, HAIL    4 = ICE PELLETS
                        TOTAL MONTH:   5.6 INCHES  5 = HAIL
                        GRTST 24HR   3.6 ON   M    6 = FREEZING RAIN OR DRIZZLE
                        GRTST DEPTH:   4 ON 22,21  7 = DUSTSTORM OR SANDSTORM:
                                                       VSBY 1/2 MILE OR LESS
                                                   8 = SMOKE OR HAZE
[NO. OF DAYS WITH]      [WEATHER - DAYS WITH]      9 = BLOWING SNOW
                                                   X = TORNADO
MAX 32 OR BELOW:  13    0.01 INCH OR MORE:   7
MAX 90 OR ABOVE:   0    0.10 INCH OR MORE:   3
MIN 32 OR BELOW:  25    0.50 INCH OR MORE:   0
MIN  0 OR BELOW:   9    1.00 INCH OR MORE:   0

[HDD (BASE 65) ]
TOTAL THIS MO.  1256    CLEAR  (SCALE 0-3)  13
DPTR FM NORMAL  -160    PTCLDY (SCALE 4-7)  11
TOTAL FM JUL 1  4723    CLOUDY (SCALE 8-10)  3
DPTR FM NORMAL  -193

[CDD (BASE 65) ]
TOTAL THIS MO.     0
DPTR FM NORMAL     0    [PRESSURE DATA]
TOTAL FM JAN 1     0    HIGHEST SLP M ON M
DPTR FM NORMAL     0    LOWEST  SLP 29.57 ON 17

[REMARKS]
