000
CXUS51 KRNK 310915
CF6BLF

PRELIMINARY LOCAL CLIMATOLOGICAL DATA (WS FORM: F-6)

                                          STATION:   BLUEFIELD WV
                                          MONTH:     JULY
                                          YEAR:      2015
                                          LATITUDE:   37 17 N
                                          LONGITUDE:  81 12 W

  TEMPERATURE IN F:       :PCPN:    SNOW:  WIND      :SUNSHINE: SKY     :PK WND
================================================================================
1   2   3   4   5  6A  6B    7    8   9   10  11  12  13   14  15   16   17  18
                                     12Z  AVG MX 2MIN
DY MAX MIN AVG DEP HDD CDD  WTR  SNW DPTH SPD SPD DIR MIN PSBL S-S WX    SPD DR
================================================================================

 1  79  59  69  -3   0   4    T  0.0    0  8.0 15 270   M    M   5 8      22 280
 2  71  64  68  -5   0   3 0.39  0.0    0  3.8 15 260   M    M  10 128    19 270
 3  72  65  69  -4   0   4 0.72  0.0    0  3.8 14 240   M    M  10 1      20 240
 4  77  66  72  -1   0   7 0.05  0.0    0  6.6 14 270   M    M   5 1      22 250
 5  80  65  73   0   0   8 0.36  0.0    0  2.9 12 330   M    M   8 123    18 110
 6  76  64  70  -3   0   5 0.20  0.0    0  5.3 15 260   M    M   6 18     22 250
 7  84  64  74   1   0   9    T  0.0    0  7.2 16 250   M    M   2 18     22 310
 8  77  69  73   0   0   8 0.20  0.0    0  9.0 20 260   M    M   6 18     28 250
 9  86  69  78   5   0  13    T  0.0    0  9.9 24 270   M    M   2        34 260
10  84  68  76   3   0  11 0.31  0.0    0  8.0 20 270   M    M   6        31 270
11  78  65  72  -1   0   7 0.09  0.0    0  5.8 14 300   M    M   5 1      20 270
12  78  60  69  -4   0   4 0.57  0.0    0  3.5 15 270   M    M   5 123    21 280
13  84  64  74   1   0   9 0.69  0.0    0  9.3 22 320   M    M   5 138    36 320
14  81  64  73   0   0   8 0.97  0.0    0 11.1 37 300   M    M   5 13     50 300
15  77  65  71  -2   0   6 0.00  0.0    0  6.8 16 310   M    M   9 1      24 310
16  84  64  74   1   0   9 0.00  0.0    0  2.4 10 160   M    M   7 12     16 180
17  86  69  78   5   0  13 0.00  0.0    0  5.3 14 240   M    M   2        18 240
18  87  71  79   6   0  14 0.03  0.0    0  6.2 14 270   M    M   3        18 250
19  85  72  79   6   0  14 0.02  0.0    0  7.1 15 260   M    M   5 3      19 260
20  86  69  78   5   0  13 0.09  0.0    0  6.4 17 280   M    M   4        25 270
21  82  69  76   3   0  11 0.11  0.0    0  7.8 21 290   M    M   8 1      36 280
22  81  65  73   0   0   8 0.00  0.0    0  3.5 13 320   M    M   3 12     18 260
23  82  65  74   1   0   9 0.01  0.0    0  2.7  9 270   M    M   6 1      12 310
24  83  62  73   0   0   8 0.00  0.0    0  2.5  9 290   M    M   3 1      13 310
25  86  62  74   1   0   9 0.00  0.0    0  3.2 10 310   M    M   1        14 290
26  86  65  76   3   0  11 0.00  0.0    0  2.7 10 250   M    M   1        13 250
27  83  69  76   3   0  11 0.31  0.0    0  2.3 13 310   M    M   3 13     16 300
28  88  68  78   5   0  13 0.00  0.0    0  3.1 12 300   M    M   4 12     15 320
29  86  69  78   5   0  13 0.02  0.0    0  2.4 12  20   M    M   6 18     15  10
30  85  67  76   3   0  11    T  0.0    0  5.6 14 290   M    M   5 1      19 290
================================================================================
SM 2454 1977         0 273  5.14     0.0 164.2          M      150
================================================================================
AV 81.8 65.9                               5.5 FASTST   M    M   5    MAX(MPH)
                                 MISC ---->  # 37 300               # 50  300
================================================================================
NOTES:
# LAST OF SEVERAL OCCURRENCES

COLUMN 17 PEAK WIND IN M.P.H.

PRELIMINARY LOCAL CLIMATOLOGICAL DATA (WS FORM: F-6) , PAGE 2

                                          STATION:  BLUEFIELD WV
                                          MONTH:    JULY
                                          YEAR:     2015
                                          LATITUDE:   37 17 N
                                          LONGITUDE:  81 12 W

[TEMPERATURE DATA]      [PRECIPITATION DATA]       SYMBOLS USED IN COLUMN 16

AVERAGE MONTHLY: 73.9   TOTAL FOR MONTH:   5.14    1 = FOG OR MIST
DPTR FM NORMAL:   0.9   DPTR FM NORMAL:    1.09    2 = FOG REDUCING VISIBILITY
HIGHEST:    88 ON 28    GRTST 24HR  1.24 ON 12-13      TO 1/4 MILE OR LESS
LOWEST:     59 ON  1                               3 = THUNDER
                        SNOW, ICE PELLETS, HAIL    4 = ICE PELLETS
                        TOTAL MONTH:   0.0 INCH    5 = HAIL
                        GRTST 24HR     0.0         6 = FREEZING RAIN OR DRIZZLE
                        GRTST DEPTH:   0           7 = DUSTSTORM OR SANDSTORM:
                                                       VSBY 1/2 MILE OR LESS
                                                   8 = SMOKE OR HAZE
[NO. OF DAYS WITH]      [WEATHER - DAYS WITH]      9 = BLOWING SNOW
                                                   X = TORNADO
MAX 32 OR BELOW:   0    0.01 INCH OR MORE:  18
MAX 90 OR ABOVE:   0    0.10 INCH OR MORE:  11
MIN 32 OR BELOW:   0    0.50 INCH OR MORE:   4
MIN  0 OR BELOW:   0    1.00 INCH OR MORE:   0

[HDD (BASE 65) ]
TOTAL THIS MO.     0    CLEAR  (SCALE 0-3)   7
DPTR FM NORMAL     0    PTCLDY (SCALE 4-7)  20
TOTAL FM JUL 1     0    CLOUDY (SCALE 8-10)  3
DPTR FM NORMAL     0

[CDD (BASE 65) ]
TOTAL THIS MO.   273
DPTR FM NORMAL    33    [PRESSURE DATA]
TOTAL FM JAN 1   670    HIGHEST SLP M ON M
DPTR FM NORMAL   173    LOWEST  SLP 29.58 ON 14

[REMARKS]
DUE TO A POWER OUTAGE CAUSING A MISSING LOW TEMPERATURE ON
JUNE 7...THE SEASONAL COOLING DEGREE DAY TOTAL AND DEPARTURE FROM
NORMAL WILL BE CALCULATED WITHOUT DATA FROM THIS DATE.
