000
CXUS51 KRNK 010641
CF6BLF

PRELIMINARY LOCAL CLIMATOLOGICAL DATA (WS FORM: F-6)

                                          STATION:   BLUEFIELD WV
                                          MONTH:     APRIL
                                          YEAR:      2016
                                          LATITUDE:   37 17 N
                                          LONGITUDE:  81 12 W

  TEMPERATURE IN F:       :PCPN:    SNOW:  WIND      :SUNSHINE: SKY     :PK WND
================================================================================
1   2   3   4   5  6A  6B    7    8   9   10  11  12  13   14  15   16   17  18
                                     12Z  AVG MX 2MIN
DY MAX MIN AVG DEP HDD CDD  WTR  SNW DPTH SPD SPD DIR MIN PSBL S-S WX    SPD DR
================================================================================

 1  69  53  61  11   4   0 0.14  0.0    0 10.2 32 240   M    M   7 3      45 230
 2  54  35  45  -6  20   0    T  0.0    0 16.7 37 270   M    M   8        51 290
 3  53  25  39 -12  26   0 0.00  0.0    0 14.2 29 300   M    M   1        41 290
 4  67  36  52   0  13   0 0.07  0.0    0 14.4 29 250   M    M   4        37 250
 5  45  23  34 -18  31   0 0.00  0.0    0  7.4 20 310   M    M   3        31 330
 6  55  34  45  -7  20   0 0.00  0.0    0 11.2 22 170   M    M   0        38 190
 7  51  34  43  -9  22   0 0.09    T    0 13.9 37 240   M    M   8 1      50 240
 8  42  30  36 -17  29   0 0.07  0.6    1 11.9 21 270   M    M   8 1      31 260
 9  31  22  27 -26  38   0 0.05  1.1    T 12.3 31 310   M    M   6 12     42 310
10  59  20  40 -14  25   0    T  0.0    0  5.5 20 170   M    M   5        29 170
11  70  46  58   4   7   0    T  0.0    0 12.6 28 250   M    M   4        34 250
12  56  39  48  -6  17   0 0.20  0.0    0  6.4 16 260   M    M   6 1      25 250
13  62  34  48  -6  17   0 0.00  0.0    0  7.0 15 140   M    M   0        21 150
14  64  44  54  -1  11   0 0.00  0.0    0  6.8 13 140   M    M   1        21 140
15  61  40  51  -4  14   0 0.00  0.0    0  8.9 16 140   M    M   0        24 140
16  66  40  53  -2  12   0 0.00  0.0    0  5.5 13 140   M    M   0        18 150
17  73  49  61   5   4   0 0.00  0.0    0  4.1 15  40   M    M   0        22  70
18  79  54  67  11   0   2 0.00  0.0    0  4.2 13 290   M    M   0        19 290
19  75  52  64   8   1   0 0.00  0.0    0  7.0 17 290   M    M   1        25 300
20  73  54  64   7   1   0 0.00  0.0    0  6.8 16 150   M    M   2        28 150
21  73  55  64   7   1   0    T  0.0    0  8.0 20 170   M    M   1        30 140
22  62  48  55  -2  10   0 0.74  0.0    0  5.0 18 310   M    M  10 1      32 300
23  57  43  50  -7  15   0    T  0.0    0  6.6 14 310   M    M   8 12     24  10
24  73  42  58   0   7   0 0.00  0.0    0  5.4 16 240   M    M   0        21 240
25  74  54  64   6   1   0 0.00  0.0    0  9.2 20 250   M    M   1        25 260
26  76  58  67   9   0   2 0.06  0.0    0 10.2 21 300   M    M   4        31 320
27  70  54  62   4   3   0 0.33  0.0    0  4.0 16 280   M    M   8 1      19 270
28  75  55  65   6   0   0 0.16  0.0    0  8.4 24 250   M    M   5 3      33 250
29  73  53  63   4   2   0 0.00  0.0    0  8.5 20 250   M    M   1        28 320
30  62  52  57  -2   8   0 0.31  0.0    0  6.6 17 140   M    M   7 1      25 120
================================================================================
SM 1900 1278       359   4  2.22     1.7 258.9          M      109
================================================================================
AV 63.3 42.6                               8.6 FASTST   M    M   4    MAX(MPH)
                                 MISC ---->  # 37 270               # 51  290
================================================================================
NOTES:
# LAST OF SEVERAL OCCURRENCES

COLUMN 17 PEAK WIND IN M.P.H.

PRELIMINARY LOCAL CLIMATOLOGICAL DATA (WS FORM: F-6) , PAGE 2

                                          STATION:  BLUEFIELD WV
                                          MONTH:    APRIL
                                          YEAR:     2016
                                          LATITUDE:   37 17 N
                                          LONGITUDE:  81 12 W

[TEMPERATURE DATA]      [PRECIPITATION DATA]       SYMBOLS USED IN COLUMN 16

AVERAGE MONTHLY: 53.0   TOTAL FOR MONTH:   2.22    1 = FOG OR MIST
DPTR FM NORMAL:  -2.1   DPTR FM NORMAL:   -1.12    2 = FOG REDUCING VISIBILITY
HIGHEST:    79 ON 18    GRTST 24HR  0.74 ON 22-22      TO 1/4 MILE OR LESS
LOWEST:     20 ON 10                               3 = THUNDER
                        SNOW, ICE PELLETS, HAIL    4 = ICE PELLETS
                        TOTAL MONTH:   1.7 INCHES  5 = HAIL
                        GRTST 24HR   1.1 ON   M    6 = FREEZING RAIN OR DRIZZLE
                        GRTST DEPTH:   1 ON  8     7 = DUSTSTORM OR SANDSTORM:
                                                       VSBY 1/2 MILE OR LESS
                                                   8 = SMOKE OR HAZE
[NO. OF DAYS WITH]      [WEATHER - DAYS WITH]      9 = BLOWING SNOW
                                                   X = TORNADO
MAX 32 OR BELOW:   1    0.01 INCH OR MORE:  11
MAX 90 OR ABOVE:   0    0.10 INCH OR MORE:   6
MIN 32 OR BELOW:   5    0.50 INCH OR MORE:   1
MIN  0 OR BELOW:   0    1.00 INCH OR MORE:   0

[HDD (BASE 65) ]
TOTAL THIS MO.   359    CLEAR  (SCALE 0-3)  15
DPTR FM NORMAL    38    PTCLDY (SCALE 4-7)  12
TOTAL FM JUL 1  3635    CLOUDY (SCALE 8-10)  3
DPTR FM NORMAL  -795

[CDD (BASE 65) ]
TOTAL THIS MO.     4
DPTR FM NORMAL   -20    [PRESSURE DATA]
TOTAL FM JAN 1     5    HIGHEST SLP M ON M
DPTR FM NORMAL   -23    LOWEST  SLP 29.47 ON  2

[REMARKS]

DUE TO A SENSOR FAILURE CAUSING MISSING TEMPERATURES ON DECEMBER 20-
21...JANUARY 19-20...AND JANUARY 22-25...THE SEASONAL HEATING DEGREE
DAY TOTAL AND DEPARTURE FROM NORMAL WILL BE CALCULATED WITHOUT DATA
FROM THESE DATES.

#FINAL-04-16#
