000
CXUS51 KRNK 260531
CF6BLF
PRELIMINARY LOCAL CLIMATOLOGICAL DATA (WS FORM: F-6)

                                          STATION:   BLUEFIELD WV
                                          MONTH:     MARCH
                                          YEAR:      2015
                                          LATITUDE:   37 17 N
                                          LONGITUDE:  81 12 W

  TEMPERATURE IN F:       :PCPN:    SNOW:  WIND      :SUNSHINE: SKY     :PK WND
================================================================================
1   2   3   4   5  6A  6B    7    8   9   10  11  12  13   14  15   16   17  18
                                     12Z  AVG MX 2MIN
DY MAX MIN AVG DEP HDD CDD  WTR  SNW DPTH SPD SPD DIR MIN PSBL S-S WX    SPD DR
================================================================================

 1  54  31  43   2  22   0 0.06  0.0    8  9.8 21 250   M    M  10 12     27 240
 2  46  31  39  -2  26   0 0.14    T    6  9.2 21 300   M    M   5 12     31 260
 3  56  31  44   3  21   0 0.05  0.0    T  9.0 21 150   M    M   8 1      34 160
 4  59  39  49   7  16   0 1.41  0.0    0  7.2 28 260   M    M  10 12     37 250
 5  39  14  27 -15  38   0 0.83  2.6    3  7.0 14 310   M    M  10 146    19 320
 6  32   7  20 -22  45   0    T  0.3    3  4.2 13 290   M    M   4        16 290
 7  46  22  34  -8  31   0 0.00  0.0    1 10.9 20 240   M    M   0        25 280
 8  58  38  48   5  17   0 0.00  0.0    0  9.9 21 260   M    M   0        28 250
 9  59  44  52   9  13   0 0.00  0.0    0  5.5 15 250   M    M   1        18 250
10  64  46  55  12  10   0 0.39  0.0    0  7.2 23 230   M    M  10 1      29 220
11  59  45  52   8  13   0 0.48  0.0    0  7.7 18 250   M    M   9 12     24 240
12  63  42  53   9  12   0 0.00  0.0    0  6.1 14 140   M    M   2 12     21 140
13  52  42  47   3  18   0 0.27  0.0    0 12.2 22 170   M    M   9        36 170
14  61  50  56  12   9   0 0.42  0.0    0  9.5 20 260   M    M  10 1      28 250
15  60  41  51   6  14   0 0.00  0.0    0 12.7 23 300   M    M   3        33 290
16  72  45  59  14   6   0 0.00  0.0    0 12.7 26 270   M    M   0        36 280
17  60  39  50   4  15   0    T  0.0    0 11.5 20 300   M    M   3        28 320
18  54  28  41  -5  24   0 0.00  0.0    0  5.4 13 300   M    M   0        20 300
19  42  35  39  -7  26   0 0.34    T    0  8.4 22 160   M    M   9        34 160
20  49  39  44  -2  21   0 0.17  0.0    0  9.1 17 160   M    M   9 12     29 150
21  61  42  52   5  13   0 0.00  0.0    0  8.9 17 290   M    M   5 1      25 320
22  63  42  53   6  12   0 0.00  0.0    0  4.6 12  10   M    M   0        17  10
23  66  41  54   7  11   0 0.00  0.0    0  4.2 14 270   M    M   4        18 270
24  65  45  55   7  10   0    T  0.0    0  6.1 17 270   M    M   8        26 270
25  69  47  58  10   7   0 0.00  0.0    0  9.1 20 170   M    M   4        31 180
================================================================================
SM 1409  926       450   0  4.56     2.9 208.1          M      133
================================================================================
AV 56.4 37.0                               8.3 FASTST   M    M   5    MAX(MPH)
                                 MISC ---->  # 28 260               # 37  250
================================================================================
NOTES:
# LAST OF SEVERAL OCCURRENCES

COLUMN 17 PEAK WIND IN M.P.H.

PRELIMINARY LOCAL CLIMATOLOGICAL DATA (WS FORM: F-6) , PAGE 2

                                          STATION:  BLUEFIELD WV
                                          MONTH:    MARCH
                                          YEAR:     2015
                                          LATITUDE:   37 17 N
                                          LONGITUDE:  81 12 W

[TEMPERATURE DATA]      [PRECIPITATION DATA]       SYMBOLS USED IN COLUMN 16

AVERAGE MONTHLY: 46.7   TOTAL FOR MONTH:   4.56    1 = FOG OR MIST
DPTR FM NORMAL:   2.4   DPTR FM NORMAL:    1.73    2 = FOG REDUCING VISIBILITY
HIGHEST:    72 ON 16    GRTST 24HR  1.41 ON  4- 4      TO 1/4 MILE OR LESS
LOWEST:      7 ON  6                               3 = THUNDER
                        SNOW, ICE PELLETS, HAIL    4 = ICE PELLETS
                        TOTAL MONTH:   2.9 INCHES  5 = HAIL
                        GRTST 24HR   2.6 ON   M    6 = FREEZING RAIN OR DRIZZLE
                        GRTST DEPTH:   8 ON  1     7 = DUSTSTORM OR SANDSTORM:
                                                       VSBY 1/2 MILE OR LESS
                                                   8 = SMOKE OR HAZE
[NO. OF DAYS WITH]      [WEATHER - DAYS WITH]      9 = BLOWING SNOW
                                                   X = TORNADO
MAX 32 OR BELOW:   1    0.01 INCH OR MORE:  11
MAX 90 OR ABOVE:   0    0.10 INCH OR MORE:   9
MIN 32 OR BELOW:   7    0.50 INCH OR MORE:   2
MIN  0 OR BELOW:   0    1.00 INCH OR MORE:   1

[HDD (BASE 65) ]
TOTAL THIS MO.   450    CLEAR  (SCALE 0-3)   8
DPTR FM NORMAL   -70    PTCLDY (SCALE 4-7)   8
TOTAL FM JUL 1  4370    CLOUDY (SCALE 8-10)  9
DPTR FM NORMAL   357

[CDD (BASE 65) ]
TOTAL THIS MO.     0
DPTR FM NORMAL     0    [PRESSURE DATA]
TOTAL FM JAN 1     0    HIGHEST SLP M ON M
DPTR FM NORMAL     0    LOWEST  SLP 29.74 ON 17

[REMARKS]
