000
CXUS55 KPSR 241005
CF6BLH
PRELIMINARY LOCAL CLIMATOLOGICAL DATA (WS FORM: F-6)

                                          STATION:   BLYTHE CA
                                          MONTH:     AUGUST
                                          YEAR:      2016
                                          LATITUDE:   33 37 N
                                          LONGITUDE: 114 43 W

  TEMPERATURE IN F:       :PCPN:    SNOW:  WIND      :SUNSHINE: SKY     :PK WND
================================================================================
1   2   3   4   5  6A  6B    7    8   9   10  11  12  13   14  15   16   17  18
                                     12Z  AVG MX 2MIN
DY MAX MIN AVG DEP HDD CDD  WTR  SNW DPTH SPD SPD DIR MIN PSBL S-S WX    SPD DR
================================================================================

 1 105  83  94   0   0  29 0.00  0.0    0 11.4 18 150   M    M   0        25 150
 2 102  83  93  -1   0  28 0.00  0.0    0  9.1 14 190   M    M   0        21 200
 3 107  85  96   2   0  31 0.00  0.0    M  9.8 20 170   M    M   0        26 180
 4 107  87  97   3   0  32    T  0.0    0  7.3 15  60   M    M   0 8       M  M
 5 109  85  97   3   0  32 0.00  0.0    0  7.8 18 160   M    M   0        23 200
 6 110  83  97   3   0  32 0.00  0.0    0  6.9 17 180   M    M   0        23 180
 7 112  84  98   4   0  33 0.00  0.0    0  8.8 23 170   M    M   0        28 210
 8 111  81  96   2   0  31 0.00  0.0    0 10.6 25 180   M    M   0        31 180
 9 104  83  94   0   0  29 0.00  0.0    0 16.4 26 180   M    M   0        32 180
10 104  84  94   0   0  29 0.00  0.0    0 13.3 21 190   M    M   0        27 180
11 104  83  94   0   0  29 0.00  0.0    0  9.5 16 170   M    M   1        20 170
12 106  85  96   2   0  31 0.00  0.0    0  8.5 15 170   M    M   0        19 150
13 113  87 100   6   0  35 0.00  0.0    0  7.0 15 230   M    M   1        19 230
14 112  88 100   6   0  35 0.00  0.0    0  9.2 21 180   M    M   0        24 170
15 116  87 102   8   0  37 0.00  0.0    0  9.1 16 250   M    M   0 8      22 230
16 115  83  99   5   0  34 0.00  0.0    0  8.1 18 250   M    M   0        22 250
17 110  85  98   4   0  33 0.00  0.0    0 10.2 21 200   M    M   0        25 200
18 108  84  96   3   0  31    T  0.0    0 10.0 39  50   M    M   1 38     46  50
19 105  79  92  -1   0  27 0.00  0.0    0  7.7 22 190   M    M   0        26 200
20 104  84  94   1   0  29 0.00  0.0    0 10.0 21  70   M    M   0 38     26 110
21  98  77  88  -5   0  23 0.14  0.0    0  5.4 23 240   M    M   2 3      27 240
22 106  78  92  -1   0  27 0.00  0.0    0  8.0 20 150   M    M   1        24 140
23 102  81  92  -1   0  27 0.00  0.0    0  7.1 16  70   M    M   0        20  70
================================================================================
SM 2470 1919         0 704  0.14     0.0 211.2          M        6
================================================================================
AV107.4 83.4                               9.2 FASTST   M    M   0    MAX(MPH)
                                 MISC ---->  # 39  50               # 46   50
================================================================================
NOTES:
# LAST OF SEVERAL OCCURRENCES

COLUMN 17 PEAK WIND IN M.P.H.

PRELIMINARY LOCAL CLIMATOLOGICAL DATA (WS FORM: F-6) , PAGE 2

                                          STATION:  BLYTHE CA
                                          MONTH:    AUGUST
                                          YEAR:     2016
                                          LATITUDE:   33 37 N
                                          LONGITUDE: 114 43 W

[TEMPERATURE DATA]      [PRECIPITATION DATA]       SYMBOLS USED IN COLUMN 16

AVERAGE MONTHLY: 95.4   TOTAL FOR MONTH:   0.14    1 = FOG OR MIST
DPTR FM NORMAL:   1.7   DPTR FM NORMAL:   -0.27    2 = FOG REDUCING VISIBILITY
HIGHEST:   116 ON 15    GRTST 24HR  0.14 ON 21-21      TO 1/4 MILE OR LESS
LOWEST:     77 ON 21                               3 = THUNDER
                        SNOW, ICE PELLETS, HAIL    4 = ICE PELLETS
                        TOTAL MONTH:   0.0 INCH    5 = HAIL
                        GRTST 24HR     0.0         6 = FREEZING RAIN OR DRIZZLE
                        GRTST DEPTH:   0           7 = DUSTSTORM OR SANDSTORM:
                                                       VSBY 1/2 MILE OR LESS
                                                   8 = SMOKE OR HAZE
[NO. OF DAYS WITH]      [WEATHER - DAYS WITH]      9 = BLOWING SNOW
                                                   X = TORNADO
MAX 32 OR BELOW:   0    0.01 INCH OR MORE:   1
MAX 90 OR ABOVE:  23    0.10 INCH OR MORE:   1
MIN 32 OR BELOW:   0    0.50 INCH OR MORE:   0
MIN  0 OR BELOW:   0    1.00 INCH OR MORE:   0

[HDD (BASE 65) ]
TOTAL THIS MO.     0    CLEAR  (SCALE 0-3)  23
DPTR FM NORMAL     0    PTCLDY (SCALE 4-7)   0
TOTAL FM JUL 1     0    CLOUDY (SCALE 8-10)  0
DPTR FM NORMAL     0

[CDD (BASE 65) ]
TOTAL THIS MO.   704
DPTR FM NORMAL    44    [PRESSURE DATA]
TOTAL FM JAN 1  3467    HIGHEST SLP M ON M
DPTR FM NORMAL   429    LOWEST  SLP 29.55 ON  7

[REMARKS]
