000
CXUS53 KIND 230740
CF6BMG
PRELIMINARY LOCAL CLIMATOLOGICAL DATA (WS FORM: F-6)

                                          STATION:   BLOOMINGTON IN
                                          MONTH:     JANUARY
                                          YEAR:      2018
                                          LATITUDE:   39  7 N
                                          LONGITUDE:  86 37 W

  TEMPERATURE IN F:       :PCPN:    SNOW:  WIND      :SUNSHINE: SKY     :PK WND
================================================================================
1   2   3   4   5  6A  6B    7    8   9   10  11  12  13   14  15   16   17  18
                                     12Z  AVG MX 2MIN
DY MAX MIN AVG DEP HDD CDD  WTR  SNW DPTH SPD SPD DIR MIN PSBL S-S WX    SPD DR
================================================================================

 1   7  -6   1 -28  64   0 0.00    M    M  5.4 13 280   M    M   1        16 270
 2  15  -9   3 -26  62   0 0.00    M    M  2.4  9 230   M    M   0        14 240
 3  22   5  14 -15  51   0    T    M    M  8.2 15 290   M    M   6        22 270
 4  15  -1   7 -22  58   0 0.00    M    M  5.7 14 270   M    M   1        19 270
 5  16   0   8 -21  57   0 0.00    M    M  4.9 13 280   M    M   5        17 290
 6  21  -9   6 -23  59   0 0.00    M    M  0.8  7 120   M    M   0         8 120
 7  38   4  21  -8  44   0 0.03    M    M  9.8 16 190   M    M   5        22 180
 8  38  34  36   7  29   0 0.30    M    M  8.1 17 210   M    M  10 12     26 190
 9  39  30  35   6  30   0 0.00    M    M  5.3 10 120   M    M   8 12     14 130
10  59  37  48  19  17   0 0.03    M    M  9.8 22 200   M    M  10 1      29 200
11  60  47  54  25  11   0 0.73    M    M  9.4 16 200   M    M  10 1      23 180
12  46  22  34   5  31   0 0.39    M    M 14.8 31 360   M    M  10 1269   38  10
13  22   3  13 -16  52   0    T    M    M  7.4 23  10   M    M   3        29  10
14  21  -1  10 -19  55   0    T    M    M  5.3 13 150   M    M   3        17 140
15  27   8  18 -11  47   0 0.14    M    M  9.1 17 230   M    M   9 128    22 280
16   8  -6   1 -28  64   0    T    M    M  7.0 14 290   M    M   5 8      20 290
17  18   1  10 -19  55   0    T    M    M  6.0 12 230   M    M   2 8      16 240
18  32  10  21  -8  44   0 0.00    M    M 12.1 18 210   M    M   0 8      28 210
19  42  22  32   3  33   0 0.00    M    M 12.7 20 230   M    M   0        27 220
20  48  34  41  12  24   0    T    M    M 12.3 22 230   M    M   5 1      29 230
21  52  47  50  21  15   0    T    M    M  8.5 15 210   M    M  10 1      20 200
22  56  45  51  21  14   0 0.53    M    M 13.3 29 240   M    M   7 1      38 260
================================================================================
SM  702  317       916   0  2.15    M    178.3          M      110
================================================================================
AV 31.9 14.4                               8.1 FASTST   M    M   5    MAX(MPH)
                                 MISC ---->  # 31 360               # 38   10
================================================================================
NOTES:
# LAST OF SEVERAL OCCURRENCES

COLUMN 17 PEAK WIND IN M.P.H.

PRELIMINARY LOCAL CLIMATOLOGICAL DATA (WS FORM: F-6) , PAGE 2

                                          STATION:  BLOOMINGTON IN
                                          MONTH:    JANUARY
                                          YEAR:     2018
                                          LATITUDE:   39  7 N
                                          LONGITUDE:  86 37 W

[TEMPERATURE DATA]      [PRECIPITATION DATA]       SYMBOLS USED IN COLUMN 16

AVERAGE MONTHLY: 23.2   TOTAL FOR MONTH:   2.15    1 = FOG OR MIST
DPTR FM NORMAL:  -5.9   DPTR FM NORMAL:   -0.39    2 = FOG REDUCING VISIBILITY
HIGHEST:    60 ON 11    GRTST 24HR  0.73 ON 11-11      TO 1/4 MILE OR LESS
LOWEST:     -9 ON  6, 2                            3 = THUNDER
                        SNOW, ICE PELLETS, HAIL    4 = ICE PELLETS
                        TOTAL MONTH:    M          5 = HAIL
                        GRTST 24HR    M  ON   M    6 = FREEZING RAIN OR DRIZZLE
                        GRTST DEPTH:  M  ON   M    7 = DUSTSTORM OR SANDSTORM:
                                                       VSBY 1/2 MILE OR LESS
                                                   8 = SMOKE OR HAZE
[NO. OF DAYS WITH]      [WEATHER - DAYS WITH]      9 = BLOWING SNOW
                                                   X = TORNADO
MAX 32 OR BELOW:  12    0.01 INCH OR MORE:   7
MAX 90 OR ABOVE:   0    0.10 INCH OR MORE:   5
MIN 32 OR BELOW:  16    0.50 INCH OR MORE:   2
MIN  0 OR BELOW:   7    1.00 INCH OR MORE:   0

[HDD (BASE 65) ]
TOTAL THIS MO.   916    CLEAR  (SCALE 0-3)   8
DPTR FM NORMAL   124    PTCLDY (SCALE 4-7)   7
TOTAL FM JUL 1  2869    CLOUDY (SCALE 8-10)  7
DPTR FM NORMAL     4

[CDD (BASE 65) ]
TOTAL THIS MO.     0
DPTR FM NORMAL     0    [PRESSURE DATA]
TOTAL FM JAN 1     0    HIGHEST SLP M ON M
DPTR FM NORMAL     0    LOWEST  SLP 29.53 ON 22

[REMARKS]
