000
CXUS53 KILX 242300
CF6BMI
PRELIMINARY LOCAL CLIMATOLOGICAL DATA (WS FORM: F-6)

                                          STATION:   BLOOMINGTON IL AIRPORT
                                          MONTH:     DECEMBER
                                          YEAR:      2014
                                          LATITUDE:   40 28 N
                                          LONGITUDE:  88 56 W

  TEMPERATURE IN F:       :PCPN:    SNOW:  WIND      :SUNSHINE: SKY     :PK WND
================================================================================
1   2   3   4   5  6A  6B    7    8   9   10  11  12  13   14  15   16   17  18
                                     12Z  AVG MX 2MIN
DY MAX MIN AVG DEP HDD CDD  WTR  SNW DPTH SPD SPD DIR MIN PSBL S-S WX    SPD DR
================================================================================

 1  28  17  23   M  42   0 0.00  0.0    0 14.1 20 350   M    M   2        24  10
 2  31  15  23   M  42   0 0.00    M    M  9.5 15 230   M    M   6 1       M  M
 3  39  24  32   M  33   0 0.00    M    M  8.2 13 300   M    M   0 1       M  M
 4  33  25  29   M  36   0    T    M    M  8.0 12 130   M    M   6 12      M  M
 5  40  32  36   M  29   0 0.10    M    M  7.6 13  30   M    M  10 12      M  M
 6  38  25  32   M  33   0 0.00    M    M 11.8 17  10   M    M   6 18     22  10
 7  34  23  29   M  36   0 0.00    M    M  9.4 16 130   M    M   1 1       M  M
 8  40  32  36   M  29   0 0.12    M    M 12.8 21 300   M    M   8 12      M  M
 9  35  31  33   M  32   0    T    M    M 13.1 17 340   M    M  10 1      23 330
10  33  29  31   M  34   0 0.00    M    M  8.0 10  30   M    M  10         M  M
11  30  22  26   M  39   0 0.00    M    M  5.7  9 290   M    M   7 1       M  M
12  36  23  30   M  35   0 0.00    M    M  6.0  9 220   M    M   9 1       M  M
13  49  32  41   M  24   0 0.00    M    M  7.8 10 220   M    M   9 1       M  M
14  47  45  46   M  19   0 0.00    M    M 12.0 20 180   M    M  10 12      M  M
15  46  44  45   M  20   0 0.13    M    M 15.9 21 140   M    M  10 12     30 130
16  47  24  36   M  29   0 0.04    M    M 18.2 27 290   M    M  10 1      40 290
17  25  20  23   M  42   0    T    M    M  7.1 16 300   M    M  10 1       M  M
18  30  20  25   M  40   0 0.00    M    M  0.9  6 350   M    M   3         M  M
19  32  18  25   M  40   0 0.00    M    M  1.1  9 230   M    M   1 18      M  M
20  34  23  29   M  36   0 0.00    M    M  4.8 10 170   M    M   8 1       M  M
21  39  32  36   M  29   0 0.00    M    M 11.5 17 150   M    M   9 18      M  M
22  46  33  40   M  25   0 0.64    M    M 13.6 17 160   M    M  10 1      21 140
23  48  39  44   M  21   0 0.02    M    M 10.1 21 230   M    M   4 1      27 230
================================================================================
SM  860  628       745   0  1.05     0.0 217.2          M      159
================================================================================
AV 37.4 27.3                               9.4 FASTST   M    M   7    MAX(MPH)
                                 MISC ---->  # 27 290                 40    M
================================================================================
NOTES:
# LAST OF SEVERAL OCCURRENCES

COLUMN 17 PEAK WIND IN M.P.H.

PRELIMINARY LOCAL CLIMATOLOGICAL DATA (WS FORM: F-6) , PAGE 2

                                          STATION:  BLOOMINGTON IL AIRPORT
                                          MONTH:    DECEMBER
                                          YEAR:     2014
                                          LATITUDE:   40 28 N
                                          LONGITUDE:  88 56 W

[TEMPERATURE DATA]      [PRECIPITATION DATA]       SYMBOLS USED IN COLUMN 16

AVERAGE MONTHLY: 32.3   TOTAL FOR MONTH:   1.05    1 = FOG OR MIST
DPTR FM NORMAL:     M   DPTR FM NORMAL:       M    2 = FOG REDUCING VISIBILITY
HIGHEST:    49 ON 13    GRTST 24HR  0.64 ON 22-22      TO 1/4 MILE OR LESS
LOWEST:     15 ON  2                               3 = THUNDER
                        SNOW, ICE PELLETS, HAIL    4 = ICE PELLETS
                        TOTAL MONTH:   0.0 INCH    5 = HAIL
                        GRTST 24HR     0.0         6 = FREEZING RAIN OR DRIZZLE
                        GRTST DEPTH:   0           7 = DUSTSTORM OR SANDSTORM:
                                                       VSBY 1/2 MILE OR LESS
                                                   8 = SMOKE OR HAZE
[NO. OF DAYS WITH]      [WEATHER - DAYS WITH]      9 = BLOWING SNOW
                                                   X = TORNADO
MAX 32 OR BELOW:   6    0.01 INCH OR MORE:   6
MAX 90 OR ABOVE:   0    0.10 INCH OR MORE:   4
MIN 32 OR BELOW:  19    0.50 INCH OR MORE:   1
MIN  0 OR BELOW:   0    1.00 INCH OR MORE:   0

[HDD (BASE 65) ]
TOTAL THIS MO.   745    CLEAR  (SCALE 0-3)   5
DPTR FM NORMAL     M    PTCLDY (SCALE 4-7)   7
TOTAL FM JUL 1  2135    CLOUDY (SCALE 8-10) 11
DPTR FM NORMAL     M

[CDD (BASE 65) ]
TOTAL THIS MO.     0
DPTR FM NORMAL     M    [PRESSURE DATA]
TOTAL FM JAN 1   791    HIGHEST SLP M ON M
DPTR FM NORMAL     M    LOWEST  SLP M ON M

[REMARKS]
