000
CXUS54 KEWX 220910
CF6BMQ
PRELIMINARY LOCAL CLIMATOLOGICAL DATA (WS FORM: F-6)

                                          STATION:   BURNET
                                          MONTH:     JANUARY
                                          YEAR:      2017
                                          LATITUDE:   30 43 N
                                          LONGITUDE:  98 14 W

  TEMPERATURE IN F:       :PCPN:    SNOW:  WIND      :SUNSHINE: SKY     :PK WND
================================================================================
1   2   3   4   5  6A  6B    7    8   9   10  11  12  13   14  15   16   17  18
                                     12Z  AVG MX 2MIN
DY MAX MIN AVG DEP HDD CDD  WTR  SNW DPTH SPD SPD DIR MIN PSBL S-S WX    SPD DR
================================================================================

 1  73  45  59  11   6   0 0.00    M    M  5.1 14 280   M    M   1        20 290
 2  70  47  59  11   6   0 0.43    M    M  7.7 31 310   M    M   3 123    43 300
 3  70  39  55   7  10   0 0.00    M    M  9.2 17  10   M    M   0        24  10
 4  47  33  40  -8  25   0 0.00    M    M  5.7 14 360   M    M   2        18  20
 5  60  30  45  -3  20   0 0.00    M    M  9.5 18  30   M    M   3 18     27  30
 6  31  20  26 -22  39   0 0.00    M    M 13.3 21 360   M    M   7        29 360
 7  43  16  30 -18  35   0 0.00    M    M  5.2 12 340   M    M   0        17 340
 8  50  19  35 -13  30   0 0.00    M    M  6.2 16 180   M    M   0        23 170
 9  67  37  52   4  13   0 0.00    M    M 11.1 25 180   M    M   1        35 170
10  77  53  65  17   0   0    T    M    M  8.6 20 180   M    M   0        28 190
11  75  58  67  19   0   2    T    M    M 13.3 25 180   M    M   0        34 180
12  76  64  70  22   0   5 0.00    M    M 10.6 21 180   M    M  10        29 180
13  71  46  59  11   6   0 0.33    M    M  7.9 15  30   M    M  10 1      20  40
14  51  44  48   0  17   0 0.01    M    M  6.9 14  50   M    M  10 12     17  40
15  67  48  58  10   7   0 1.48    M    M  8.4 24 290   M    M  10 123    31 290
16  69  51  60  12   5   0    T    M    M  4.4 12 310   M    M   5        15 290
17  59  45  52   4  13   0 0.10    M    M  9.7 17  40   M    M  10 1      26  40
18  53  45  49   1  16   0 0.27    M    M  6.0 13 320   M    M  10 13     17  20
19  73  49  61  13   4   0 0.00    M    M  6.5 20 220   M    M   5 12     27 230
20  75  44  60  12   5   0 0.00    M    M  3.9 18 290   M    M   0 8      23 290
21  74  45  60  12   5   0    T    M    M  7.2 26 290   M    M   3 1      38 290
================================================================================
SM 1331  878       262   7  2.62    M    166.4          M       90
================================================================================
AV 63.4 41.8                               7.9 FASTST   M    M   4    MAX(MPH)
                                 MISC ---->  # 31 310               # 43  300
================================================================================
NOTES:
# LAST OF SEVERAL OCCURRENCES

COLUMN 17 PEAK WIND IN M.P.H.

PRELIMINARY LOCAL CLIMATOLOGICAL DATA (WS FORM: F-6) , PAGE 2

                                          STATION:  BURNET
                                          MONTH:    JANUARY
                                          YEAR:     2017
                                          LATITUDE:   30 43 N
                                          LONGITUDE:  98 14 W

[TEMPERATURE DATA]      [PRECIPITATION DATA]       SYMBOLS USED IN COLUMN 16

AVERAGE MONTHLY: 52.6   TOTAL FOR MONTH:   2.62    1 = FOG OR MIST
DPTR FM NORMAL:   4.6   DPTR FM NORMAL:    1.45    2 = FOG REDUCING VISIBILITY
HIGHEST:    77 ON 10    GRTST 24HR  1.48 ON 15-15      TO 1/4 MILE OR LESS
LOWEST:     16 ON  7                               3 = THUNDER
                        SNOW, ICE PELLETS, HAIL    4 = ICE PELLETS
                        TOTAL MONTH:    M          5 = HAIL
                        GRTST 24HR    M  ON   M    6 = FREEZING RAIN OR DRIZZLE
                        GRTST DEPTH:  M  ON   M    7 = DUSTSTORM OR SANDSTORM:
                                                       VSBY 1/2 MILE OR LESS
                                                   8 = SMOKE OR HAZE
[NO. OF DAYS WITH]      [WEATHER - DAYS WITH]      9 = BLOWING SNOW
                                                   X = TORNADO
MAX 32 OR BELOW:   1    0.01 INCH OR MORE:   6
MAX 90 OR ABOVE:   0    0.10 INCH OR MORE:   5
MIN 32 OR BELOW:   4    0.50 INCH OR MORE:   1
MIN  0 OR BELOW:   0    1.00 INCH OR MORE:   1

[HDD (BASE 65) ]
TOTAL THIS MO.   262    CLEAR  (SCALE 0-3)  11
DPTR FM NORMAL   -95    PTCLDY (SCALE 4-7)   4
TOTAL FM JUL 1   794    CLOUDY (SCALE 8-10)  6
DPTR FM NORMAL  -391

[CDD (BASE 65) ]
TOTAL THIS MO.     7
DPTR FM NORMAL     7    [PRESSURE DATA]
TOTAL FM JAN 1     7    HIGHEST SLP M ON M
DPTR FM NORMAL     7    LOWEST  SLP 29.37 ON 21

[REMARKS]
