000
CXUS55 KRIW 260945
CF6BPI
PRELIMINARY LOCAL CLIMATOLOGICAL DATA (WS FORM: F-6)

                                          STATION:   BIG PINEY  WY
                                          MONTH:     MAY
                                          YEAR:      2016
                                          LATITUDE:   42 34 N
                                          LONGITUDE: 110  6 W

  TEMPERATURE IN F:       :PCPN:    SNOW:  WIND      :SUNSHINE: SKY     :PK WND
================================================================================
1   2   3   4   5  6A  6B    7    8   9   10  11  12  13   14  15   16   17  18
                                     12Z  AVG MX 2MIN
DY MAX MIN AVG DEP HDD CDD  WTR  SNW DPTH SPD SPD DIR MIN PSBL S-S WX    SPD DR
================================================================================

 1  54  23  39  -2  26   0 0.00  0.0    M  6.2 24 220   M    M   2        28 220
 2  60  15  38  -4  27   0 0.00    M    M  5.2 12  30   M    M   0        16 180
 3  68  25  47   5  18   0 0.00  0.0    M  4.1 13 230   M    M   0        18 230
 4  73  27  50   8  15   0 0.00  0.0    M  5.9 20 220   M    M   0        24 220
 5  75  35  55  13  10   0 0.00  0.0    M  5.0 18 170   M    M   1        23 190
 6  60  33  47   4  18   0 1.17    M    M 10.6 38 210   M    M   8 13     51 210
 7  45  34  40  -3  25   0 0.75    M    M  6.5 21 210   M    M  10 1      23 200
 8  57  35  46   3  19   0 0.48    M    M  7.3 20 160   M    M   7 123    24 150
 9  59  30  45   1  20   0 0.07    M    M 11.5 32 320   M    M   3 1      45 270
10  47  26  37  -7  28   0 0.00  0.0    M 14.4 29 320   M    M   4        35 310
11  54  22  38  -6  27   0 0.00  0.0    M 10.9 21 340   M    M   0        28 330
12  65  24  45   0  20   0 0.00  0.0    M  6.7 21 270   M    M   0        28 270
13  72  31  52   7  13   0 0.00  0.0    M  7.9 21 300   M    M   1        27 280
14  64  29  47   2  18   0 0.03    M    M  7.9 31 340   M    M   2 3      39 340
15  49  35  42  -4  23   0 0.09    M    M  5.5 17 310   M    M   5 1      23 300
16  54  31  43  -3  22   0 0.30    M    M  5.9 23 330   M    M   6 1      27 330
17  56  33  45  -1  20   0 0.00  0.0    0  4.8 12 170   M    M   8        15 180
18  63  37  50   4  15   0    T    M    M  5.3 16 340   M    M   7        23 340
19  67  33  50   3  15   0 0.34    M    M  9.8 33 270   M    M   5 13     43 260
20  65  36  51   4  14   0 0.32    M    M  8.4 30 210   M    M   8 1      36 180
21  56  36  46  -1  19   0 0.03    M    M  7.3 37 280   M    M   5 1      43 280
22  51  30  41  -7  24   0    T    M    M  6.6 28 320   M    M   5        34 320
23  56  24  40  -8  25   0 0.00  0.0    M  7.9 31 280   M    M   2        40 290
24  59  27  43  -5  22   0 0.14    M    M  6.8 29 300   M    M   5 13     38 250
25  54  33  44  -4  21   0 0.13    M    M  6.1 28 330   M    M   8 13     33 340
================================================================================
SM 1483  744       504   0  3.85     0.0 184.5          M      102
================================================================================
AV 59.3 29.8                               7.4 FASTST   M    M   4    MAX(MPH)
                                 MISC ---->  # 38 210               # 51  210
================================================================================
NOTES:
# LAST OF SEVERAL OCCURRENCES

COLUMN 17 PEAK WIND IN M.P.H.

PRELIMINARY LOCAL CLIMATOLOGICAL DATA (WS FORM: F-6) , PAGE 2

                                          STATION:  BIG PINEY  WY
                                          MONTH:    MAY
                                          YEAR:     2016
                                          LATITUDE:   42 34 N
                                          LONGITUDE: 110  6 W

[TEMPERATURE DATA]      [PRECIPITATION DATA]       SYMBOLS USED IN COLUMN 16

AVERAGE MONTHLY: 44.5   TOTAL FOR MONTH:   3.85    1 = FOG OR MIST
DPTR FM NORMAL:  -0.3   DPTR FM NORMAL:    3.18    2 = FOG REDUCING VISIBILITY
HIGHEST:    75 ON  5    GRTST 24HR  1.73 ON  6- 7      TO 1/4 MILE OR LESS
LOWEST:     15 ON  2                               3 = THUNDER
                        SNOW, ICE PELLETS, HAIL    4 = ICE PELLETS
                        TOTAL MONTH:   0.0 INCH    5 = HAIL
                        GRTST 24HR     0.0         6 = FREEZING RAIN OR DRIZZLE
                        GRTST DEPTH:   0           7 = DUSTSTORM OR SANDSTORM:
                                                       VSBY 1/2 MILE OR LESS
                                                   8 = SMOKE OR HAZE
[NO. OF DAYS WITH]      [WEATHER - DAYS WITH]      9 = BLOWING SNOW
                                                   X = TORNADO
MAX 32 OR BELOW:   0    0.01 INCH OR MORE:  12
MAX 90 OR ABOVE:   0    0.10 INCH OR MORE:   8
MIN 32 OR BELOW:  14    0.50 INCH OR MORE:   2
MIN  0 OR BELOW:   0    1.00 INCH OR MORE:   1

[HDD (BASE 65) ]
TOTAL THIS MO.   504    CLEAR  (SCALE 0-3)  10
DPTR FM NORMAL     1    PTCLDY (SCALE 4-7)  14
TOTAL FM JUL 1  9166    CLOUDY (SCALE 8-10)  1
DPTR FM NORMAL  -868

[CDD (BASE 65) ]
TOTAL THIS MO.     0
DPTR FM NORMAL     0    [PRESSURE DATA]
TOTAL FM JAN 1     0    HIGHEST SLP M ON M
DPTR FM NORMAL     0    LOWEST  SLP 29.49 ON  8

[REMARKS]
