000
CXUS54 KBRO 290900
CF6BRO
PRELIMINARY LOCAL CLIMATOLOGICAL DATA (WS FORM: F-6)

                                          STATION:   BROWNSVILLE
                                          MONTH:     APRIL
                                          YEAR:      2017
                                          LATITUDE:   25 53 N
                                          LONGITUDE:  97 26 W

  TEMPERATURE IN F:       :PCPN:    SNOW:  WIND      :SUNSHINE: SKY     :PK WND
================================================================================
1   2   3   4   5  6A  6B    7    8   9   10  11  12  13   14  15   16   17  18
                                     12Z  AVG MX 2MIN
DY MAX MIN AVG DEP HDD CDD  WTR  SNW DPTH SPD SPD DIR MIN PSBL S-S WX    SPD DR
================================================================================

 1  85  74  80   8   0  15 0.00  0.0    0 17.6 29 150   M    M   7        35 150
 2  93  75  84  12   0  19    T  0.0    0 11.8 23 160   M    M   6        29 170
 3  93  64  79   6   0  14    T  0.0    0  7.4 18  90   M    M   1        24 110
 4  89  65  77   4   0  12 0.00  0.0    0 10.7 22 160   M    M   0 1      27 160
 5  85  65  75   2   0  10 0.00  0.0    0 11.1 26 360   M    M   4 1      39  10
 6  80  58  69  -4   0   4 0.00  0.0    0  7.2 17 110   M    M   0        23  50
 7  82  59  71  -2   0   6 0.00  0.0    0  9.0 22 120   M    M   4        26 120
 8  85  67  76   2   0  11 0.00  0.0    0 13.1 23 140   M    M   8        29 140
 9  85  71  78   4   0  13 0.00  0.0    0 14.9 25 150   M    M   7        31 130
10  88  76  82   8   0  17 0.00  0.0    0 17.4 28 160   M    M  10        34 170
11  87  72  80   6   0  15    T  0.0    0 14.8 33 160   M    M   7        45  40
12  83  69  76   2   0  11 0.08  0.0    0  8.6 20 110   M    M   4 3      23 130
13  87  68  78   4   0  13 0.02  0.0    0  9.9 22 110   M    M   2        27 130
14  86  69  78   4   0  13 0.01  0.0    0 10.9 22 140   M    M   3        27 140
15  87  71  79   4   0  14 0.00  0.0    0 12.2 22 140   M    M   3        27 150
16  87  75  81   6   0  16 0.00  0.0    0 13.8 24 140   M    M   4        32 130
17  88  73  81   6   0  16 0.30  0.0    0 10.2 22 150   M    M   5 1      31 150
18  86  67  77   2   0  12 0.08  0.0    0  7.8 18 190   M    M   3 3      23 300
19  89  67  78   3   0  13 0.00  0.0    0  7.6 18 120   M    M   1 1      25 110
20  89  72  81   5   0  16 0.00  0.0    0 11.4 22 140   M    M   2        27 150
21  89  72  81   5   0  16 0.00  0.0    0 11.9 23 150   M    M   2        29 150
22  91  72  82   6   0  17 0.00  0.0    0 10.0 20 160   M    M   2        24 140
23  79  61  70  -6   0   5 0.14  0.0    0 10.4 21 350   M    M   6        28  10
24  84  58  71  -5   0   6 0.00  0.0    0  7.6 17 130   M    M   0        24 150
25  91  74  83   7   0  18 0.00  0.0    0 19.5 31 170   M    M   8        38 160
26 104  74  89  12   0  24 0.00  0.0    0 13.9 24 190   M    M   4        31 330
27  88  73  81   4   0  16 0.00  0.0    0 10.6 20 120   M    M   7        25  80
28  96  76  86   9   0  21 0.00  0.0    0 20.0 33 160   M    M   2        40 170
================================================================================
SM 2456 1937         0 383  0.63     0.0 331.3          M      112
================================================================================
AV 87.7 69.2                              11.8 FASTST   M    M   4    MAX(MPH)
                                 MISC ---->    33   M               # 45   40
================================================================================
NOTES:
# LAST OF SEVERAL OCCURRENCES

COLUMN 17 PEAK WIND IN M.P.H.

PRELIMINARY LOCAL CLIMATOLOGICAL DATA (WS FORM: F-6) , PAGE 2

                                          STATION:  BROWNSVILLE
                                          MONTH:    APRIL
                                          YEAR:     2017
                                          LATITUDE:   25 53 N
                                          LONGITUDE:  97 26 W

[TEMPERATURE DATA]      [PRECIPITATION DATA]       SYMBOLS USED IN COLUMN 16

AVERAGE MONTHLY: 78.5   TOTAL FOR MONTH:   0.63    1 = FOG OR MIST
DPTR FM NORMAL:   3.8   DPTR FM NORMAL:   -0.81    2 = FOG REDUCING VISIBILITY
HIGHEST:   104 ON 26    GRTST 24HR  0.30 ON 17-17      TO 1/4 MILE OR LESS
LOWEST:     58 ON 24, 6                            3 = THUNDER
                        SNOW, ICE PELLETS, HAIL    4 = ICE PELLETS
                        TOTAL MONTH:   0.0 INCH    5 = HAIL
                        GRTST 24HR     0.0         6 = FREEZING RAIN OR DRIZZLE
                        GRTST DEPTH:   0           7 = DUSTSTORM OR SANDSTORM:
                                                       VSBY 1/2 MILE OR LESS
                                                   8 = SMOKE OR HAZE
[NO. OF DAYS WITH]      [WEATHER - DAYS WITH]      9 = BLOWING SNOW
                                                   X = TORNADO
MAX 32 OR BELOW:   0    0.01 INCH OR MORE:   6
MAX 90 OR ABOVE:   6    0.10 INCH OR MORE:   2
MIN 32 OR BELOW:   0    0.50 INCH OR MORE:   0
MIN  0 OR BELOW:   0    1.00 INCH OR MORE:   0

[HDD (BASE 65) ]
TOTAL THIS MO.     0    CLEAR  (SCALE 0-3)  12
DPTR FM NORMAL    -6    PTCLDY (SCALE 4-7)  14
TOTAL FM JUL 1   201    CLOUDY (SCALE 8-10)  2
DPTR FM NORMAL  -351

[CDD (BASE 65) ]
TOTAL THIS MO.   383
DPTR FM NORMAL   106    [PRESSURE DATA]
TOTAL FM JAN 1  1064    HIGHEST SLP 30.02 ON M
DPTR FM NORMAL   472    LOWEST  SLP 29.44 ON 26

[REMARKS]
