000
CXUS51 KBTV 240700
CF6BTV
PRELIMINARY LOCAL CLIMATOLOGICAL DATA (WS FORM: F-6)

                                          STATION:   BURLINGTON VT
                                          MONTH:     APRIL
                                          YEAR:      2014
                                          LATITUDE:   44 28 N
                                          LONGITUDE:  73  9 W

  TEMPERATURE IN F:       :PCPN:    SNOW:  WIND      :SUNSHINE: SKY     :PK WND
================================================================================
1   2   3   4   5  6A  6B    7    8   9   10  11  12  13   14  15   16   17  18
                                     12Z  AVG MX 2MIN
DY MAX MIN AVG DEP HDD CDD  WTR  SNW DPTH SPD SPD DIR MIN PSBL S-S WX    SPD DR
================================================================================

 1  43  27  35  -3  30   0 0.00  0.0    4  7.5 16 330   M    M   2        18 330
 2  54  33  44   6  21   0 0.00  0.0    2 10.1 17 190   M    M   3        24 200
 3  41  29  35  -4  30   0 0.00  0.0    1  7.9 17 360   M    M   3        21 360
 4  51  25  38  -2  27   0 0.09  0.0    0  7.7 25 150   M    M   4        34 140
 5  45  35  40   0  25   0    T  0.0    0 11.2 22 250   M    M  10 1      31 260
 6  53  31  42   2  23   0 0.00  0.0    0  6.2 16 290   M    M   4        24 280
 7  60  29  45   4  20   0 0.05  0.0    0  7.3 23 200   M    M   6        32 190
 8  58  39  49   8  16   0 0.26  0.0    0  9.5 24 180   M    M   9 1      31 190
 9  46  28  37  -5  28   0    T    T    0  9.7 24 330   M    M   5        32 320
10  63  25  44   2  21   0 0.00  0.0    0 17.3 29 190   M    M   4        40 180
11  63  36  50   7  15   0 0.06  0.0    0  7.2 25 190   M    M   6 1      33 190
12  63  31  47   4  18   0 0.00  0.0    0  5.9 17 340   M    M   5        24 230
13  64  43  54  10  11   0 0.28  0.0    0  8.6 22 340   M    M   8 1      27 330
14  81  48  65  21   0   0 0.06  0.0    0 17.8 32 190   M    M   6        45 170
15  67  26  47   2  18   0 1.67  2.6    0 13.6 28 310   M    M  10 1      36 180
16  33  22  28 -17  37   0 0.03  0.2    3 11.1 23 320   M    M   3        31 300
17  49  21  35 -11  30   0 0.00  0.0    0  7.0 16 130   M    M   4        21 130
18  54  31  43  -3  22   0 0.00  0.0    0 11.0 22 190   M    M   4        30 200
19  51  30  41  -5  24   0 0.09  0.0    0  9.0 20 330   M    M   7 1      24 340
20  61  27  44  -3  21   0 0.00  0.0    0  6.2 16 190   M    M   2        22 180
21  72  50  61  14   4   0    T  0.0    0 10.1 24 200   M    M   7        32 200
22  65  48  57   9   8   0 0.11  0.0    0  8.3 18 160   M    M   9 1      27 190
23  50  42  46  -2  19   0 0.04  0.0    0 15.0 26 330   M    M  10 1      35 340
================================================================================
SM 1287  756       468   0  2.74     2.8 225.2          M      131
================================================================================
AV 56.0 32.9                               9.8 FASTST   M    M   6    MAX(MPH)
                                 MISC ---->  # 32 190               # 45  170
================================================================================
NOTES:
# LAST OF SEVERAL OCCURRENCES

COLUMN 17 PEAK WIND IN M.P.H.

PRELIMINARY LOCAL CLIMATOLOGICAL DATA (WS FORM: F-6) , PAGE 2

                                          STATION:  BURLINGTON VT
                                          MONTH:    APRIL
                                          YEAR:     2014
                                          LATITUDE:   44 28 N
                                          LONGITUDE:  73  9 W

[TEMPERATURE DATA]      [PRECIPITATION DATA]       SYMBOLS USED IN COLUMN 16

AVERAGE MONTHLY: 44.4   TOTAL FOR MONTH:   2.74    1 = FOG OR MIST
DPTR FM NORMAL:   1.2   DPTR FM NORMAL:    0.62    2 = FOG REDUCING VISIBILITY
HIGHEST:    81 ON 14    GRTST 24HR  1.67 ON 15-15      TO 1/4 MILE OR LESS
LOWEST:     21 ON 17                               3 = THUNDER
                        SNOW, ICE PELLETS, HAIL    4 = ICE PELLETS
                        TOTAL MONTH:   2.8 INCHES  5 = HAIL
                        GRTST 24HR   2.6 ON   M    6 = FREEZING RAIN OR DRIZZLE
                        GRTST DEPTH:   4 ON  1     7 = DUSTSTORM OR SANDSTORM:
                                                       VSBY 1/2 MILE OR LESS
                                                   8 = SMOKE OR HAZE
[NO. OF DAYS WITH]      [WEATHER - DAYS WITH]      9 = BLOWING SNOW
                                                   X = TORNADO
MAX 32 OR BELOW:   0    0.01 INCH OR MORE:  11
MAX 90 OR ABOVE:   0    0.10 INCH OR MORE:   4
MIN 32 OR BELOW:  14    0.50 INCH OR MORE:   1
MIN  0 OR BELOW:   0    1.00 INCH OR MORE:   1

[HDD (BASE 65) ]
TOTAL THIS MO.   468    CLEAR  (SCALE 0-3)   5
DPTR FM NORMAL   -35    PTCLDY (SCALE 4-7)  12
TOTAL FM JUL 1  7255    CLOUDY (SCALE 8-10)  6
DPTR FM NORMAL   288

[CDD (BASE 65) ]
TOTAL THIS MO.     0
DPTR FM NORMAL     0    [PRESSURE DATA]
TOTAL FM JAN 1     0    HIGHEST SLP M ON M
DPTR FM NORMAL     0    LOWEST  SLP 29.30 ON  8

[REMARKS]
