000
CXUS51 KBUF 201205
CF6BUF
PRELIMINARY LOCAL CLIMATOLOGICAL DATA (WS FORM: F-6)

                                          STATION:   BUFFALO NY
                                          MONTH:     AUGUST
                                          YEAR:      2017
                                          LATITUDE:   42 55 N
                                          LONGITUDE:  78 44 W

  TEMPERATURE IN F:       :PCPN:    SNOW:  WIND      :SUNSHINE: SKY     :PK WND
================================================================================
1   2   3   4   5  6A  6B    7    8   9   10  11  12  13   14  15   16   17  18
                                     12Z  AVG MX 2MIN
DY MAX MIN AVG DEP HDD CDD  WTR  SNW DPTH SPD SPD DIR MIN PSBL S-S WX    SPD DR
================================================================================

 1  83  65  74   3   0   9 0.00  0.0    0  7.3 15 250   M    M   3        18 240
 2  84  62  73   2   0   8 0.00  0.0    0  8.6 17 260   M    M   3        23 250
 3  86  64  75   4   0  10 0.05  0.0    0  7.7 26 160   M    M   5 3      33 170
 4  83  66  75   4   0  10 1.25  0.0    0 11.3 41 230   M    M   9 13     53 220
 5  71  59  65  -6   0   0 0.22  0.0    0 13.0 25 280   M    M   7 1      34 240
 6  76  53  65  -6   0   0 0.00  0.0    0  9.6 20 220   M    M   5        26 240
 7  77  60  69  -2   0   4    T  0.0    0  3.9 18 360   M    M   7 3      21 350
 8  76  58  67  -4   0   2 0.00  0.0    0  9.1 18 240   M    M   3 1      24 240
 9  80  61  71   1   0   6 0.00  0.0    0 11.0 20 230   M    M   3        25 230
10  83  60  72   2   0   7 0.00  0.0    0  6.7 14 180   M    M   6        18 170
11  77  65  71   1   0   6 0.03  0.0    0  8.9 26 250   M    M   8 3      35 250
12  77  64  71   1   0   6 0.67  0.0    0 10.5 22 270   M    M   7 13     30 280
13  77  59  68  -2   0   3 0.00  0.0    0  5.8 14 250   M    M   5 1      20 250
14  82  60  71   1   0   6 0.00  0.0    0  4.9 12 280   M    M   6        14 290
15  79  63  71   1   0   6 0.09  0.0    0  5.8 20 350   M    M   5 13     22 350
16  78  62  70   0   0   5 0.00  0.0    0  5.1 12  20   M    M   5 1      15  30
17  82  61  72   2   0   7 0.27  0.0    0  6.7 14 190   M    M   7 1      18 210
18  81  72  77   7   0  12    T  0.0    0 15.2 26 230   M    M   6        37 230
19  76  64  70   0   0   5    T  0.0    0 10.9 23 240   M    M   7 1      29 240
================================================================================
SM 1508 1178         0 112  2.58     0.0 162.0          M      107
================================================================================
AV 79.4 62.0                               8.5 FASTST   M    M   6    MAX(MPH)
                                 MISC ---->  # 41 230               # 53  220
================================================================================
NOTES:
# LAST OF SEVERAL OCCURRENCES

COLUMN 17 PEAK WIND IN M.P.H.

PRELIMINARY LOCAL CLIMATOLOGICAL DATA (WS FORM: F-6) , PAGE 2

                                          STATION:  BUFFALO NY
                                          MONTH:    AUGUST
                                          YEAR:     2017
                                          LATITUDE:   42 55 N
                                          LONGITUDE:  78 44 W

[TEMPERATURE DATA]      [PRECIPITATION DATA]       SYMBOLS USED IN COLUMN 16

AVERAGE MONTHLY: 70.7   TOTAL FOR MONTH:   2.58    1 = FOG OR MIST
DPTR FM NORMAL:   0.3   DPTR FM NORMAL:    0.55    2 = FOG REDUCING VISIBILITY
HIGHEST:    86 ON  3    GRTST 24HR  1.25 ON  4- 4      TO 1/4 MILE OR LESS
LOWEST:     53 ON  6                               3 = THUNDER
                        SNOW, ICE PELLETS, HAIL    4 = ICE PELLETS
                        TOTAL MONTH:   0.0 INCH    5 = HAIL
                        GRTST 24HR     0.0         6 = FREEZING RAIN OR DRIZZLE
                        GRTST DEPTH:   0           7 = DUSTSTORM OR SANDSTORM:
                                                       VSBY 1/2 MILE OR LESS
                                                   8 = SMOKE OR HAZE
[NO. OF DAYS WITH]      [WEATHER - DAYS WITH]      9 = BLOWING SNOW
                                                   X = TORNADO
MAX 32 OR BELOW:   0    0.01 INCH OR MORE:   7
MAX 90 OR ABOVE:   0    0.10 INCH OR MORE:   4
MIN 32 OR BELOW:   0    0.50 INCH OR MORE:   2
MIN  0 OR BELOW:   0    1.00 INCH OR MORE:   1

[HDD (BASE 65) ]
TOTAL THIS MO.     0    CLEAR  (SCALE 0-3)   4
DPTR FM NORMAL    -4    PTCLDY (SCALE 4-7)  14
TOTAL FM JUL 1     1    CLOUDY (SCALE 8-10)  1
DPTR FM NORMAL   -12

[CDD (BASE 65) ]
TOTAL THIS MO.   112
DPTR FM NORMAL     3    [PRESSURE DATA]
TOTAL FM JAN 1   445    HIGHEST SLP M ON M
DPTR FM NORMAL    10    LOWEST  SLP 29.71 ON 18

[REMARKS]
