000
CXUS51 KBUF 251205
CF6BUF
PRELIMINARY LOCAL CLIMATOLOGICAL DATA (WS FORM: F-6)

                                          STATION:   BUFFALO NY
                                          MONTH:     JULY
                                          YEAR:      2016
                                          LATITUDE:   42 55 N
                                          LONGITUDE:  78 44 W

  TEMPERATURE IN F:       :PCPN:    SNOW:  WIND      :SUNSHINE: SKY     :PK WND
================================================================================
1   2   3   4   5  6A  6B    7    8   9   10  11  12  13   14  15   16   17  18
                                     12Z  AVG MX 2MIN
DY MAX MIN AVG DEP HDD CDD  WTR  SNW DPTH SPD SPD DIR MIN PSBL S-S WX    SPD DR
================================================================================

 1  75  58  67  -3   0   2    T  0.0    0 12.9 29 250   M    M   6        37 260
 2  74  55  65  -5   0   0    T  0.0    0 12.4 26 240   M    M   4        33 230
 3  78  57  68  -2   0   3 0.00  0.0    0  9.7 21 240   M    M   5        26 240
 4  87  56  72   2   0   7 0.00  0.0    0  5.8 16 360   M    M   4        23 170
 5  81  70  76   5   0  11 0.00  0.0    0 11.9 21 240   M    M   5        27 240
 6  87  68  78   7   0  13 0.01  0.0    0  9.0 17 240   M    M   6        24 230
 7  85  71  78   7   0  13    T  0.0    0 10.1 22 240   M    M   7        28 240
 8  84  70  77   6   0  12 0.03  0.0    0  7.2 15 220   M    M   7 1      24 260
 9  78  65  72   1   0   7 0.71  0.0    0 13.9 31 240   M    M   7 18     39 240
10  81  63  72   1   0   7    T  0.0    0  9.9 18 320   M    M   7        26 310
11  84  61  73   2   0   8 0.00  0.0    0  4.2 10  40   M    M   4        13 350
12  90  67  79   8   0  14 0.00  0.0    0  7.5 16 220   M    M   4        21 230
13  87  74  81  10   0  16 0.00  0.0    0 12.7 22 220   M    M   2        27 210
14  83  72  78   7   0  13    T  0.0    0 17.3 43 230   M    M   5 1      62 250
15  81  66  74   3   0   9 0.00  0.0    0 14.3 31 230   M    M   6        45 230
16  77  62  70  -1   0   5 0.00  0.0    0  6.2 16 210   M    M   6        22 230
17  82  60  71   0   0   6    T  0.0    0  8.8 20 260   M    M   5        25 260
18  85  71  78   7   0  13 0.01  0.0    0 16.2 28 240   M    M   6 3      37 230
19  78  61  70  -1   0   5 0.00  0.0    0  6.8 18 320   M    M   5        22 330
20  82  55  69  -2   0   4 0.00  0.0    0  5.2 14 250   M    M   3        18 270
21  87  60  74   3   0   9 0.00  0.0    0 11.7 20 240   M    M   5        26 240
22  85  75  80   9   0  15    T  0.0    0 15.2 25 240   M    M   5 18     34 250
23  91  70  81  10   0  16 0.00  0.0    0  8.3 22 280   M    M   2 1      26 260
24  89  66  78   7   0  13 0.00  0.0    0  4.9 15 260   M    M   7        18 250
================================================================================
SM 1991 1553         0 221  0.76     0.0 242.1          M      123
================================================================================
AV 83.0 64.7                              10.1 FASTST   M    M   5    MAX(MPH)
                                 MISC ---->  # 43 230               # 62  250
================================================================================
NOTES:
# LAST OF SEVERAL OCCURRENCES

COLUMN 17 PEAK WIND IN M.P.H.

PRELIMINARY LOCAL CLIMATOLOGICAL DATA (WS FORM: F-6) , PAGE 2

                                          STATION:  BUFFALO NY
                                          MONTH:    JULY
                                          YEAR:     2016
                                          LATITUDE:   42 55 N
                                          LONGITUDE:  78 44 W

[TEMPERATURE DATA]      [PRECIPITATION DATA]       SYMBOLS USED IN COLUMN 16

AVERAGE MONTHLY: 73.8   TOTAL FOR MONTH:   0.76    1 = FOG OR MIST
DPTR FM NORMAL:   3.0   DPTR FM NORMAL:   -1.67    2 = FOG REDUCING VISIBILITY
HIGHEST:    91 ON 23    GRTST 24HR  0.71 ON  9- 9      TO 1/4 MILE OR LESS
LOWEST:     55 ON 20, 2                            3 = THUNDER
                        SNOW, ICE PELLETS, HAIL    4 = ICE PELLETS
                        TOTAL MONTH:   0.0 INCH    5 = HAIL
                        GRTST 24HR     0.0         6 = FREEZING RAIN OR DRIZZLE
                        GRTST DEPTH:   0           7 = DUSTSTORM OR SANDSTORM:
                                                       VSBY 1/2 MILE OR LESS
                                                   8 = SMOKE OR HAZE
[NO. OF DAYS WITH]      [WEATHER - DAYS WITH]      9 = BLOWING SNOW
                                                   X = TORNADO
MAX 32 OR BELOW:   0    0.01 INCH OR MORE:   4
MAX 90 OR ABOVE:   2    0.10 INCH OR MORE:   1
MIN 32 OR BELOW:   0    0.50 INCH OR MORE:   1
MIN  0 OR BELOW:   0    1.00 INCH OR MORE:   0

[HDD (BASE 65) ]
TOTAL THIS MO.     0    CLEAR  (SCALE 0-3)   2
DPTR FM NORMAL    -2    PTCLDY (SCALE 4-7)  22
TOTAL FM JUL 1     0    CLOUDY (SCALE 8-10)  0
DPTR FM NORMAL    -2

[CDD (BASE 65) ]
TOTAL THIS MO.   221
DPTR FM NORMAL    64    [PRESSURE DATA]
TOTAL FM JAN 1   408    HIGHEST SLP M ON M
DPTR FM NORMAL   122    LOWEST  SLP 29.68 ON  9

[REMARKS]
