000
CXUS54 KTSA 220940
CF6BVO
PRELIMINARY LOCAL CLIMATOLOGICAL DATA (WS FORM: F-6)

                                          STATION:   BARTLESVILLE OKLAHOMA
                                          MONTH:     JANUARY
                                          YEAR:      2018
                                          LATITUDE:   36 45 N
                                          LONGITUDE:  96  0 W

  TEMPERATURE IN F:       :PCPN:    SNOW:  WIND      :SUNSHINE: SKY     :PK WND
================================================================================
1   2   3   4   5  6A  6B    7    8   9   10  11  12  13   14  15   16   17  18
                                     12Z  AVG MX 2MIN
DY MAX MIN AVG DEP HDD CDD  WTR  SNW DPTH SPD SPD DIR MIN PSBL S-S WX    SPD DR
================================================================================

 1  16   0   8 -26  57   0 0.00  0.0    0  5.4 15  10   M    M   0        18  10
 2  26   9  18 -16  47   0 0.00  0.0    0  2.8  9 230   M    M   2        13 230
 3  38   9  24 -10  41   0 0.00  0.0    0  2.7 16  20   M    M   0        22 360
 4  37  10  24 -10  41   0 0.00  0.0    0  2.1  8  20   M    M   0        11 150
 5  47  10  29  -5  36   0 0.00  0.0    0  3.4 13  20   M    M   0        16  20
 6  48  17  33  -1  32   0 0.00  0.0    0  7.0 16 160   M    M   0        21 160
 7  41  31  36   2  29   0 0.26  0.0    0  6.8 20 150   M    M   9 12     26 160
 8  54  26  40   6  25   0 0.00  0.0    0  1.7 13  20   M    M   0 1      14  10
 9  46  21  34   0  31   0 0.00  0.0    0  7.7 21 150   M    M   6 18     26 160
10  60  42  51  17  14   0 0.00  0.0    0 14.1 23 160   M    M   5        31 170
11  54  17  36   2  29   0 0.00  0.0    0  9.0 21 360   M    M   7        31 360
12  29  11  20 -15  45   0 0.00  0.0    0  7.7 16  10   M    M   3        22 360
13  30  18  24 -11  41   0 0.00  0.0    0  6.0 15  10   M    M   9        22 360
14  46  23  35   0  30   0 0.00  0.0    0  5.7 18 220   M    M   6        25 220
15  40   7  24 -11  41   0 0.04    M    0 10.5 30  20   M    M   7 1      38  10
16  16  -1   8 -27  57   0 0.00  0.0    0  3.4 15  10   M    M   0        23 360
17  30  -2  14 -21  51   0 0.00  0.0    0  2.9 12 150   M    M   0        15 140
18  52   8  30  -5  35   0 0.00  0.0    0  8.0 20 210   M    M   0        27 210
19  57  19  38   3  27   0 0.00  0.0    0  8.8 18 180   M    M   0        27 190
20  68  45  57  22   8   0 0.00  0.0    0 12.0 21 180   M    M   5        31 180
21  71  51  61  26   4   0 0.00  0.0    0 10.4 25 210   M    M   5        34 190
================================================================================
SM  906  371       721   0  0.30     0.0 138.1          M       64
================================================================================
AV 43.1 17.7                               6.6 FASTST   M    M   3    MAX(MPH)
                                 MISC ---->  # 30  20               # 38   10
================================================================================
NOTES:
# LAST OF SEVERAL OCCURRENCES

COLUMN 17 PEAK WIND IN M.P.H.

PRELIMINARY LOCAL CLIMATOLOGICAL DATA (WS FORM: F-6) , PAGE 2

                                          STATION:  BARTLESVILLE OKLAHOMA
                                          MONTH:    JANUARY
                                          YEAR:     2018
                                          LATITUDE:   36 45 N
                                          LONGITUDE:  96  0 W

[TEMPERATURE DATA]      [PRECIPITATION DATA]       SYMBOLS USED IN COLUMN 16

AVERAGE MONTHLY: 30.4   TOTAL FOR MONTH:   0.30    1 = FOG OR MIST
DPTR FM NORMAL:  -4.1   DPTR FM NORMAL:   -0.79    2 = FOG REDUCING VISIBILITY
HIGHEST:    71 ON 21    GRTST 24HR  0.26 ON  7- 7      TO 1/4 MILE OR LESS
LOWEST:     -2 ON 17                               3 = THUNDER
                        SNOW, ICE PELLETS, HAIL    4 = ICE PELLETS
                        TOTAL MONTH:   0.0 INCH    5 = HAIL
                        GRTST 24HR     0.0         6 = FREEZING RAIN OR DRIZZLE
                        GRTST DEPTH:   0           7 = DUSTSTORM OR SANDSTORM:
                                                       VSBY 1/2 MILE OR LESS
                                                   8 = SMOKE OR HAZE
[NO. OF DAYS WITH]      [WEATHER - DAYS WITH]      9 = BLOWING SNOW
                                                   X = TORNADO
MAX 32 OR BELOW:   6    0.01 INCH OR MORE:   2
MAX 90 OR ABOVE:   0    0.10 INCH OR MORE:   1
MIN 32 OR BELOW:  18    0.50 INCH OR MORE:   0
MIN  0 OR BELOW:   3    1.00 INCH OR MORE:   0

[HDD (BASE 65) ]
TOTAL THIS MO.   721    CLEAR  (SCALE 0-3)  12
DPTR FM NORMAL    81    PTCLDY (SCALE 4-7)   7
TOTAL FM JUL 1  2211    CLOUDY (SCALE 8-10)  2
DPTR FM NORMAL   -71

[CDD (BASE 65) ]
TOTAL THIS MO.     0
DPTR FM NORMAL     0    [PRESSURE DATA]
TOTAL FM JAN 1     0    HIGHEST SLP M ON M
DPTR FM NORMAL     0    LOWEST  SLP 29.57 ON 21

[REMARKS]
