000
CXUS54 KLZK 251130
CF6BVX
PRELIMINARY LOCAL CLIMATOLOGICAL DATA (WS FORM: F-6)

                                          STATION:   Batesville Regional Airport
                                          MONTH:     AUGUST
                                          YEAR:      2016
                                          LATITUDE:   35 43 N
                                          LONGITUDE:  91 39 W

  TEMPERATURE IN F:       :PCPN:    SNOW:  WIND      :SUNSHINE: SKY     :PK WND
================================================================================
1   2   3   4   5  6A  6B    7    8   9   10  11  12  13   14  15   16   17  18
                                     12Z  AVG MX 2MIN
DY MAX MIN AVG DEP HDD CDD  WTR  SNW DPTH SPD SPD DIR MIN PSBL S-S WX    SPD DR
================================================================================

 1  95  75  85   4   0  20 0.00  0.0    0  4.7 14 240   M    M   0 3       M  M
 2  99  75  87   6   0  22 0.00  0.0    0  3.0  7 320   M    M   0         M  M
 3  97  75  86   5   0  21 0.00  0.0    0  2.5  7  80   M    M   2         M  M
 4  99  75  87   6   0  22 0.00  0.0    0  2.8 10 280   M    M   1        16 280
 5  97  73  85   4   0  20 0.05  0.0    0  2.4  7 330   M    M   2 3      16 330
 6  84  73  79  -2   0  14 0.72  0.0    0  3.6  8 320   M    M   4 3       M  M
 7  90  73  82   1   0  17 0.03  0.0    0  2.6  9  80   M    M   6         M  M
 8  88  72  80  -1   0  15 0.02  0.0    0  1.6  5 280   M    M   5         M  M
 9  95  72  84   3   0  19 0.00  0.0    0  1.8  7 100   M    M   1         M  M
10  97  73  85   5   0  20 0.00  0.0    0  2.4  7  80   M    M   2         M  M
11  93  73  83   3   0  18 0.00  0.0    0  2.5 10 110   M    M   1        18 110
12  95  73  84   4   0  19 0.05  0.0    0  2.9  8 120   M    M   3 3       M  M
13  77  73  75  -5   0  10 0.77  0.0    0  3.0  8 140   M    M   9 3       M  M
14  75  72  74  -6   0   9 1.74  0.0    0  7.0 10  90   M    M  10         M  M
15  77  68  73  -7   0   8 2.64  0.0    0  5.1 14 140   M    M  10        23 140
16  77  68  73  -7   0   8 0.58  0.0    0  1.3  7 110   M    M   9         M  M
17  82  72  77  -3   0  12 0.00  0.0    0  2.8  9 190   M    M   8         M  M
18  79  73  76  -4   0  11 0.00  0.0    0  1.9  6  90   M    M   9         M  M
19  86  75  81   1   0  16 0.00  0.0    0  4.7 10 170   M    M   7        16 170
20  82  73  78  -2   0  13 0.00  0.0    0  4.7 12 140   M    M   8         M  M
21  82  64  73  -6   0   8 0.00  0.0    0  3.4  7 310   M    M   3         M  M
22  84  61  73  -6   0   8 0.00  0.0    0  4.7 12  80   M    M   3         M  M
23  90  70  80   1   0  15 0.01  0.0    0  4.9  9 170   M    M   5         M  M
24  93  75  84   5   0  19 0.00  0.0    0  5.6 13 230   M    M   2         M  M
================================================================================
SM 2113 1726         0 364  6.61     0.0  81.9          M      110
================================================================================
AV 88.0 71.9                               3.4 FASTST   M    M   5    MAX(MPH)
                                 MISC ---->    14   M               # 23  140
================================================================================
NOTES:
# LAST OF SEVERAL OCCURRENCES

COLUMN 17 PEAK WIND IN M.P.H.

PRELIMINARY LOCAL CLIMATOLOGICAL DATA (WS FORM: F-6) , PAGE 2

                                          STATION:  Batesville Regional Airport
                                          MONTH:    AUGUST
                                          YEAR:     2016
                                          LATITUDE:   35 43 N
                                          LONGITUDE:  91 39 W

[TEMPERATURE DATA]      [PRECIPITATION DATA]       SYMBOLS USED IN COLUMN 16

AVERAGE MONTHLY: 80.0   TOTAL FOR MONTH:   6.61    1 = FOG OR MIST
DPTR FM NORMAL:  -0.2   DPTR FM NORMAL:    4.30    2 = FOG REDUCING VISIBILITY
HIGHEST:    99 ON  4, 2 GRTST 24HR  2.64 ON 15-15      TO 1/4 MILE OR LESS
LOWEST:     61 ON 22                               3 = THUNDER
                        SNOW, ICE PELLETS, HAIL    4 = ICE PELLETS
                        TOTAL MONTH:   0.0 INCH    5 = HAIL
                        GRTST 24HR     0.0         6 = FREEZING RAIN OR DRIZZLE
                        GRTST DEPTH:   0           7 = DUSTSTORM OR SANDSTORM:
                                                       VSBY 1/2 MILE OR LESS
                                                   8 = SMOKE OR HAZE
[NO. OF DAYS WITH]      [WEATHER - DAYS WITH]      9 = BLOWING SNOW
                                                   X = TORNADO
MAX 32 OR BELOW:   0    0.01 INCH OR MORE:  10
MAX 90 OR ABOVE:  12    0.10 INCH OR MORE:   5
MIN 32 OR BELOW:   0    0.50 INCH OR MORE:   5
MIN  0 OR BELOW:   0    1.00 INCH OR MORE:   2

[HDD (BASE 65) ]
TOTAL THIS MO.     0    CLEAR  (SCALE 0-3)  11
DPTR FM NORMAL     0    PTCLDY (SCALE 4-7)   7
TOTAL FM JUL 1     0    CLOUDY (SCALE 8-10)  6
DPTR FM NORMAL     0

[CDD (BASE 65) ]
TOTAL THIS MO.   364
DPTR FM NORMAL    -1    [PRESSURE DATA]
TOTAL FM JAN 1  1530    HIGHEST SLP M ON M
DPTR FM NORMAL   147    LOWEST  SLP M ON M

[REMARKS]
