000
CXUS53 KLMK 011027
CF6BWG
PRELIMINARY LOCAL CLIMATOLOGICAL DATA (WS FORM: F-6)

                                          STATION:   BOWLING GREEN KY
                                          MONTH:     APRIL
                                          YEAR:      2016
                                          LATITUDE:   36 58 N
                                          LONGITUDE:  86 26 W

  TEMPERATURE IN F:       :PCPN:    SNOW:  WIND      :SUNSHINE: SKY     :PK WND
================================================================================
1   2   3   4   5  6A  6B    7    8   9   10  11  12  13   14  15   16   17  18
                                     12Z  AVG MX 2MIN
DY MAX MIN AVG DEP HDD CDD  WTR  SNW DPTH SPD SPD DIR MIN PSBL S-S WX    SPD DR
================================================================================

 1  67  51  59   6   6   0 0.01  0.0    0  7.5 21 260   M    M   1        28 270
 2  62  42  52  -2  13   0 0.00  0.0    0 12.2 28 260   M    M   2        43 280
 3  66  32  49  -5  16   0 0.00  0.0    0  6.8 16 210   M    M   0        21 190
 4  75  42  59   5   6   0 0.00  0.0    0 10.8 21 270   M    M   1        29 260
 5  56  34  45  -9  20   0 0.00  0.0    0  5.7 14  80   M    M   1        21 120
 6  67  36  52  -3  13   0 0.08  0.0    0 12.6 35 200   M    M   4 1      44 190
 7  61  45  53  -2  12   0 0.00  0.0    0  9.6 30 280   M    M   4        40 270
 8  55  37  46  -9  19   0    T  0.0    0  8.3 22 260   M    M   8 1      29 250
 9  51  33  42 -14  23   0 0.00  0.0    0  5.9 17 300   M    M   1        27 330
10  68  34  51  -5  14   0    T  0.0    0 11.2 23 180   M    M   5        33 180
11  71  49  60   4   5   0 0.42  0.0    0 15.0 26 210   M    M   8 1      36 190
12  62  39  51  -6  14   0 0.00  0.0    0  6.7 17  40   M    M   1        21  60
13  70  37  54  -3  11   0 0.00  0.0    0  5.1 13  60   M    M   1        16  70
14  76  46  61   4   4   0 0.08  0.0    0  2.9 12  80   M    M   5 3      19 100
15  77  56  67   9   0   2 0.00  0.0    0  4.4 13 200   M    M   4        17 180
16  77  48  63   5   2   0 0.00  0.0    0  3.6 14 100   M    M   0        21 140
17  81  45  63   5   2   0 0.00  0.0    0  2.4 12  90   M    M   0        16 100
18  82  46  64   6   1   0 0.00  0.0    0  1.8  9 260   M    M   0        13 240
19  82  52  67   8   0   2 0.00  0.0    0  2.5 12 210   M    M   1        15 240
20  84  57  71  12   0   6 0.00  0.0    0  5.5 17 190   M    M   2        21 190
21  77  59  68   9   0   3 0.20  0.0    0  8.5 23 270   M    M   4 1      30 260
22  72  56  64   4   1   0 0.04  0.0    0  6.0 16 290   M    M   6 1      24 240
23  73  50  62   2   3   0 0.00  0.0    0  3.5 12  40   M    M   4 18     14  40
24  80  45  63   3   2   0 0.00  0.0    0  2.9 13 170   M    M   0 12     16 170
25  84  57  71  11   0   6 0.00  0.0    0  7.6 21 200   M    M   4        26 210
26  87  64  76  15   0  11 0.19  0.0    0  8.6 25 300   M    M   3 13     35 300
27  83  61  72  11   0   7 0.20  0.0    0  6.3 23 240   M    M   6 138    35 230
28  81  57  69   8   0   4 0.02  0.0    0  7.4 21 250   M    M   5 13     26 250
29  75  53  64   2   1   0    T  0.0    0  3.6 10  70   M    M   3        14  60
30  73  60  67   5   0   2 0.29  0.0    0  5.2 14 130   M    M   8 13     18 140
================================================================================
SM 2175 1423       188  43  1.53     0.0 200.1          M       92
================================================================================
AV 72.5 47.4                               6.7 FASTST   M    M   3    MAX(MPH)
                                 MISC ---->  # 35 200               # 44  190
================================================================================
NOTES:
# LAST OF SEVERAL OCCURRENCES

COLUMN 17 PEAK WIND IN M.P.H.

PRELIMINARY LOCAL CLIMATOLOGICAL DATA (WS FORM: F-6) , PAGE 2

                                          STATION:  BOWLING GREEN KY
                                          MONTH:    APRIL
                                          YEAR:     2016
                                          LATITUDE:   36 58 N
                                          LONGITUDE:  86 26 W

[TEMPERATURE DATA]      [PRECIPITATION DATA]       SYMBOLS USED IN COLUMN 16

AVERAGE MONTHLY: 60.0   TOTAL FOR MONTH:   1.53    1 = FOG OR MIST
DPTR FM NORMAL:   2.3   DPTR FM NORMAL:   -2.81    2 = FOG REDUCING VISIBILITY
HIGHEST:    87 ON 26    GRTST 24HR  1.22 ON 31- 1      TO 1/4 MILE OR LESS
LOWEST:     32 ON  3                               3 = THUNDER
                        SNOW, ICE PELLETS, HAIL    4 = ICE PELLETS
                        TOTAL MONTH:   0.0 INCH    5 = HAIL
                        GRTST 24HR     0.0         6 = FREEZING RAIN OR DRIZZLE
                        GRTST DEPTH:   0           7 = DUSTSTORM OR SANDSTORM:
                                                       VSBY 1/2 MILE OR LESS
                                                   8 = SMOKE OR HAZE
[NO. OF DAYS WITH]      [WEATHER - DAYS WITH]      9 = BLOWING SNOW
                                                   X = TORNADO
MAX 32 OR BELOW:   0    0.01 INCH OR MORE:  10
MAX 90 OR ABOVE:   0    0.10 INCH OR MORE:   5
MIN 32 OR BELOW:   1    0.50 INCH OR MORE:   0
MIN  0 OR BELOW:   0    1.00 INCH OR MORE:   0

[HDD (BASE 65) ]
TOTAL THIS MO.   188    CLEAR  (SCALE 0-3)  15
DPTR FM NORMAL   -63    PTCLDY (SCALE 4-7)  15
TOTAL FM JUL 1  3137    CLOUDY (SCALE 8-10)  0
DPTR FM NORMAL  -832

[CDD (BASE 65) ]
TOTAL THIS MO.    43
DPTR FM NORMAL    12    [PRESSURE DATA]
TOTAL FM JAN 1    44    HIGHEST SLP 30.43 ON  5
DPTR FM NORMAL     8    LOWEST  SLP 29.65 ON  1

[REMARKS]
#FINAL-04-16#
