000
CXUS53 KLMK 011538
CF6BWG
PRELIMINARY LOCAL CLIMATOLOGICAL DATA (WS FORM: F-6)

                                          STATION:   BOWLING GREEN KY
                                          MONTH:     AUGUST
                                          YEAR:      2015
                                          LATITUDE:   36 58 N
                                          LONGITUDE:  86 26 W

  TEMPERATURE IN F:       :PCPN:    SNOW:  WIND      :SUNSHINE: SKY     :PK WND
================================================================================
1   2   3   4   5  6A  6B    7    8   9   10  11  12  13   14  15   16   17  18
                                     12Z  AVG MX 2MIN
DY MAX MIN AVG DEP HDD CDD  WTR  SNW DPTH SPD SPD DIR MIN PSBL S-S WX    SPD DR
================================================================================

 1  91  65  78   0   0  13 0.00  0.0    0  3.3 13 300   M    M   1        19 350
 2  90  60  75  -3   0  10 0.00  0.0    0  2.4 10  80   M    M   0 1      12  90
 3  94  66  80   2   0  15 0.00  0.0    0  6.4 16 250   M    M   1        21 250
 4  95  72  84   6   0  19 0.00  0.0    0  5.5 16 230   M    M   1 3      22 220
 5  85  71  78   0   0  13 0.06  0.0    0  5.2 20 290   M    M   4 3      28 290
 6  77  71  74  -4   0   9 0.48  0.0    0  6.0 17 220   M    M  10 18     21 220
 7  85  65  75  -3   0  10 0.00  0.0    0  2.7  9  50   M    M  10 1      12  20
 8  85  65  75  -3   0  10 0.00  0.0    0  2.5  9  20   M    M   6 12     12  30
 9  89  66  78   0   0  13 0.00  0.0    0  3.0 10 120   M    M   1 12     15 130
10  87  74  81   3   0  16 0.01  0.0    0  5.0 15 270   M    M   4        18 270
11  89  69  79   1   0  14 0.00  0.0    0  4.6 12  20   M    M   4 18     16 320
12  85  63  74  -4   0   9 0.00  0.0    0  3.6 16  30   M    M   1 1      22  40
13  86  59  73  -5   0   8 0.00  0.0    0  3.3 14  40   M    M   1        19  10
14  87  59  73  -5   0   8 0.00  0.0    0  4.0 13  60   M    M   0 1      17  60
15  89  66  78   0   0  13 0.54  0.0    0  2.8 26 200   M    M   3 13     33 210
16  89  64  77  -1   0  12 0.21  0.0    0  2.2 16 110   M    M   2 123    21 120
17  80  69  75  -3   0  10 0.01  0.0    0  4.4 13 140   0    0   0        17 160
18  89  69  79   1   0  14 0.00  0.0    0  3.5  M   M   M    M   5 128     M  M
19  87  74  81   3   0  16 0.18  0.0    0  9.2 25 180   0    0   0        36 180
20  82  60  71  -6   0   6 0.05  0.0    0  4.1 13 240   M    M   3 1      16 280
21  82  56  69  -8   0   4 0.00  0.0    0  3.2 12  40   M    M   0 1      24  50
22  87  59  73  -4   0   8    T  0.0    0  2.3  9 100   M    M   2 1      14 130
23  90  70  80   3   0  15 0.00  0.0    0  5.0 13 260   M    M   5        18 340
24  82  59  71  -6   0   6 0.00  0.0    0  4.2 15 270   M    M   0        19 270
25  79  53  66 -11   0   1 0.00  0.0    0  3.2 13 310   M    M   1        17 270
26  81  53  67  -9   0   2 0.00  0.0    0  1.5 12  50   M    M   2 1      16  30
27  83  54  69  -7   0   4 0.00  0.0    0  5.5 17  40   M    M   1 1      24  50
28  88  56  72  -4   0   7 0.00  0.0    0  3.4 12 120   M    M   1        14 120
29  88  64  76   0   0  11 0.00  0.0    0  6.8 18 170   M    M   2 13     23 160
30  88  65  77   1   0  12 0.00  0.0    0  5.2 15 220   M    M   2 1      21 170
31  89  62  76   1   0  11 0.00  0.0    0  2.4 10 120   M    M   0 12     15 110
================================================================================
SM 2678 1978         0 319  1.54     0.0 126.4            0     73
================================================================================
AV 86.4 63.8                               4.1 FASTST    0   0   2    MAX(MPH)
                                 MISC ---->  # 26 200               # 36  180
================================================================================
NOTES:
# LAST OF SEVERAL OCCURRENCES

COLUMN 17 PEAK WIND IN M.P.H.

PRELIMINARY LOCAL CLIMATOLOGICAL DATA (WS FORM: F-6) , PAGE 2

                                          STATION:  BOWLING GREEN KY
                                          MONTH:    AUGUST
                                          YEAR:     2015
                                          LATITUDE:   36 58 N
                                          LONGITUDE:  86 26 W

[TEMPERATURE DATA]      [PRECIPITATION DATA]       SYMBOLS USED IN COLUMN 16

AVERAGE MONTHLY: 75.1   TOTAL FOR MONTH:   1.54    1 = FOG OR MIST
DPTR FM NORMAL:  -2.4   DPTR FM NORMAL:   -1.79    2 = FOG REDUCING VISIBILITY
HIGHEST:    95 ON  4    GRTST 24HR  0.64 ON 15-16      TO 1/4 MILE OR LESS
LOWEST:     53 ON 26,25                            3 = THUNDER
                        SNOW, ICE PELLETS, HAIL    4 = ICE PELLETS
                        TOTAL MONTH:   0.0 INCH    5 = HAIL
                        GRTST 24HR     0.0         6 = FREEZING RAIN OR DRIZZLE
                        GRTST DEPTH:   0           7 = DUSTSTORM OR SANDSTORM:
                                                       VSBY 1/2 MILE OR LESS
                                                   8 = SMOKE OR HAZE
[NO. OF DAYS WITH]      [WEATHER - DAYS WITH]      9 = BLOWING SNOW
                                                   X = TORNADO
MAX 32 OR BELOW:   0    0.01 INCH OR MORE:   8
MAX 90 OR ABOVE:   5    0.10 INCH OR MORE:   4
MIN 32 OR BELOW:   0    0.50 INCH OR MORE:   1
MIN  0 OR BELOW:   0    1.00 INCH OR MORE:   0

[HDD (BASE 65) ]
TOTAL THIS MO.     0    CLEAR  (SCALE 0-3)  22
DPTR FM NORMAL    -1    PTCLDY (SCALE 4-7)   7
TOTAL FM JUL 1     0    CLOUDY (SCALE 8-10)  2
DPTR FM NORMAL    -1

[CDD (BASE 65) ]
TOTAL THIS MO.   319
DPTR FM NORMAL   -69    [PRESSURE DATA]
TOTAL FM JAN 1  1383    HIGHEST SLP 30.19 ON 16
DPTR FM NORMAL   114    LOWEST  SLP 29.77 ON  6

[REMARKS]
#FINAL-08-15#
