000
CXUS51 KLWX 260620
CF6BWI
PRELIMINARY LOCAL CLIMATOLOGICAL DATA (WS FORM: F-6)

                                          STATION:   BALTIMORE MD
                                          MONTH:     MAY
                                          YEAR:      2016
                                          LATITUDE:   39 10 N
                                          LONGITUDE:  76 40 W

  TEMPERATURE IN F:       :PCPN:    SNOW:  WIND      :SUNSHINE: SKY     :PK WND
================================================================================
1   2   3   4   5  6A  6B    7    8   9   10  11  12  13   14  15   16   17  18
                                     12Z  AVG MX 2MIN
DY MAX MIN AVG DEP HDD CDD  WTR  SNW DPTH SPD SPD DIR MIN PSBL S-S WX    SPD DR
================================================================================

 1  55  49  52  -6  13   0 0.47  0.0    0  6.4 12 100   M    M   9 1      14 110
 2  72  53  63   4   2   0 0.57  0.0    0  6.6 16 100   M    M   9 1238   19  90
 3  67  56  62   3   3   0 0.07  0.0    0  7.3 16 100   M    M  10 18     18  80
 4  56  50  53  -6  12   0 0.07  0.0    0  9.4 16  80   M    M  10 18     19  70
 5  56  49  53  -7  12   0 0.03  0.0    0  7.2 15  30   M    M   9 1      19  40
 6  53  50  52  -8  13   0 1.11  0.0    0  4.4 16  60   M    M  10 1      19  60
 7  65  48  57  -3   8   0 0.09  0.0    0  4.4 10 120   M    M   7 1      15 340
 8  70  46  58  -3   7   0 0.01  0.0    0  8.9 25 300   M    M   6        34 300
 9  66  41  54  -7  11   0    T  0.0    0  5.2 16 250   M    M   8        22 240
10  59  52  56  -5   9   0 0.13  0.0    0  6.8 16  60   M    M   9 13     20  60
11  57  51  54  -7  11   0 0.89  0.0    0  3.4  9  30   M    M   9 138    12  30
12  66  56  61  -1   4   0 0.00  0.0    0  2.6  7 150   M    M  10 1      10 190
13  76  53  65   3   0   0 0.07  0.0    0  5.3 16 310   M    M   8 18     23 280
14  76  49  63   1   2   0 0.12  0.0    0  8.1 28 290   M    M   5 1      40 310
15  60  42  51 -12  14   0 0.00  0.0    0 14.1 30 270   M    M   5        40 270
16  66  37  52 -11  13   0 0.00  0.0    0  8.4 21 290   M    M   5        27 280
17  56  51  54  -9  11   0 0.23  0.0    0  1.8  9 350   M    M   9 1      18 340
18  65  51  58  -6   7   0    T  0.0    0  5.6 18  60   M    M  10 1      21  40
19  73  52  63  -1   2   0    T  0.0    0  2.9 16 120   M    M   7        20 120
20  75  45  60  -4   5   0 0.00  0.0    0  4.2 13 140   M    M   6 1      18  40
21  62  53  58  -6   7   0 0.44  0.0    0  8.1 17  70   M    M  10 1      22  10
22  60  52  56  -9   9   0 0.18  0.0    0  5.8 13 320   M    M  10 1      20 340
23  75  55  65   0   0   0 0.43  0.0    0  5.1 25  70   M    M   8 13     37 360
24  82  56  69   4   0   4 0.01  0.0    0  8.8 21 290   M    M   5 1      26 290
25  86  60  73   7   0   8 0.00  0.0    0  6.4 14 280   M    M   6        19 330
================================================================================
SM 1654 1257       175  12  4.92     0.0 157.2          M      200
================================================================================
AV 66.2 50.3                               6.3 FASTST   M    M   8    MAX(MPH)
                                 MISC ---->  # 30 270               # 40  310
================================================================================
NOTES:
# LAST OF SEVERAL OCCURRENCES

COLUMN 17 PEAK WIND IN M.P.H.

PRELIMINARY LOCAL CLIMATOLOGICAL DATA (WS FORM: F-6) , PAGE 2

                                          STATION:  BALTIMORE MD
                                          MONTH:    MAY
                                          YEAR:     2016
                                          LATITUDE:   39 10 N
                                          LONGITUDE:  76 40 W

[TEMPERATURE DATA]      [PRECIPITATION DATA]       SYMBOLS USED IN COLUMN 16

AVERAGE MONTHLY: 58.2   TOTAL FOR MONTH:   4.92    1 = FOG OR MIST
DPTR FM NORMAL:  -3.8   DPTR FM NORMAL:    1.73    2 = FOG REDUCING VISIBILITY
HIGHEST:    86 ON 25    GRTST 24HR  1.19 ON  6- 7      TO 1/4 MILE OR LESS
LOWEST:     37 ON 16                               3 = THUNDER
                        SNOW, ICE PELLETS, HAIL    4 = ICE PELLETS
                        TOTAL MONTH:   0.0 INCH    5 = HAIL
                        GRTST 24HR     0.0         6 = FREEZING RAIN OR DRIZZLE
                        GRTST DEPTH:   0           7 = DUSTSTORM OR SANDSTORM:
                                                       VSBY 1/2 MILE OR LESS
                                                   8 = SMOKE OR HAZE
[NO. OF DAYS WITH]      [WEATHER - DAYS WITH]      9 = BLOWING SNOW
                                                   X = TORNADO
MAX 32 OR BELOW:   0    0.01 INCH OR MORE:  17
MAX 90 OR ABOVE:   0    0.10 INCH OR MORE:  10
MIN 32 OR BELOW:   0    0.50 INCH OR MORE:   3
MIN  0 OR BELOW:   0    1.00 INCH OR MORE:   1

[HDD (BASE 65) ]
TOTAL THIS MO.   175    CLEAR  (SCALE 0-3)   0
DPTR FM NORMAL    54    PTCLDY (SCALE 4-7)  12
TOTAL FM JUL 1  4000    CLOUDY (SCALE 8-10) 13
DPTR FM NORMAL  -736

[CDD (BASE 65) ]
TOTAL THIS MO.    12
DPTR FM NORMAL   -34    [PRESSURE DATA]
TOTAL FM JAN 1    39    HIGHEST SLP M ON M
DPTR FM NORMAL   -21    LOWEST  SLP 29.62 ON  5

[REMARKS]
