000
CXUS55 KPIH 011200
CF6BYI

PRELIMINARY LOCAL CLIMATOLOGICAL DATA (WS FORM: F-6)

                                          STATION:   BURLEY ID
                                          MONTH:     SEPTEMBER
                                          YEAR:      2014
                                          LATITUDE:   42 32 N
                                          LONGITUDE: 113 46 W

  TEMPERATURE IN F:       :PCPN:    SNOW:  WIND      :SUNSHINE: SKY     :PK WND
================================================================================
1   2   3   4   5  6A  6B    7    8   9   10  11  12  13   14  15   16   17  18
                                     12Z  AVG MX 2MIN
DY MAX MIN AVG DEP HDD CDD  WTR  SNW DPTH SPD SPD DIR MIN PSBL S-S WX    SPD DR
================================================================================

 1  73  44  59  -5   6   0 0.00    M    M  8.3 16 280   M    M   0        23 270
 2  83  44  64   0   1   0 0.00    M    M  2.9  9 280   M    M   0        12 250
 3  68  48  58  -5   7   0 0.00    M    M 14.7 25 260   M    M   0        34 270
 4  72  36  54  -9  11   0 0.00    M    M  4.4 15  80   M    M   0        22  50
 5  79  36  58  -4   7   0 0.00    M    M  3.8 14  80   M    M   0        17  80
 6  85  44  65   3   0   0 0.00    M    M  6.8 17  60   M    M   0        22  60
 7  87  46  67   5   0   2 0.00    M    M  3.7 13 320   M    M   0        17 320
 8  83  47  65   4   0   0 0.00    M    M  5.6 16 200   M    M   1        20 200
 9  75  53  64   3   1   0 0.00    M    M 13.3 24 250   M    M   1        32 260
10  71  50  61   0   4   0 0.00    M    M 15.3 22 260   M    M   0        31 270
11  64  42  53  -7  12   0 0.00    M    M  7.6 17 260   M    M   0        23 260
12  72  36  54  -6  11   0 0.00    M    M  8.5 18  60   M    M   0        23  60
13  83  38  61   1   4   0 0.00    M    M  4.1 12  60   M    M   0        16  40
14  84  44  64   5   1   0 0.00    M    M  2.2  7 220   M    M   0         9 310
15  87  47  67   8   0   2 0.00    M    M  2.1  8 140   M    M   0        10  80
16  90  51  71  13   0   6    T    M    M  3.6 18 210   M    M   0        24 210
17  92  50  71  13   0   6    T    M    M  4.2 23 280   M    M   0        30 260
18  80  56  68  10   0   3    T    M    M  7.6 20 240   M    M   0 8      25 260
19  76  51  64   7   1   0 0.00    M    M  7.8 20 260   M    M   0 8      25 260
20  83  45  64   7   1   0 0.00    M    M  2.3  7  40   M    M   0        10  50
21  71  48  60   4   5   0 0.08    M    M  2.1 13 210   M    M   4 12     17 220
22  74  51  63   7   2   0 0.00    M    M  3.7 12 190   M    M   4 12     14 240
23  84  46  65   9   0   0 0.00    M    M  4.9 18 200   M    M   1        24 190
24  89  50  70  15   0   5 0.00    M    M  8.0 16 200   M    M   0        22 200
25  88  47  68  13   0   3 0.00    M    M 10.6 24 210   M    M   0        33 280
26  72  48  60   5   5   0 0.04    M    M  5.6 18 220   M    M   1 3      25 240
27  60  49  55   1  10   0 0.23    M    M  8.6 25  80   M    M   6 1      31  80
28  65  47  56   2   9   0 0.00    M    M  8.3 18 340   M    M   3        24 340
29  57  45  51  -3  14   0 0.04    M    M  3.5 14 250   M    M   9 1      17 250
30  60  44  52  -1  13   0 0.05    M    M 13.2 28 280   M    M   4 1      40 280
================================================================================
SM 2307 1383       125  27  0.44    M    197.3          M       34
================================================================================
AV 76.9 46.1                               6.6 FASTST   M    M   1    MAX(MPH)
                                 MISC ---->  # 28 280               # 40  280
================================================================================
NOTES:
# LAST OF SEVERAL OCCURRENCES

COLUMN 17 PEAK WIND IN M.P.H.

PRELIMINARY LOCAL CLIMATOLOGICAL DATA (WS FORM: F-6) , PAGE 2

                                          STATION:  BURLEY ID
                                          MONTH:    SEPTEMBER
                                          YEAR:     2014
                                          LATITUDE:   42 32 N
                                          LONGITUDE: 113 46 W

[TEMPERATURE DATA]      [PRECIPITATION DATA]       SYMBOLS USED IN COLUMN 16

AVERAGE MONTHLY: 61.5   TOTAL FOR MONTH:   0.44    1 = FOG OR MIST
DPTR FM NORMAL:   2.9   DPTR FM NORMAL:   -0.11    2 = FOG REDUCING VISIBILITY
HIGHEST:    92 ON 17    GRTST 24HR  0.27 ON 26-27      TO 1/4 MILE OR LESS
LOWEST:     36 ON 12, 5                            3 = THUNDER
                        SNOW, ICE PELLETS, HAIL    4 = ICE PELLETS
                        TOTAL MONTH:    M          5 = HAIL
                        GRTST 24HR    M  ON   M    6 = FREEZING RAIN OR DRIZZLE
                        GRTST DEPTH:  M  ON   M    7 = DUSTSTORM OR SANDSTORM:
                                                       VSBY 1/2 MILE OR LESS
                                                   8 = SMOKE OR HAZE
[NO. OF DAYS WITH]      [WEATHER - DAYS WITH]      9 = BLOWING SNOW
                                                   X = TORNADO
MAX 32 OR BELOW:   0    0.01 INCH OR MORE:   5
MAX 90 OR ABOVE:   2    0.10 INCH OR MORE:   1
MIN 32 OR BELOW:   0    0.50 INCH OR MORE:   0
MIN  0 OR BELOW:   0    1.00 INCH OR MORE:   0

[HDD (BASE 65) ]
TOTAL THIS MO.   125    CLEAR  (SCALE 0-3)  24
DPTR FM NORMAL   -88    PTCLDY (SCALE 4-7)   5
TOTAL FM JUL 1   155    CLOUDY (SCALE 8-10)  1
DPTR FM NORMAL  -115

[CDD (BASE 65) ]
TOTAL THIS MO.    27
DPTR FM NORMAL     6    [PRESSURE DATA]
TOTAL FM JAN 1   428    HIGHEST SLP 30.29 ON 12
DPTR FM NORMAL    63    LOWEST  SLP 29.59 ON  3

[REMARKS]
