000
CXUS55 KCAE 251400
CF6CAE
PRELIMINARY LOCAL CLIMATOLOGICAL DATA (WS FORM: F-6)

                                          STATION:   COLUMBIA METRO AIRPORT SC
                                          MONTH:     OCTOBER
                                          YEAR:      2014
                                          LATITUDE:   33 57 N
                                          LONGITUDE:  81  7 W

  TEMPERATURE IN F:       :PCPN:    SNOW:  WIND      :SUNSHINE: SKY     :PK WND
================================================================================
1   2   3   4   5  6A  6B    7    8   9   10  11  12  13   14  15   16   17  18
                                     12Z  AVG MX 2MIN
DY MAX MIN AVG DEP HDD CDD  WTR  SNW DPTH SPD SPD DIR MIN PSBL S-S WX    SPD DR
================================================================================

 1  88  59  74   5   0   9 0.00  0.0    0  1.7 10 140   M    M   3 1      12 100
 2  88  62  75   6   0  10 0.00  0.0    0  2.7 10 190   M    M   2 18     12 190
 3  83  63  73   4   0   8 1.11  0.0    0  5.4 22 190   M    M   5 12     27 190
 4  74  50  62  -6   3   0 0.00  0.0    0 10.6 21 270   M    M   1        26 290
 5  71  42  57 -11   8   0 0.00  0.0    0  4.4 13 270   M    M   1        21 210
 6  80  45  63  -5   2   0 0.00  0.0    0  5.4 16 200   M    M   2        27 150
 7  83  56  70   3   0   5 0.00  0.0    0  4.9 17 180   M    M   4        26 180
 8  89  62  76   9   0  11 0.00  0.0    0  7.2 21 270   M    M   3        26 280
 9  85  58  72   6   0   7 0.00  0.0    0  4.3 14 120   M    M   5        17 110
10  88  65  77  11   0  12 0.56  0.0    0  4.8 17 190   M    M   6 13     21 110
11  91  71  81  15   0  16 0.00  0.0    0  7.7 20 260   M    M   4        25 240
12  76  66  71   6   0   6 0.00  0.0    0  7.2 12  70   M    M  10 18     19  50
13  84  66  75  10   0  10 0.00  0.0    0  6.6 14 100   M    M   8 18     16 100
14  84  70  77  12   0  12 0.19  0.0    0 11.3 23 160   M    M   7 1      30 190
15  76  61  69   5   0   4 1.17  0.0    0  6.0 21 260   M    M   6 1      27 250
16  71  54  63  -1   2   0 0.01  0.0    0  7.7 20 250   M    M   5        24 270
17  79  49  64   0   1   0 0.00  0.0    0  4.6 15 260   M    M   0        19 260
18  84  56  70   7   0   5 0.00  0.0    0  9.5 20 250   M    M   2        25 270
19  72  49  61  -2   4   0 0.00  0.0    0  4.0 13  30   M    M   2        17  10
20  76  43  60  -3   5   0 0.00  0.0    0  2.9 15 190   M    M   2        18 230
21  80  50  65   3   0   0 0.00  0.0    0  5.1 17 270   M    M   1        22 290
22  70  45  58  -4   7   0 0.00  0.0    0  5.4 15  30   M    M   0        21  30
23  72  41  57  -5   8   0 0.00  0.0    0  4.6 14 290   M    M   1 1      19 290
24  73  44  59  -2   6   0 0.00  0.0    0  2.5  9  80   M    M   3        15  10
================================================================================
SM 1917 1327        46 115  3.04     0.0 136.5          M       83
================================================================================
AV 79.9 55.3                               5.7 FASTST   M    M   3    MAX(MPH)
                                 MISC ---->  # 23 160               # 30  190
================================================================================
NOTES:
# LAST OF SEVERAL OCCURRENCES

COLUMN 17 PEAK WIND IN M.P.H.

PRELIMINARY LOCAL CLIMATOLOGICAL DATA (WS FORM: F-6) , PAGE 2

                                          STATION:  COLUMBIA METRO AIRPORT SC
                                          MONTH:    OCTOBER
                                          YEAR:     2014
                                          LATITUDE:   33 57 N
                                          LONGITUDE:  81  7 W

[TEMPERATURE DATA]      [PRECIPITATION DATA]       SYMBOLS USED IN COLUMN 16

AVERAGE MONTHLY: 67.6   TOTAL FOR MONTH:   3.04    1 = FOG OR MIST
DPTR FM NORMAL:   2.3   DPTR FM NORMAL:    0.48    2 = FOG REDUCING VISIBILITY
HIGHEST:    91 ON 11    GRTST 24HR  1.36 ON 14-15      TO 1/4 MILE OR LESS
LOWEST:     41 ON 23                               3 = THUNDER
                        SNOW, ICE PELLETS, HAIL    4 = ICE PELLETS
                        TOTAL MONTH:   0.0 INCH    5 = HAIL
                        GRTST 24HR     0.0         6 = FREEZING RAIN OR DRIZZLE
                        GRTST DEPTH:   0           7 = DUSTSTORM OR SANDSTORM:
                                                       VSBY 1/2 MILE OR LESS
                                                   8 = SMOKE OR HAZE
[NO. OF DAYS WITH]      [WEATHER - DAYS WITH]      9 = BLOWING SNOW
                                                   X = TORNADO
MAX 32 OR BELOW:   0    0.01 INCH OR MORE:   5
MAX 90 OR ABOVE:   1    0.10 INCH OR MORE:   4
MIN 32 OR BELOW:   0    0.50 INCH OR MORE:   3
MIN  0 OR BELOW:   0    1.00 INCH OR MORE:   2

[HDD (BASE 65) ]
TOTAL THIS MO.    46    CLEAR  (SCALE 0-3)  12
DPTR FM NORMAL   -24    PTCLDY (SCALE 4-7)  11
TOTAL FM JUL 1    50    CLOUDY (SCALE 8-10)  1
DPTR FM NORMAL   -28

[CDD (BASE 65) ]
TOTAL THIS MO.   115
DPTR FM NORMAL    37    [PRESSURE DATA]
TOTAL FM JAN 1  2511    HIGHEST SLP M ON M
DPTR FM NORMAL   366    LOWEST  SLP 29.76 ON  4

[REMARKS]
