000
CXUS55 KABQ 011444
CF6CAO
PRELIMINARY LOCAL CLIMATOLOGICAL DATA (WS FORM: F-6)

                                          STATION:   CLAYTON  NM
                                          MONTH:     FEBRUARY
                                          YEAR:      2015
                                          LATITUDE:   36 27 N
                                          LONGITUDE: 103  9 W

  TEMPERATURE IN F:       :PCPN:    SNOW:  WIND      :SUNSHINE: SKY     :PK WND
================================================================================
1   2   3   4   5  6A  6B    7    8   9   10  11  12  13   14  15   16   17  18
                                     12Z  AVG MX 2MIN
DY MAX MIN AVG DEP HDD CDD  WTR  SNW DPTH SPD SPD DIR MIN PSBL S-S WX    SPD DR
================================================================================

 1  38  24  31  -5  34   0 0.00  0.0    0 15.0 30 350   M    M   6        36 360
 2  55  25  40   4  25   0 0.00  0.0    0 11.5 24 210   M    M   4        30 210
 3  66  32  49  13  16   0 0.00  0.0    0  9.2 15  10   M    M   0        19  10
 4  57  24  41   5  24   0 0.00  0.0    0 15.2 39  10   M    M   6 1      46  10
 5  64  25  45   9  20   0 0.00  0.0    0 11.5 20 200   M    M   2        24 200
 6  81  38  60  24   5   0 0.00  0.0    0 13.1 21 270   M    M   0        26 270
 7  83  43  63  27   2   0 0.00  0.0    0 12.5 29 320   M    M   0        36 320
 8  71  43  57  21   8   0 0.00  0.0    0 11.4 25 320   M    M   0        32 320
 9  71  37  54  18  11   0 0.00  0.0    0 11.0 21 190   M    M   0        25 200
10  66  39  53  17  12   0 0.00  0.0    0 13.2 21 360   M    M   0        27 270
11  46  28  37   0  28   0 0.23  0.2    T 15.2 29  20   M    M   5 12     35  20
12  52  25  39   2  26   0 0.00  0.0    0 13.4 28 200   M    M   0        33 200
13  65  39  52  15  13   0 0.00  0.0    0  8.9 14  20   M    M   0        17  10
14  71  33  52  15  13   0 0.00  0.0    0 12.8 20 200   M    M   0        26 200
15  36  26  31  -6  34   0    T    T    0 15.7 36 360   M    M   7 12     42 360
16  41  22  32  -5  33   0 0.01    T    0  8.4 21 350   M    M   7 1      27 350
17  41  23  32  -6  33   0    T    T    0  6.9 17  30   M    M   4 1      22  30
18  53  19  36  -2  29   0 0.00  0.0    0  7.6 15 220   M    M   0        20 230
19  73  29  51  13  14   0 0.00  0.0    0  9.8 17 200   M    M   0        22 230
20  72  30  51  13  14   0 0.00  0.0    0 14.1 44  30   M    M   1        57  30
21  47  32  40   2  25   0 0.23  0.4    T 10.4 23 130   M    M   8 1      29 180
22  33   9  21 -18  44   0 0.42  3.8    3 17.9 36  10   M    M  10 12     43  20
23  21   8  15 -24  50   0 0.11  0.2    0  9.7 23 200   M    M   8 18     26 200
24  39  11  25 -14  40   0 0.00  0.0    0 13.0 24 320   M    M   3        29 330
25  48  20  34  -5  31   0 0.10  0.5    0 14.3 29  40   M    M   3 1      37  40
26  29  13  21 -19  44   0 0.08  0.5    1 13.5 23  40   M    M  10 1      27  40
27  14  10  12 -28  53   0 0.15  3.1    2 17.8 24 180   M    M  10 18     27 170
28  25  11  18 -22  47   0 0.12  1.2    3 13.8 28 200   M    M   8 18     31 200
================================================================================
SM 1458  718       728   0  1.45     9.9 346.8          M      102
================================================================================
AV 52.1 25.6                              12.4 FASTST   M    M   4    MAX(MPH)
                                 MISC ---->  # 44  30               # 57   30
================================================================================
NOTES:
# LAST OF SEVERAL OCCURRENCES

COLUMN 17 PEAK WIND IN M.P.H.

PRELIMINARY LOCAL CLIMATOLOGICAL DATA (WS FORM: F-6) , PAGE 2

                                          STATION:  CLAYTON  NM
                                          MONTH:    FEBRUARY
                                          YEAR:     2015
                                          LATITUDE:   36 27 N
                                          LONGITUDE: 103  9 W

[TEMPERATURE DATA]      [PRECIPITATION DATA]       SYMBOLS USED IN COLUMN 16

AVERAGE MONTHLY: 38.9   TOTAL FOR MONTH:   1.45    1 = FOG OR MIST
DPTR FM NORMAL:   1.4   DPTR FM NORMAL:    1.11    2 = FOG REDUCING VISIBILITY
HIGHEST:    83 ON  7    GRTST 24HR  0.64 ON 21-22      TO 1/4 MILE OR LESS
LOWEST:      8 ON 23                               3 = THUNDER
                        SNOW, ICE PELLETS, HAIL    4 = ICE PELLETS
                        TOTAL MONTH:   9.9 INCHES  5 = HAIL
                        GRTST 24HR   3.8 ON   M    6 = FREEZING RAIN OR DRIZZLE
                        GRTST DEPTH:   3 ON 28,22  7 = DUSTSTORM OR SANDSTORM:
                                                       VSBY 1/2 MILE OR LESS
                                                   8 = SMOKE OR HAZE
[NO. OF DAYS WITH]      [WEATHER - DAYS WITH]      9 = BLOWING SNOW
                                                   X = TORNADO
MAX 32 OR BELOW:   4    0.01 INCH OR MORE:   9
MAX 90 OR ABOVE:   0    0.10 INCH OR MORE:   7
MIN 32 OR BELOW:  21    0.50 INCH OR MORE:   0
MIN  0 OR BELOW:   0    1.00 INCH OR MORE:   0

[HDD (BASE 65) ]
TOTAL THIS MO.   728    CLEAR  (SCALE 0-3)  14
DPTR FM NORMAL   -43    PTCLDY (SCALE 4-7)  10
TOTAL FM JUL 1  3443    CLOUDY (SCALE 8-10)  4
DPTR FM NORMAL  -234

[CDD (BASE 65) ]
TOTAL THIS MO.     0
DPTR FM NORMAL     0    [PRESSURE DATA]
TOTAL FM JAN 1     0    HIGHEST SLP 30.64 ON 23
DPTR FM NORMAL     0    LOWEST  SLP 29.46 ON 20

[REMARKS]
#FINAL-02-15#
