000
CXUS55 KABQ 201000
CF6CAO
PRELIMINARY LOCAL CLIMATOLOGICAL DATA (WS FORM: F-6)

                                          STATION:   CLAYTON  NM
                                          MONTH:     SEPTEMBER
                                          YEAR:      2017
                                          LATITUDE:   36 27 N
                                          LONGITUDE: 103  9 W

  TEMPERATURE IN F:       :PCPN:    SNOW:  WIND      :SUNSHINE: SKY     :PK WND
================================================================================
1   2   3   4   5  6A  6B    7    8   9   10  11  12  13   14  15   16   17  18
                                     12Z  AVG MX 2MIN
DY MAX MIN AVG DEP HDD CDD  WTR  SNW DPTH SPD SPD DIR MIN PSBL S-S WX    SPD DR
================================================================================

 1  87  56  72   1   0   7 0.26  0.0    0 10.9 22 240   M    M   2 3      30 240
 2  86  61  74   3   0   9 0.00  0.0    0  9.8 15  80   M    M   1        19  80
 3  87  62  75   5   0  10 0.00  0.0    0 11.3 18 170   M    M   0        24 180
 4  90  58  74   4   0   9 0.00  0.0    0  9.9 17 270   M    M   0 8      23 260
 5  70  52  61  -9   4   0 0.00  0.0    0  8.9 21  30   M    M   3        25  30
 6  76  49  63  -7   2   0 0.00  0.0    0  9.5 20 210   M    M   1 3      26 220
 7  81  51  66  -3   0   1    T  0.0    0 12.0 23 190   M    M   1 3      28 190
 8  83  55  69   0   0   4 0.00  0.0    0 12.9 24 180   M    M   0        30 190
 9  83  54  69   1   0   4 0.00  0.0    0 14.3 28 190   M    M   0        36 180
10  83  54  69   1   0   4 0.00  0.0    0 14.4 25 190   M    M   0        37 200
11  88  55  72   4   0   7 0.00  0.0    0  8.2 17 310   M    M   0        24 310
12  86  61  74   7   0   9    T  0.0    0  7.0 13 260   M    M   1 3      17 110
13  88  54  71   4   0   6 0.00  0.0    0  7.1 16 190   M    M   0        23 170
14  90  57  74   7   0   9 0.00  0.0    0  9.9 38 200   M    M   0 3      50 200
15  85  58  72   6   0   7 0.01  0.0    0 14.1 38 240   M    M   1        51 250
16  86  56  71   5   0   6 0.00  0.0    0  9.6 21 210   M    M   2        25 200
17  74  52  63  -2   2   0 0.04  0.0    0 11.1 18 130   M    M   5 13     23 130
18  84  54  69   4   0   4 0.03  0.0    0 11.7 30  80   M    M   2 123    36  80
19  88  51  70   6   0   5 0.00  0.0    0 14.5 30 210   M    M   0        38 210
================================================================================
SM 1595 1050         8 101  0.34     0.0 207.1          M       19
================================================================================
AV 84.0 55.3                              10.9 FASTST   M    M   1    MAX(MPH)
                                 MISC ---->  # 38 200               # 51  250
================================================================================
NOTES:
# LAST OF SEVERAL OCCURRENCES

COLUMN 17 PEAK WIND IN M.P.H.

PRELIMINARY LOCAL CLIMATOLOGICAL DATA (WS FORM: F-6) , PAGE 2

                                          STATION:  CLAYTON  NM
                                          MONTH:    SEPTEMBER
                                          YEAR:     2017
                                          LATITUDE:   36 27 N
                                          LONGITUDE: 103  9 W

[TEMPERATURE DATA]      [PRECIPITATION DATA]       SYMBOLS USED IN COLUMN 16

AVERAGE MONTHLY: 69.6   TOTAL FOR MONTH:   0.34    1 = FOG OR MIST
DPTR FM NORMAL:   1.7   DPTR FM NORMAL:   -0.79    2 = FOG REDUCING VISIBILITY
HIGHEST:    90 ON 14, 4 GRTST 24HR  0.26 ON  1- 1      TO 1/4 MILE OR LESS
LOWEST:     49 ON  6                               3 = THUNDER
                        SNOW, ICE PELLETS, HAIL    4 = ICE PELLETS
                        TOTAL MONTH:   0.0 INCH    5 = HAIL
                        GRTST 24HR     0.0         6 = FREEZING RAIN OR DRIZZLE
                        GRTST DEPTH:   0           7 = DUSTSTORM OR SANDSTORM:
                                                       VSBY 1/2 MILE OR LESS
                                                   8 = SMOKE OR HAZE
[NO. OF DAYS WITH]      [WEATHER - DAYS WITH]      9 = BLOWING SNOW
                                                   X = TORNADO
MAX 32 OR BELOW:   0    0.01 INCH OR MORE:   4
MAX 90 OR ABOVE:   2    0.10 INCH OR MORE:   1
MIN 32 OR BELOW:   0    0.50 INCH OR MORE:   0
MIN  0 OR BELOW:   0    1.00 INCH OR MORE:   0

[HDD (BASE 65) ]
TOTAL THIS MO.     8    CLEAR  (SCALE 0-3)  18
DPTR FM NORMAL   -20    PTCLDY (SCALE 4-7)   1
TOTAL FM JUL 1    12    CLOUDY (SCALE 8-10)  0
DPTR FM NORMAL   -22

[CDD (BASE 65) ]
TOTAL THIS MO.   101
DPTR FM NORMAL    16    [PRESSURE DATA]
TOTAL FM JAN 1   811    HIGHEST SLP M ON M
DPTR FM NORMAL   -71    LOWEST  SLP 29.64 ON 19

[REMARKS]
