000
CXUS51 KCAR 240600
CF6CAR
PRELIMINARY LOCAL CLIMATOLOGICAL DATA (WS FORM: F-6)

                                          STATION:   CARIBOU ME
                                          MONTH:     JANUARY
                                          YEAR:      2018
                                          LATITUDE:   46 52 N
                                          LONGITUDE:  68  1 W

  TEMPERATURE IN F:       :PCPN:    SNOW:  WIND      :SUNSHINE: SKY     :PK WND
================================================================================
1   2   3   4   5  6A  6B    7    8   9   10  11  12  13   14  15   16   17  18
                                     12Z  AVG MX 2MIN
DY MAX MIN AVG DEP HDD CDD  WTR  SNW DPTH SPD SPD DIR MIN PSBL S-S WX    SPD DR
================================================================================

 1   1  -6  -2 -14  67   0 0.01  0.1   17  6.8 14 310   M    M  10        18 310
 2   7  -8   0 -12  65   0    T    T   17  4.9 12 310   M    M   6        15 270
 3   8 -19  -5 -17  70   0    T    T   17  3.1  9  10   M    M   3 8      10  10
 4  28   3  16   5  49   0 0.96 13.0   17 13.5 30 360   M    M   9 128    44  20
 5  27  -4  12   1  53   0 0.40  5.8   28 17.8 33 330   M    M   9 1289   45  10
 6   1  -8  -3 -14  68   0 0.02  0.3   27 14.9 22 250   M    M   8 8      33 300
 7   5 -14  -4 -15  69   0 0.05  0.6   27  8.5 20 300   M    M   4        29 320
 8  17   3  10  -1  55   0 0.29  3.1   27  4.8 12 160   M    M  10 1      15 180
 9  30  12  21  11  44   0 0.03  0.5   30  8.4 26 340   M    M   6 1      33 330
10  25   6  16   6  49   0 0.00  0.0   30  6.2 13 250   M    M   3        17 260
11  39  23  31  21  34   0 0.01  0.1   29  8.0 13 190   M    M  10        17 180
12  51  34  43  33  22   0 0.52    T   25 12.1 23 330   M    M  10 14     31 200
13  34   7  21  11  44   0 0.92  2.4   15 14.9 23 340   M    M   9 126    32 330
14   7  -7   0 -10  65   0 0.00  0.0   17  7.7 15 330   M    M   1        21 310
15   7 -15  -4 -14  69   0    T    T   17  5.7 13 360   M    M   2        15 360
16  13  -1   6  -4  59   0    T  0.1   17  2.8 10  10   M    M   8        12  10
17  24  -2  11   1  54   0 0.01  0.3   17  2.3  9 150   M    M   7 1      13 170
18  26  13  20  11  45   0    T    T   17  6.5 17 250   M    M   6 1      22 240
19  25  12  19  10  46   0    T  0.3   17  4.1 10 340   M    M  10 1      13 330
20  39  21  30  21  35   0 0.01  0.2   17 13.1 25 300   M    M   9 1      37 240
21  24   9  17   8  48   0    T    T   16  7.5 17 320   M    M   2        23 330
22  16   8  12   3  53   0    T    T   16  6.1 15 330   M    M   3 8      21 330
23  31  10  21  12  44   0 1.72  7.7   21  6.7 13 360   M    M  10 126    15 360
================================================================================
SM  485   77      1207   0  4.95    34.5 186.4          M      155
================================================================================
AV 21.1  3.4                               8.1 FASTST   M    M   7    MAX(MPH)
                                 MISC ---->  # 33 330               # 45   10
================================================================================
NOTES:
# LAST OF SEVERAL OCCURRENCES

COLUMN 17 PEAK WIND IN M.P.H.

PRELIMINARY LOCAL CLIMATOLOGICAL DATA (WS FORM: F-6) , PAGE 2

                                          STATION:  CARIBOU ME
                                          MONTH:    JANUARY
                                          YEAR:     2018
                                          LATITUDE:   46 52 N
                                          LONGITUDE:  68  1 W

[TEMPERATURE DATA]      [PRECIPITATION DATA]       SYMBOLS USED IN COLUMN 16

AVERAGE MONTHLY: 12.2   TOTAL FOR MONTH:   4.95    1 = FOG OR MIST
DPTR FM NORMAL:   2.0   DPTR FM NORMAL:    2.91    2 = FOG REDUCING VISIBILITY
HIGHEST:    51 ON 12    GRTST 24HR  1.72 ON 23-23      TO 1/4 MILE OR LESS
LOWEST:    -19 ON  3                               3 = THUNDER
                        SNOW, ICE PELLETS, HAIL    4 = ICE PELLETS
                        TOTAL MONTH:  34.5 INCHES  5 = HAIL
                        GRTST 24HR  13.0 ON  4- 4  6 = FREEZING RAIN OR DRIZZLE
                        GRTST DEPTH:  30 ON 10, 9  7 = DUSTSTORM OR SANDSTORM:
                                                       VSBY 1/2 MILE OR LESS
                                                   8 = SMOKE OR HAZE
[NO. OF DAYS WITH]      [WEATHER - DAYS WITH]      9 = BLOWING SNOW
                                                   X = TORNADO
MAX 32 OR BELOW:  19    0.01 INCH OR MORE:  13
MAX 90 OR ABOVE:   0    0.10 INCH OR MORE:   6
MIN 32 OR BELOW:  22    0.50 INCH OR MORE:   4
MIN  0 OR BELOW:  10    1.00 INCH OR MORE:   1

[HDD (BASE 65) ]
TOTAL THIS MO.  1207    CLEAR  (SCALE 0-3)   5
DPTR FM NORMAL   -54    PTCLDY (SCALE 4-7)   8
TOTAL FM JUL 1  4505    CLOUDY (SCALE 8-10) 10
DPTR FM NORMAL  -350

[CDD (BASE 65) ]
TOTAL THIS MO.     0
DPTR FM NORMAL     0    [PRESSURE DATA]
TOTAL FM JAN 1     0    HIGHEST SLP M ON M
DPTR FM NORMAL     0    LOWEST  SLP 28.59 ON  5

[REMARKS]
