000
CXUS56 KMTR 181000
CF6CCR
PRELIMINARY LOCAL CLIMATOLOGICAL DATA (WS FORM: F-6)

                                          STATION:   CONCORD AIRPORT
                                          MONTH:     OCTOBER
                                          YEAR:      2017
                                          LATITUDE:   37 58 N
                                          LONGITUDE: 122  3 W

  TEMPERATURE IN F:       :PCPN:    SNOW:  WIND      :SUNSHINE: SKY     :PK WND
================================================================================
1   2   3   4   5  6A  6B    7    8   9   10  11  12  13   14  15   16   17  18
                                     12Z  AVG MX 2MIN
DY MAX MIN AVG DEP HDD CDD  WTR  SNW DPTH SPD SPD DIR MIN PSBL S-S WX    SPD DR
================================================================================

 1  85  53  69   1   0   4 0.00  0.0    0  4.2 16 280   M    M   0        19 270
 2  83  55  69   2   0   4 0.00  0.0    0  5.2 15 250   M    M   0        19 350
 3  79  50  65  -2   0   0    T  0.0    0  5.5 15 350   M    M   0        20  40
 4  82  50  66  -1   0   1 0.00  0.0    0  3.3  9  10   M    M   0        13  30
 5  86  50  68   1   0   3 0.00  0.0    0  3.4 13 300   M    M   0        16 290
 6  90  51  71   5   0   6 0.00  0.0    0  4.4 14 280   M    M   0 8      18 290
 7  89  52  71   5   0   6 0.00  0.0    0  3.8 15 260   M    M   0        18 310
 8  84  54  69   3   0   4 0.00  0.0    0  8.1 25  10   M    M   0        36  20
 9  83  57  70   4   0   5    T  0.0    0  6.7 24  10   M    M   0        34  10
10  82  51  67   1   0   2 0.00  0.0    0  4.6 13 240   M    M   1 8      16 230
11  74  50  62  -3   3   0    T  0.0    0  3.5 12 180   M    M   6 8      14 170
12  76  43  60  -5   5   0 0.00  0.0    0  3.3  9 310   M    M   2 8      12 350
13  79  46  63  -2   2   0 0.00  0.0    0  3.3  9 290   M    M   1 8      13 350
14  79  47  63  -2   2   0 0.00  0.0    0  5.8 16  50   M    M   0 8      24  80
15  82  46  64   0   1   0    T    M    0  4.7 13  40   M    M   0        18  70
16  86  49  68   4   0   3 0.00  0.0    0  2.8 10  30   M    M   0        13  40
17  84  51  68   4   0   3 0.00  0.0    0  2.0  9  20   M    M   1 8      11  20
================================================================================
SM 1403  855        13  41    T      0.0  74.6          M       11
================================================================================
AV 82.5 50.3                               4.4 FASTST   M    M   1    MAX(MPH)
                                 MISC ---->  # 25  10               # 36   20
================================================================================
NOTES:
# LAST OF SEVERAL OCCURRENCES

COLUMN 17 PEAK WIND IN M.P.H.

PRELIMINARY LOCAL CLIMATOLOGICAL DATA (WS FORM: F-6) , PAGE 2

                                          STATION:  CONCORD AIRPORT
                                          MONTH:    OCTOBER
                                          YEAR:     2017
                                          LATITUDE:   37 58 N
                                          LONGITUDE: 122  3 W

[TEMPERATURE DATA]      [PRECIPITATION DATA]       SYMBOLS USED IN COLUMN 16

AVERAGE MONTHLY: 66.4   TOTAL FOR MONTH:      T    1 = FOG OR MIST
DPTR FM NORMAL:   0.6   DPTR FM NORMAL:   -0.35    2 = FOG REDUCING VISIBILITY
HIGHEST:    90 ON  6    GRTST 24HR    T  ON 15-15      TO 1/4 MILE OR LESS
LOWEST:     43 ON 12                               3 = THUNDER
                        SNOW, ICE PELLETS, HAIL    4 = ICE PELLETS
                        TOTAL MONTH:   0.0 INCH    5 = HAIL
                        GRTST 24HR     0.0         6 = FREEZING RAIN OR DRIZZLE
                        GRTST DEPTH:   0           7 = DUSTSTORM OR SANDSTORM:
                                                       VSBY 1/2 MILE OR LESS
                                                   8 = SMOKE OR HAZE
[NO. OF DAYS WITH]      [WEATHER - DAYS WITH]      9 = BLOWING SNOW
                                                   X = TORNADO
MAX 32 OR BELOW:   0    0.01 INCH OR MORE:   0
MAX 90 OR ABOVE:   1    0.10 INCH OR MORE:   0
MIN 32 OR BELOW:   0    0.50 INCH OR MORE:   0
MIN  0 OR BELOW:   0    1.00 INCH OR MORE:   0

[HDD (BASE 65) ]
TOTAL THIS MO.    13    CLEAR  (SCALE 0-3)  16
DPTR FM NORMAL   -13    PTCLDY (SCALE 4-7)   1
TOTAL FM JUL 1    14    CLOUDY (SCALE 8-10)  0
DPTR FM NORMAL   -27

[CDD (BASE 65) ]
TOTAL THIS MO.    41
DPTR FM NORMAL     1    [PRESSURE DATA]
TOTAL FM JAN 1  1378    HIGHEST SLP M ON M
DPTR FM NORMAL   502    LOWEST  SLP 29.75 ON  3

[REMARKS]
