076
CXAK56 PAFC 241327
CF6CDB

PRELIMINARY LOCAL CLIMATOLOGICAL DATA (WS FORM: F-6)

                                          STATION:   COLD BAY
                                          MONTH:     SEPTEMBER
                                          YEAR:      2017
                                          LATITUDE:   55 13 N
                                          LONGITUDE: 162 44 W

  TEMPERATURE IN F:       :PCPN:    SNOW:  WIND      :SUNSHINE: SKY     :PK WND
================================================================================
1   2   3   4   5  6A  6B    7    8   9   10  11  12  13   14  15   16   17  18
                                     12Z  AVG MX 2MIN
DY MAX MIN AVG DEP HDD CDD  WTR  SNW DPTH SPD SPD DIR MIN PSBL S-S WX    SPD DR
================================================================================

 1  54  44  49  -2  16   0    T  0.0    0  9.5 20 150   M    M  10 8      30 150
 2  52  48  50  -1  15   0 0.11  0.0    0 16.5 22  30   M    M   9 1      35  90
 3  55  48  52   1  13   0 0.08  0.0    0 21.4 28  20   M    M   9 1      41  20
 4  55  49  52   1  13   0 0.01  0.0    0 19.4 28 350   M    M   9 1      38 350
 5  58  47  53   3  12   0    T  0.0    0  5.6 12 330   M    M   9 1       M  M
 6  55  48  52   2  13   0 0.09  0.0    0 15.1 23 130   M    M  10 1      31 120
 7  56  44  50   0  15   0    T  0.0    0 12.7 24 350   M    M   9 1      30 350
 8  54  46  50   0  15   0    T  0.0    0 14.0 17 330   M    M  10 8       M  M
 9  52  45  49  -1  16   0 0.45  0.0    0 19.9 26 270   M    M   9 1      33 260
10  54  47  51   1  14   0 0.12  0.0    0 13.2 23 300   M    M   9 1      31 300
11  53  47  50   1  15   0 0.01  0.0    0 19.7 37 150   M    M   8 1      48 150
12  55  51  53   4  12   0 0.01  0.0    0 24.4 31 160   M    M   6 1      47 150
13  58  49  54   5  11   0 0.01  0.0    0 15.5 25 160   M    M   9        32 160
14  54  47  51   2  14   0 0.07  0.0    0 14.3 24 160   M    M   7 1      37 150
15  55  45  50   2  15   0 0.50  0.0    0 26.5 40 150   M    M   9 1      54 150
16  48  44  46  -2  19   0 0.08  0.0    0 40.9 58 250   M    M  10 1      71 250
17  51  43  47  -1  18   0    T  0.0    0 23.9 33 280   M    M   9        51 280
18  51  37  44  -4  21   0 0.02  0.0    0 11.5 21 290   M    M   7 1      25 290
19  54  31  43  -4  22   0 0.00  0.0    0  7.5 22 150   M    M   1 8      35 160
20  54  44  49   2  16   0 0.42  0.0    0 22.5 29 150   M    M  10 1      43 140
21  54  50  52   5  13   0 0.59  0.0    0 10.1 15 160   M    M  10 1       M  M
22  50  43  47   0  18   0 0.33  0.0    0 17.3 26 330   M    M  10 1      33 360
23  48  41  45  -1  20   0 0.05  0.0    0 20.4 28 300   M    M   9 1      40 340
================================================================================
SM 1230 1038       356   0  2.95     0.0 401.8          M      198
================================================================================
AV 53.5 45.1                              17.5 FASTST   M    M   9    MAX(MPH)
                                 MISC ---->  # 58 250               # 71  250
================================================================================
NOTES:
# LAST OF SEVERAL OCCURRENCES

COLUMN 17 PEAK WIND IN M.P.H.

PRELIMINARY LOCAL CLIMATOLOGICAL DATA (WS FORM: F-6) , PAGE 2

                                          STATION:  COLD BAY
                                          MONTH:    SEPTEMBER
                                          YEAR:     2017
                                          LATITUDE:   55 13 N
                                          LONGITUDE: 162 44 W

[TEMPERATURE DATA]      [PRECIPITATION DATA]       SYMBOLS USED IN COLUMN 16

AVERAGE MONTHLY: 49.3   TOTAL FOR MONTH:   2.95    1 = FOG OR MIST
DPTR FM NORMAL:   0.3   DPTR FM NORMAL:   -0.63    2 = FOG REDUCING VISIBILITY
HIGHEST:    58 ON 13, 5 GRTST 24HR  0.59 ON 21-21      TO 1/4 MILE OR LESS
LOWEST:     31 ON 19                               3 = THUNDER
                        SNOW, ICE PELLETS, HAIL    4 = ICE PELLETS
                        TOTAL MONTH:   0.0 INCH    5 = HAIL
                        GRTST 24HR     0.0         6 = FREEZING RAIN OR DRIZZLE
                        GRTST DEPTH:   0           7 = DUSTSTORM OR SANDSTORM:
                                                       VSBY 1/2 MILE OR LESS
                                                   8 = SMOKE OR HAZE
[NO. OF DAYS WITH]      [WEATHER - DAYS WITH]      9 = BLOWING SNOW
                                                   X = TORNADO
MAX 32 OR BELOW:   0    0.01 INCH OR MORE:  17
MAX 90 OR ABOVE:   0    0.10 INCH OR MORE:   7
MIN 32 OR BELOW:   1    0.50 INCH OR MORE:   2
MIN  0 OR BELOW:   0    1.00 INCH OR MORE:   0

[HDD (BASE 65) ]
TOTAL THIS MO.   356    CLEAR  (SCALE 0-3)   1
DPTR FM NORMAL   -14    PTCLDY (SCALE 4-7)   4
TOTAL FM JUL 1  1107    CLOUDY (SCALE 8-10) 18
DPTR FM NORMAL  -102

[CDD (BASE 65) ]
TOTAL THIS MO.     0
DPTR FM NORMAL     0    [PRESSURE DATA]
TOTAL FM JAN 1     0    HIGHEST SLP M ON M
DPTR FM NORMAL     0    LOWEST  SLP 29.21 ON 16

[REMARKS]
