000
CXUS55 KCYS 011526 CCA
CF6CDR

PRELIMINARY LOCAL CLIMATOLOGICAL DATA (WS FORM: F-6)     ...CORRECTED...

                                          STATION:   CHADRON NEBRASKA AIRPORT
                                          MONTH:     JUNE
                                          YEAR:      2015
                                          LATITUDE:   42 50 N
                                          LONGITUDE: 103  6 W

  TEMPERATURE IN F:       :PCPN:    SNOW:  WIND      :SUNSHINE: SKY     :PK WND
================================================================================
1   2   3   4   5  6A  6B    7    8   9   10  11  12  13   14  15   16   17  18
                                     12Z  AVG MX 2MIN
DY MAX MIN AVG DEP HDD CDD  WTR  SNW DPTH SPD SPD DIR MIN PSBL S-S WX    SPD DR
================================================================================

 1  86  50  68   7   0   3 0.00    M    M  8.2 23 150   M    M   0 1      28 180
 2  83  54  69   7   0   4 0.07    M    M  8.8 31 320   M    M   2 3      40 340
 3  74  50  62   0   3   0 0.00    M    M  9.5 20 120   M    M   4        24 120
 4  75  54  65   3   0   0    T    M    M  9.9 25  80   M    M   8 3      32  90
 5  80  60  70   8   0   5 0.44    M    M  8.9 23 180   M    M   7 13     28 180
 6  80  58  69   6   0   4 0.77    M    M  6.4 18 240   M    M   4 138    23 300
 7  75  57  66   3   0   1 0.16    M    M  4.0 15 330   M    M   4 13     20 330
 8  84  52  68   5   0   3 0.00    M    M  5.6 10 260   M    M   0        14 260
 9  91  55  73   9   0   8 0.00    M    M  4.0  9 350   M    M   0        12 340
10  75  59  67   3   0   2 0.05    M    M  8.9 22 140   M    M   3 13     27 130
11  61  57  59  -5   6   0 0.19    M    M  6.9 12  20   M    M  10 1      16  30
12  78  57  68   3   0   3 0.00    M    M  9.2 21 180   M    M   5 1      26 190
13  83  53  68   3   0   3 0.00    M    M  5.1 13  20   M    M   1        18 360
14  74  59  67   2   0   2 0.00    M    M 10.7 20  30   M    M   6 1      29  20
15  74  57  66   0   0   1 0.19    M    M  7.0 18 150   M    M   9 13     23 160
16  79  62  71   5   0   6 0.14    M    M 12.4 23 170   M    M   3 13     35 160
17  83  54  69   3   0   4 0.96    M    M  4.0 35  10   M    M   3 123    42 360
18  79  57  68   1   0   3 0.09    M    M  8.2 28 170   M    M   4 13     35 160
19  91  64  78  11   0  13 0.00    M    M  9.8 32  30   M    M   2        47  40
20  83  57  70   3   0   5 0.00    M    M  7.4 20 130   M    M   0 3      26  90
21  87  62  75   7   0  10 0.00    M    M 13.9 33 140   M    M   2        41 140
22  77  56  67  -1   0   2 0.00    M    M  8.4 25  20   M    M   1        33  20
23  83  55  69   1   0   4 0.00    M    M 10.1 21 150   M    M   3        27 150
24  84  62  73   4   0   8    T    M    M 10.4 24  10   M    M   2 3      35  60
25  75  59  67  -2   0   2 0.61    M    M  7.3 29  10   M    M   5 13     37  10
26  80  56  68  -1   0   3 0.00    M    M  3.1 10  40   M    M   2 1      22  90
27  88  52  70   0   0   5 0.00    M    M  2.5 10  30   M    M   0        13 320
28  91  53  72   2   0   7 0.00    M    M  4.7 13  50   M    M   0        17  70
29  91  58  75   5   0  10 0.01    M    M  4.5 18 230   M    M   1        23 230
30  96  57  77   7   0  12 0.00    M    M  3.0 13  30   M    M   0        16  20
================================================================================
SM 2440 1696         9 133  3.68    M    222.8          M       91
================================================================================
AV 81.3 56.5                               7.4 FASTST   M    M   3    MAX(MPH)
                                 MISC ---->    35  10                 47   40
================================================================================
NOTES:
# LAST OF SEVERAL OCCURRENCES

COLUMN 17 PEAK WIND IN M.P.H.

PRELIMINARY LOCAL CLIMATOLOGICAL DATA (WS FORM: F-6) , PAGE 2

                                          STATION:  CHADRON NEBRASKA AIRPORT
                                          MONTH:    JUNE
                                          YEAR:     2015
                                          LATITUDE:   42 50 N
                                          LONGITUDE: 103  6 W

[TEMPERATURE DATA]      [PRECIPITATION DATA]       SYMBOLS USED IN COLUMN 16

AVERAGE MONTHLY: 68.9   TOTAL FOR MONTH:   3.68    1 = FOG OR MIST
DPTR FM NORMAL:   3.0   DPTR FM NORMAL:    0.44    2 = FOG REDUCING VISIBILITY
HIGHEST:    96 ON 30    GRTST 24HR  1.17 ON  5- 6      TO 1/4 MILE OR LESS
LOWEST:     50 ON  3, 1                            3 = THUNDER
                        SNOW, ICE PELLETS, HAIL    4 = ICE PELLETS
                        TOTAL MONTH:    M          5 = HAIL
                        GRTST 24HR    M  ON   M    6 = FREEZING RAIN OR DRIZZLE
                        GRTST DEPTH:  M  ON   M    7 = DUSTSTORM OR SANDSTORM:
                                                       VSBY 1/2 MILE OR LESS
                                                   8 = SMOKE OR HAZE
[NO. OF DAYS WITH]      [WEATHER - DAYS WITH]      9 = BLOWING SNOW
                                                   X = TORNADO
MAX 32 OR BELOW:   0    0.01 INCH OR MORE:  12
MAX 90 OR ABOVE:   5    0.10 INCH OR MORE:   8
MIN 32 OR BELOW:   0    0.50 INCH OR MORE:   3
MIN  0 OR BELOW:   0    1.00 INCH OR MORE:   0

[HDD (BASE 65) ]
TOTAL THIS MO.     9    CLEAR  (SCALE 0-3)  19
DPTR FM NORMAL   -72    PTCLDY (SCALE 4-7)   8
TOTAL FM JUL 1  6560    CLOUDY (SCALE 8-10)  3
DPTR FM NORMAL  -586

[CDD (BASE 65) ]
TOTAL THIS MO.   133
DPTR FM NORMAL    25    [PRESSURE DATA]
TOTAL FM JAN 1   133    HIGHEST SLP 30.21 ON 26
DPTR FM NORMAL     5    LOWEST  SLP 29.50 ON 19

[REMARKS]

NONE
#FINAL-06-15#
