000
CXUS55 KCYS 281000
CF6CDR
PRELIMINARY LOCAL CLIMATOLOGICAL DATA (WS FORM: F-6)

                                          STATION:   CHADRON NEBRASKA AIRPORT
                                          MONTH:     FEBRUARY
                                          YEAR:      2015
                                          LATITUDE:   42 50 N
                                          LONGITUDE: 103  6 W

  TEMPERATURE IN F:       :PCPN:    SNOW:  WIND      :SUNSHINE: SKY     :PK WND
================================================================================
1   2   3   4   5  6A  6B    7    8   9   10  11  12  13   14  15   16   17  18
                                     12Z  AVG MX 2MIN
DY MAX MIN AVG DEP HDD CDD  WTR  SNW DPTH SPD SPD DIR MIN PSBL S-S WX    SPD DR
================================================================================

 1  16   2   9 -16  56   0    T    M    M  6.0 17  10   M    M   5 18     20  20
 2  47  14  31   6  34   0 0.00    M    M  8.9 25 310   M    M   3        35 320
 3  54  25  40  15  25   0    T    M    M  9.8 24 180   M    M   4 1      30 190
 4  25  10  18  -7  47   0    T    M    M  7.5 23  40   M    M   5 18     30  30
 5  49   8  29   4  36   0 0.00    M    M  5.0 12 240   M    M   0        12 240
 6  67  29  48  22  17   0 0.00    M    M  7.8 18 230   M    M   0        23 230
 7  71  35  53  27  12   0 0.00    M    M 11.5 39 290   M    M   0        50 280
 8  62  28  45  19  20   0 0.00    M    M  8.6 23 300   M    M   1        29 310
 9  70  25  48  22  17   0 0.00    M    M  8.1 28 270   M    M   1        39 270
10  59  33  46  20  19   0    T    M    M 12.3 30 270   M    M   8        38 270
11  52  22  37  11  28   0 0.00    M    M  9.1 18  50   M    M   8        23  20
12  56  24  40  14  25   0 0.00    M    M 10.3 24 310   M    M   6        31 320
13  60  30  45  18  20   0 0.00    M    M  9.7 23 310   M    M   5        29 300
14  32  23  28   1  37   0 0.00    M    M  8.9 17 190   M    M   7 18     20 190
15  42  25  34   7  31   0 0.04    M    M  5.1 13 260   M    M   9 1      18 230
16  41  22  32   5  33   0 0.03    M    M  7.3 25  10   M    M   8 128    32  30
17  28  16  22  -6  43   0    T    M    M 18.5 41 300   M    M   5 18     53 300
18  32  11  22  -6  43   0 0.00    M    M  4.3 16 330   M    M   9 8      20 340
19  57  23  40  12  25   0 0.00    M    M  7.7 24 290   M    M   1        30 300
20  45  30  38  10  27   0 0.15    M    M  4.7 20  10   M    M   9 18     22 360
21  33  16  25  -4  40   0    T    M    M 11.5 22  40   M    M   9 18     26  50
22  21   5  13 -16  52   0    T    M    M  6.0 14  60   M    M   6 8      17  10
23  35   2  19 -10  46   0 0.00    M    M 10.6 22 250   M    M   0        28 250
24  54  28  41  11  24   0 0.00    M    M 13.5 22 290   M    M   1        29 290
25  44  12  28  -2  37   0 0.05    M    M 12.1 24  20   M    M  10 12     30  20
26  15  -7   4 -26  61   0    T    M    M  6.5 14  20   M    M   7 8      16  10
27  26  -8   9 -22  56   0 0.00    M    M 13.0 28 180   M    M   4        34 180
================================================================================
SM 1193  483       911   0  0.27    M    244.3          M      131
================================================================================
AV 44.2 17.9                               9.0 FASTST   M    M   5    MAX(MPH)
                                 MISC ---->  # 41 300               # 53  300
================================================================================
NOTES:
# LAST OF SEVERAL OCCURRENCES

COLUMN 17 PEAK WIND IN M.P.H.

PRELIMINARY LOCAL CLIMATOLOGICAL DATA (WS FORM: F-6) , PAGE 2

                                          STATION:  CHADRON NEBRASKA AIRPORT
                                          MONTH:    FEBRUARY
                                          YEAR:     2015
                                          LATITUDE:   42 50 N
                                          LONGITUDE: 103  6 W

[TEMPERATURE DATA]      [PRECIPITATION DATA]       SYMBOLS USED IN COLUMN 16

AVERAGE MONTHLY: 31.0   TOTAL FOR MONTH:   0.27    1 = FOG OR MIST
DPTR FM NORMAL:   3.8   DPTR FM NORMAL:   -0.31    2 = FOG REDUCING VISIBILITY
HIGHEST:    71 ON  7    GRTST 24HR  0.15 ON 20-20      TO 1/4 MILE OR LESS
LOWEST:     -8 ON 27                               3 = THUNDER
                        SNOW, ICE PELLETS, HAIL    4 = ICE PELLETS
                        TOTAL MONTH:    M          5 = HAIL
                        GRTST 24HR    M  ON   M    6 = FREEZING RAIN OR DRIZZLE
                        GRTST DEPTH:  M  ON   M    7 = DUSTSTORM OR SANDSTORM:
                                                       VSBY 1/2 MILE OR LESS
                                                   8 = SMOKE OR HAZE
[NO. OF DAYS WITH]      [WEATHER - DAYS WITH]      9 = BLOWING SNOW
                                                   X = TORNADO
MAX 32 OR BELOW:   8    0.01 INCH OR MORE:   4
MAX 90 OR ABOVE:   0    0.10 INCH OR MORE:   1
MIN 32 OR BELOW:  25    0.50 INCH OR MORE:   0
MIN  0 OR BELOW:   2    1.00 INCH OR MORE:   0

[HDD (BASE 65) ]
TOTAL THIS MO.   911    CLEAR  (SCALE 0-3)   8
DPTR FM NORMAL  -108    PTCLDY (SCALE 4-7)  13
TOTAL FM JUL 1  4897    CLOUDY (SCALE 8-10)  6
DPTR FM NORMAL  -321

[CDD (BASE 65) ]
TOTAL THIS MO.     0
DPTR FM NORMAL     0    [PRESSURE DATA]
TOTAL FM JAN 1     0    HIGHEST SLP M ON M
DPTR FM NORMAL     0    LOWEST  SLP 29.65 ON  7

[REMARKS]
