000
CXUS55 KCYS 181000
CF6CDR
PRELIMINARY LOCAL CLIMATOLOGICAL DATA (WS FORM: F-6)

                                          STATION:   CHADRON NEBRASKA AIRPORT
                                          MONTH:     OCTOBER
                                          YEAR:      2017
                                          LATITUDE:   42 50 N
                                          LONGITUDE: 103  6 W

  TEMPERATURE IN F:       :PCPN:    SNOW:  WIND      :SUNSHINE: SKY     :PK WND
================================================================================
1   2   3   4   5  6A  6B    7    8   9   10  11  12  13   14  15   16   17  18
                                     12Z  AVG MX 2MIN
DY MAX MIN AVG DEP HDD CDD  WTR  SNW DPTH SPD SPD DIR MIN PSBL S-S WX    SPD DR
================================================================================

 1  67  42  55   1  10   0 0.02    M    M 10.3 26 270   M    M   2        33 260
 2  50  41  46  -7  19   0 0.28    M    M  3.8 13 330   M    M   9 1      16 320
 3  60  34  47  -6  18   0 0.00    M    M  6.3 15 290   M    M   2        19 280
 4  60  27  44  -8  21   0 0.00    M    M  8.9 28 160   M    M   6        33 150
 5  68  48  58   6   7   0 0.01    M    M  5.1 16  30   M    M   5 3      20  40
 6  60  42  51  -1  14   0 0.27    M    M  4.4 13  70   M    M   7 13     14  70
 7  80  37  59   8   6   0 0.00    M    M  8.4 20  10   M    M   0        27 240
 8  58  34  46  -5  19   0 0.17    M    M  9.9 28  20   M    M   4 1      35  10
 9  53  27  40 -10  25   0 0.00    M    M  7.3 18  30   M    M   3        23  30
10  64  21  43  -7  22   0 0.00    M    M  7.6 16 190   M    M   0        21 180
11  77  32  55   5  10   0 0.00    M    M 10.3 22 180   M    M   0        26 180
12  67  39  53   4  12   0 0.00    M    M  9.3 21 330   M    M   2        26 330
13  68  31  50   1  15   0 0.00    M    M 10.4 28 210   M    M   0        33 200
14  53  27  40  -8  25   0 0.05    M    M  7.7 22 360   M    M   6 13     27 360
15  62  23  43  -5  22   0 0.00    M    M  8.2 23 310   M    M   0        31 320
16  74  26  50   2  15   0 0.00    M    M  5.8 17 300   M    M   0        25 300
17  80  29  55   8  10   0 0.00    M    M  6.9 15 230   M    M   0        22 230
================================================================================
SM 1101  560       270   0  0.80    M    130.6          M       46
================================================================================
AV 64.8 32.9                               7.7 FASTST   M    M   3    MAX(MPH)
                                 MISC ---->  # 28 160               # 35   10
================================================================================
NOTES:
# LAST OF SEVERAL OCCURRENCES

COLUMN 17 PEAK WIND IN M.P.H.

PRELIMINARY LOCAL CLIMATOLOGICAL DATA (WS FORM: F-6) , PAGE 2

                                          STATION:  CHADRON NEBRASKA AIRPORT
                                          MONTH:    OCTOBER
                                          YEAR:     2017
                                          LATITUDE:   42 50 N
                                          LONGITUDE: 103  6 W

[TEMPERATURE DATA]      [PRECIPITATION DATA]       SYMBOLS USED IN COLUMN 16

AVERAGE MONTHLY: 48.9   TOTAL FOR MONTH:   0.80    1 = FOG OR MIST
DPTR FM NORMAL:  -1.6   DPTR FM NORMAL:   -0.01    2 = FOG REDUCING VISIBILITY
HIGHEST:    80 ON 17, 7 GRTST 24HR  0.28 ON  2- 2      TO 1/4 MILE OR LESS
LOWEST:     21 ON 10                               3 = THUNDER
                        SNOW, ICE PELLETS, HAIL    4 = ICE PELLETS
                        TOTAL MONTH:    M          5 = HAIL
                        GRTST 24HR    M  ON   M    6 = FREEZING RAIN OR DRIZZLE
                        GRTST DEPTH:  M  ON   M    7 = DUSTSTORM OR SANDSTORM:
                                                       VSBY 1/2 MILE OR LESS
                                                   8 = SMOKE OR HAZE
[NO. OF DAYS WITH]      [WEATHER - DAYS WITH]      9 = BLOWING SNOW
                                                   X = TORNADO
MAX 32 OR BELOW:   0    0.01 INCH OR MORE:   6
MAX 90 OR ABOVE:   0    0.10 INCH OR MORE:   3
MIN 32 OR BELOW:   9    0.50 INCH OR MORE:   0
MIN  0 OR BELOW:   0    1.00 INCH OR MORE:   0

[HDD (BASE 65) ]
TOTAL THIS MO.   270    CLEAR  (SCALE 0-3)  10
DPTR FM NORMAL    19    PTCLDY (SCALE 4-7)   6
TOTAL FM JUL 1   432    CLOUDY (SCALE 8-10)  1
DPTR FM NORMAL   -30

[CDD (BASE 65) ]
TOTAL THIS MO.     0
DPTR FM NORMAL     0    [PRESSURE DATA]
TOTAL FM JAN 1   776    HIGHEST SLP M ON M
DPTR FM NORMAL    66    LOWEST  SLP 29.51 ON  8

[REMARKS]
