000
CXUS55 KCYS 191000
CF6CDR
PRELIMINARY LOCAL CLIMATOLOGICAL DATA (WS FORM: F-6)

                                          STATION:   CHADRON NEBRASKA AIRPORT
                                          MONTH:     AUGUST
                                          YEAR:      2017
                                          LATITUDE:   42 50 N
                                          LONGITUDE: 103  6 W

  TEMPERATURE IN F:       :PCPN:    SNOW:  WIND      :SUNSHINE: SKY     :PK WND
================================================================================
1   2   3   4   5  6A  6B    7    8   9   10  11  12  13   14  15   16   17  18
                                     12Z  AVG MX 2MIN
DY MAX MIN AVG DEP HDD CDD  WTR  SNW DPTH SPD SPD DIR MIN PSBL S-S WX    SPD DR
================================================================================

 1  90  55  73  -2   0   8 0.14    M    M  9.7 43 330   M    M   0 13     56 330
 2  85  60  73  -2   0   8 0.20    M    M 11.5 29  40   M    M   5 13     38  40
 3  73  52  63 -12   2   0 0.00    M    M  6.9 17  40   M    M   3        22  50
 4  87  54  71  -3   0   6 0.00    M    M 13.8 25 150   M    M   1        31 160
 5  78  59  69  -5   0   4 0.21    M    M  9.5 26 310   M    M   3 13     35 320
 6  76  55  66  -8   0   1 0.49    M    M  4.1 15  10   M    M   4 13     17 200
 7  78  53  66  -8   0   1 0.00    M    M  4.6 12 150   M    M   6 12     14 100
 8  82  57  70  -4   0   5 0.00    M    M  8.8 20 170   M    M   2        24 180
 9  83  55  69  -5   0   4 0.00    M    M  5.2 17  90   M    M   1 3      21  90
10  72  51  62 -12   3   0 0.01    M    M  3.5 12 190   M    M   1        13 190
11  83  48  66  -8   0   1 0.03    M    M  9.2 28 350   M    M   0 3      35 350
12  81  50  66  -7   0   1 0.01    M    M  5.3 17 180   M    M   1        21 190
13  85  52  69  -4   0   4 0.01    M    M  5.7 16 360   M    M   0        24  10
14  91  53  72  -1   0   7    T    M    M  6.1 26 200   M    M   1        35 190
15  87  58  73   0   0   8 0.42    M    M  5.3 22 280   M    M   3 138    33 340
16  79  53  66  -7   0   1 0.07    M    M  6.1 17  20   M    M   5 1      21  20
17  91  49  70  -2   0   5 0.10    M    M  5.7 30 350   M    M   0 3      41 330
18  90  50  70  -2   0   5 0.00    M    M  6.7 16 150   M    M   0        22 280
================================================================================
SM 1491  964         5  69  1.69    M    127.7          M       36
================================================================================
AV 82.8 53.6                               7.1 FASTST   M    M   2    MAX(MPH)
                                 MISC ---->  # 43 330               # 56  330
================================================================================
NOTES:
# LAST OF SEVERAL OCCURRENCES

COLUMN 17 PEAK WIND IN M.P.H.

PRELIMINARY LOCAL CLIMATOLOGICAL DATA (WS FORM: F-6) , PAGE 2

                                          STATION:  CHADRON NEBRASKA AIRPORT
                                          MONTH:    AUGUST
                                          YEAR:     2017
                                          LATITUDE:   42 50 N
                                          LONGITUDE: 103  6 W

[TEMPERATURE DATA]      [PRECIPITATION DATA]       SYMBOLS USED IN COLUMN 16

AVERAGE MONTHLY: 68.2   TOTAL FOR MONTH:   1.69    1 = FOG OR MIST
DPTR FM NORMAL:  -5.5   DPTR FM NORMAL:    0.75    2 = FOG REDUCING VISIBILITY
HIGHEST:    91 ON 17,14 GRTST 24HR  0.49 ON  6- 6      TO 1/4 MILE OR LESS
LOWEST:     48 ON 11                               3 = THUNDER
                        SNOW, ICE PELLETS, HAIL    4 = ICE PELLETS
                        TOTAL MONTH:    M          5 = HAIL
                        GRTST 24HR    M  ON   M    6 = FREEZING RAIN OR DRIZZLE
                        GRTST DEPTH:  M  ON   M    7 = DUSTSTORM OR SANDSTORM:
                                                       VSBY 1/2 MILE OR LESS
                                                   8 = SMOKE OR HAZE
[NO. OF DAYS WITH]      [WEATHER - DAYS WITH]      9 = BLOWING SNOW
                                                   X = TORNADO
MAX 32 OR BELOW:   0    0.01 INCH OR MORE:  11
MAX 90 OR ABOVE:   4    0.10 INCH OR MORE:   6
MIN 32 OR BELOW:   0    0.50 INCH OR MORE:   0
MIN  0 OR BELOW:   0    1.00 INCH OR MORE:   0

[HDD (BASE 65) ]
TOTAL THIS MO.     5    CLEAR  (SCALE 0-3)  14
DPTR FM NORMAL     3    PTCLDY (SCALE 4-7)   4
TOTAL FM JUL 1     5    CLOUDY (SCALE 8-10)  0
DPTR FM NORMAL    -7

[CDD (BASE 65) ]
TOTAL THIS MO.    69
DPTR FM NORMAL   -93    [PRESSURE DATA]
TOTAL FM JAN 1   594    HIGHEST SLP M ON M
DPTR FM NORMAL    28    LOWEST  SLP 29.68 ON 14

[REMARKS]
