000
CXUS55 KCYS 281000
CF6CDR
PRELIMINARY LOCAL CLIMATOLOGICAL DATA (WS FORM: F-6)

                                          STATION:   CHADRON NEBRASKA AIRPORT
                                          MONTH:     MAY
                                          YEAR:      2015
                                          LATITUDE:   42 50 N
                                          LONGITUDE: 103  6 W

  TEMPERATURE IN F:       :PCPN:    SNOW:  WIND      :SUNSHINE: SKY     :PK WND
================================================================================
1   2   3   4   5  6A  6B    7    8   9   10  11  12  13   14  15   16   17  18
                                     12Z  AVG MX 2MIN
DY MAX MIN AVG DEP HDD CDD  WTR  SNW DPTH SPD SPD DIR MIN PSBL S-S WX    SPD DR
================================================================================

 1  74  36  55   5  10   0 0.00    M    M  6.0 17 170   M    M   1        20 170
 2  83  41  62  11   3   0 0.00    M    M  7.8 24 290   M    M   0        31 260
 3  71  38  55   4  10   0 0.00    M    M 10.2 25  30   M    M   0        32  30
 4  54  40  47  -5  18   0 0.11    M    M  6.6 14 100   M    M   9        17 110
 5  67  39  53   1  12   0 0.01    M    M  8.7 20 160   M    M   8        25 140
 6  68  49  59   7   6   0 0.33    M    M  8.9 23 300   M    M   9 1      31 300
 7  54  34  44  -9  21   0 0.11    M    M  6.0 17 300   M    M   8 18     22 290
 8  59  33  46  -7  19   0 0.15    M    M  4.4 16 180   M    M   9 1      20 180
 9  48  31  40 -14  25   0 1.65    M    M 16.1 28  70   M    M  10 12     35  70
10  36  31  34 -20  31   0 0.61    M    M 14.5 24 350   M    M  10 12     33 350
11  46  33  40 -14  25   0 0.00    M    M 10.3 22 310   M    M   4        30 310
12  73  32  53  -2  12   0 0.00    M    M 11.7 29 170   M    M   0        35 160
13  65  48  57   2   8   0    T    M    M  8.2 25 160   M    M   4        30 160
14  70  43  57   2   8   0 0.00    M    M  9.0 18  50   M    M   2        24  40
15  67  49  58   2   7   0 0.73    M    M 10.6 22  90   M    M   9 13     29  90
16  71  46  59   3   6   0 0.00    M    M  5.9 15 250   M    M   3 1      20 230
17  64  42  53  -3  12   0 0.01    M    M 18.1 33 310   M    M   6        45 310
18  57  40  49  -8  16   0 0.00    M    M  6.8 13  50   M    M   7 1      16  30
19  47  32  40 -17  25   0 0.40    M    M  7.3 17 110   M    M  10 1      22 110
20  48  32  40 -17  25   0 0.18    M    M  2.5 12  50   M    M   8 1      13  50
21  59  28  44 -14  21   0 0.00    M    M  7.0 18 150   M    M   6        21 150
22  57  47  52  -6  13   0    T    M    M 12.5 24 150   M    M  10        30 150
23  61  46  54  -4  11   0 0.09    M    M  8.1 16 110   M    M  10 18     20 120
24  67  52  60   1   5   0 0.53    M    M  8.8 20  30   M    M   7 13     25  30
25  63  51  57  -2   8   0 0.18    M    M  5.6 15  30   M    M   9 1      20  30
26  71  54  63   4   2   0 0.06    M    M  5.2 13 140   M    M   5 13     24 100
27  73  54  64   4   1   0 0.67    M    M  9.5 28 180   M    M   5 3      36 230
================================================================================
SM 1673 1101       360   0  5.82    M    236.3          M      169
================================================================================
AV 62.0 40.8                               8.8 FASTST   M    M   6    MAX(MPH)
                                 MISC ---->  # 33 310               # 45  310
================================================================================
NOTES:
# LAST OF SEVERAL OCCURRENCES

COLUMN 17 PEAK WIND IN M.P.H.

PRELIMINARY LOCAL CLIMATOLOGICAL DATA (WS FORM: F-6) , PAGE 2

                                          STATION:  CHADRON NEBRASKA AIRPORT
                                          MONTH:    MAY
                                          YEAR:     2015
                                          LATITUDE:   42 50 N
                                          LONGITUDE: 103  6 W

[TEMPERATURE DATA]      [PRECIPITATION DATA]       SYMBOLS USED IN COLUMN 16

AVERAGE MONTHLY: 51.4   TOTAL FOR MONTH:   5.82    1 = FOG OR MIST
DPTR FM NORMAL:  -3.9   DPTR FM NORMAL:    3.47    2 = FOG REDUCING VISIBILITY
HIGHEST:    83 ON  2    GRTST 24HR  1.78 ON  8- 9      TO 1/4 MILE OR LESS
LOWEST:     28 ON 21                               3 = THUNDER
                        SNOW, ICE PELLETS, HAIL    4 = ICE PELLETS
                        TOTAL MONTH:    M          5 = HAIL
                        GRTST 24HR    M  ON   M    6 = FREEZING RAIN OR DRIZZLE
                        GRTST DEPTH:  M  ON   M    7 = DUSTSTORM OR SANDSTORM:
                                                       VSBY 1/2 MILE OR LESS
                                                   8 = SMOKE OR HAZE
[NO. OF DAYS WITH]      [WEATHER - DAYS WITH]      9 = BLOWING SNOW
                                                   X = TORNADO
MAX 32 OR BELOW:   0    0.01 INCH OR MORE:  16
MAX 90 OR ABOVE:   0    0.10 INCH OR MORE:  12
MIN 32 OR BELOW:   6    0.50 INCH OR MORE:   5
MIN  0 OR BELOW:   0    1.00 INCH OR MORE:   1

[HDD (BASE 65) ]
TOTAL THIS MO.   360    CLEAR  (SCALE 0-3)   6
DPTR FM NORMAL    80    PTCLDY (SCALE 4-7)  10
TOTAL FM JUL 1  6520    CLOUDY (SCALE 8-10) 11
DPTR FM NORMAL  -523

[CDD (BASE 65) ]
TOTAL THIS MO.     0
DPTR FM NORMAL   -11    [PRESSURE DATA]
TOTAL FM JAN 1     0    HIGHEST SLP M ON M
DPTR FM NORMAL   -13    LOWEST  SLP 29.52 ON M

[REMARKS]
