000
CXUS55 KGJT 231000
CF6CEZ
PRELIMINARY LOCAL CLIMATOLOGICAL DATA (WS FORM: F-6)

                                          STATION:   CORTEZ CO
                                          MONTH:     MAY
                                          YEAR:      2017
                                          LATITUDE:   37 17 N
                                          LONGITUDE: 108 38 W

  TEMPERATURE IN F:       :PCPN:    SNOW:  WIND      :SUNSHINE: SKY     :PK WND
================================================================================
1   2   3   4   5  6A  6B    7    8   9   10  11  12  13   14  15   16   17  18
                                     12Z  AVG MX 2MIN
DY MAX MIN AVG DEP HDD CDD  WTR  SNW DPTH SPD SPD DIR MIN PSBL S-S WX    SPD DR
================================================================================

 1  69  29  49  -2  16   0 0.00    M    M  6.4 17 300   M    M   5        28 290
 2  71  30  51  -1  14   0 0.00    M    M  7.2 23 330   M    M   2        29 340
 3  73  33  53   1  12   0 0.00    M    M  8.9 21 320   M    M   0        29 330
 4  79  31  55   3  10   0 0.00    M    M  7.7 18 200   M    M   0        23 210
 5  83  32  58   6   7   0 0.00    M    M  5.0 18 300   M    M   0        24 310
 6  83  37  60   7   5   0 0.01    M    M  6.9 46 210   M    M   4 38     57 210
 7  80  48  64  11   1   0    T    M    M  8.1 33 200   M    M   2        43 200
 8  75  42  59   6   6   0 0.00    M    M  8.3 22 210   M    M   2        30 300
 9  57  41  49  -5  16   0 0.39    M    M  9.2 36 190   M    M   4 13     46 180
10  59  42  51  -3  14   0 0.91    M    M  6.0 23 190   M    M   5 13     28 170
11  70  36  53  -1  12   0 0.00    M    M  8.0 17 200   M    M   0 1      23 220
12  76  38  57   3   8   0 0.00    M    M  5.1 16 200   M    M   1        22 150
13  79  44  62   7   3   0 0.00    M    M 12.6 30 210   M    M   0        37 210
14  75  39  57   2   8   0 0.00    M    M  8.7 23 170   M    M   0        35 220
15  74  44  59   4   6   0 0.00    M    M 11.3 31 220   M    M   1        46 210
16  65  34  50  -6  15   0 0.00    M    M  9.5 23 290   M    M   1        30 200
17  54  34  44 -12  21   0 0.15    M    M 10.1 29 290   M    M   8 1      38 290
18  48  31  40 -16  25   0 0.10    M    M  5.0 23 210   M    M   7 1      29 210
19  56  26  41 -15  24   0 0.00    M    M  8.2 24 280   M    M   2        31 340
20  65  28  47 -10  18   0 0.00    M    M  6.6 17 280   M    M   0        22 320
21  72  30  51  -6  14   0 0.00    M    M  6.0 24 360   M    M   1        34 360
22  72  34  53  -4  12   0 0.00    M    M 10.4 23 310   M    M   0        36 280
================================================================================
SM 1535  783       267   0  1.56    M    175.2          M       45
================================================================================
AV 69.8 35.6                               8.0 FASTST   M    M   2    MAX(MPH)
                                 MISC ---->  # 46 210               # 57  210
================================================================================
NOTES:
# LAST OF SEVERAL OCCURRENCES

COLUMN 17 PEAK WIND IN M.P.H.

PRELIMINARY LOCAL CLIMATOLOGICAL DATA (WS FORM: F-6) , PAGE 2

                                          STATION:  CORTEZ CO
                                          MONTH:    MAY
                                          YEAR:     2017
                                          LATITUDE:   37 17 N
                                          LONGITUDE: 108 38 W

[TEMPERATURE DATA]      [PRECIPITATION DATA]       SYMBOLS USED IN COLUMN 16

AVERAGE MONTHLY: 52.7   TOTAL FOR MONTH:   1.56    1 = FOG OR MIST
DPTR FM NORMAL:  -1.6   DPTR FM NORMAL:    0.82    2 = FOG REDUCING VISIBILITY
HIGHEST:    83 ON  6, 5 GRTST 24HR  0.91 ON 10-10      TO 1/4 MILE OR LESS
LOWEST:     26 ON 19                               3 = THUNDER
                        SNOW, ICE PELLETS, HAIL    4 = ICE PELLETS
                        TOTAL MONTH:    M          5 = HAIL
                        GRTST 24HR    M  ON   M    6 = FREEZING RAIN OR DRIZZLE
                        GRTST DEPTH:  M  ON   M    7 = DUSTSTORM OR SANDSTORM:
                                                       VSBY 1/2 MILE OR LESS
                                                   8 = SMOKE OR HAZE
[NO. OF DAYS WITH]      [WEATHER - DAYS WITH]      9 = BLOWING SNOW
                                                   X = TORNADO
MAX 32 OR BELOW:   0    0.01 INCH OR MORE:   5
MAX 90 OR ABOVE:   0    0.10 INCH OR MORE:   4
MIN 32 OR BELOW:   8    0.50 INCH OR MORE:   1
MIN  0 OR BELOW:   0    1.00 INCH OR MORE:   0

[HDD (BASE 65) ]
TOTAL THIS MO.   267    CLEAR  (SCALE 0-3)  16
DPTR FM NORMAL    31    PTCLDY (SCALE 4-7)   5
TOTAL FM JUL 1  5570    CLOUDY (SCALE 8-10)  1
DPTR FM NORMAL  -736

[CDD (BASE 65) ]
TOTAL THIS MO.     0
DPTR FM NORMAL     0    [PRESSURE DATA]
TOTAL FM JAN 1     0    HIGHEST SLP M ON M
DPTR FM NORMAL     0    LOWEST  SLP 29.42 ON M

[REMARKS]
