000
CXUS55 KPAH 270631
CF6CGI
PRELIMINARY LOCAL CLIMATOLOGICAL DATA (WS FORM: F-6)

                                          STATION:   CAPE GIRARDEAU MO
                                          MONTH:     AUGUST
                                          YEAR:      2016
                                          LATITUDE:   37 13 N
                                          LONGITUDE:  89 35 W

  TEMPERATURE IN F:       :PCPN:    SNOW:  WIND      :SUNSHINE: SKY     :PK WND
================================================================================
1   2   3   4   5  6A  6B    7    8   9   10  11  12  13   14  15   16   17  18
                                     12Z  AVG MX 2MIN
DY MAX MIN AVG DEP HDD CDD  WTR  SNW DPTH SPD SPD DIR MIN PSBL S-S WX    SPD DR
================================================================================

 1  89  71  80   2   0  15 0.38  0.0    0  3.8 17 340   M    M   4 13     22 330
 2  90  75  83   5   0  18 0.00  0.0    0  2.3 10  40   M    M   4 1      13  50
 3  90  74  82   4   0  17    T  0.0    0  3.3 17  70   M    M   4 13     22  70
 4  94  72  83   5   0  18 0.00  0.0    0  2.3 10  80   M    M   1        11 280
 5  94  74  84   6   0  19 0.76  0.0    0  3.2 31 340   M    M   1 13     41 320
 6  87  71  79   1   0  14 0.32  0.0    0  5.0 15 350   M    M   5 18     19 340
 7  88  66  77  -1   0  12 0.00  0.0    0  3.4 10  50   M    M   0        13  40
 8  88  67  78   0   0  13 0.00  0.0    0  3.5 10  60   M    M   0        13  80
 9  90  67  79   1   0  14 0.00  0.0    0  2.2  8  90   M    M   0 1      10  80
10  92  69  81   3   0  16 0.00  0.0    0  2.4 13 100   M    M   2 128    16 100
11  91  75  83   5   0  18 0.00  0.0    0  4.6 12 130   M    M   1        14 110
12  89  76  83   5   0  18    T  0.0    0  5.0 15 150   M    M   4        21 150
13  78  73  76  -2   0  11 0.77  0.0    0  4.7 15 210   M    M   9 13     20 190
14  80  71  76  -2   0  11 1.52  0.0    0  5.9 18  50   M    M   8 1      25  40
15  80  73  77  -1   0  12 0.87  0.0    0  9.3 21 240   M    M   9 1      27 230
16  76  71  74  -3   0   9 0.21  0.0    0  4.1 13 200   M    M   8 1      16 190
17  82  71  77   0   0  12 0.01  0.0    0  3.7 10 220   M    M   7        14 220
18  81  71  76  -1   0  11 0.00  0.0    0  4.5 13 250   M    M   7        16 240
19  83  72  78   1   0  13 1.36  0.0    0  4.9 14 230   M    M   9 13     19 220
20  85  73  79   2   0  14 0.06  0.0    0  8.2 20 210   M    M   7 13     28 210
21  83  61  72  -5   0   7 0.00  0.0    0  5.8 13 340   M    M   2 1      16 350
22  82  59  71  -6   0   6 0.00  0.0    0  2.7  9 110   M    M   3 12     13  80
23  84  62  73  -3   0   8 0.00  0.0    0  5.9 13 160   M    M   6 18     17 170
24  91  74  83   7   0  18 0.00  0.0    0  9.5 20 200   M    M   1        25 220
25  91  71  81   5   0  16 0.00  0.0    0  4.2 13 280   M    M   0 1      15 280
26  92  73  83   7   0  18    T  0.0    0  4.3 25 330   M    M   2 13     34 330
================================================================================
SM 2250 1832         0 358  6.26     0.0 118.7          M      104
================================================================================
AV 86.5 70.5                               4.6 FASTST   M    M   4    MAX(MPH)
                                 MISC ---->  # 31 340               # 41  320
================================================================================
NOTES:
# LAST OF SEVERAL OCCURRENCES

COLUMN 17 PEAK WIND IN M.P.H.

PRELIMINARY LOCAL CLIMATOLOGICAL DATA (WS FORM: F-6) , PAGE 2

                                          STATION:  CAPE GIRARDEAU MO
                                          MONTH:    AUGUST
                                          YEAR:     2016
                                          LATITUDE:   37 13 N
                                          LONGITUDE:  89 35 W

[TEMPERATURE DATA]      [PRECIPITATION DATA]       SYMBOLS USED IN COLUMN 16

AVERAGE MONTHLY: 78.5   TOTAL FOR MONTH:   6.26    1 = FOG OR MIST
DPTR FM NORMAL:   1.1   DPTR FM NORMAL:    3.75    2 = FOG REDUCING VISIBILITY
HIGHEST:    94 ON  5, 4 GRTST 24HR  1.81 ON 14-15      TO 1/4 MILE OR LESS
LOWEST:     59 ON 22                               3 = THUNDER
                        SNOW, ICE PELLETS, HAIL    4 = ICE PELLETS
                        TOTAL MONTH:   0.0 INCH    5 = HAIL
                        GRTST 24HR     0.0         6 = FREEZING RAIN OR DRIZZLE
                        GRTST DEPTH:   0           7 = DUSTSTORM OR SANDSTORM:
                                                       VSBY 1/2 MILE OR LESS
                                                   8 = SMOKE OR HAZE
[NO. OF DAYS WITH]      [WEATHER - DAYS WITH]      9 = BLOWING SNOW
                                                   X = TORNADO
MAX 32 OR BELOW:   0    0.01 INCH OR MORE:  10
MAX 90 OR ABOVE:  10    0.10 INCH OR MORE:   8
MIN 32 OR BELOW:   0    0.50 INCH OR MORE:   5
MIN  0 OR BELOW:   0    1.00 INCH OR MORE:   2

[HDD (BASE 65) ]
TOTAL THIS MO.     0    CLEAR  (SCALE 0-3)  12
DPTR FM NORMAL     0    PTCLDY (SCALE 4-7)  11
TOTAL FM JUL 1     0    CLOUDY (SCALE 8-10)  3
DPTR FM NORMAL     0

[CDD (BASE 65) ]
TOTAL THIS MO.   358
DPTR FM NORMAL    35    [PRESSURE DATA]
TOTAL FM JAN 1  1366    HIGHEST SLP M ON M
DPTR FM NORMAL   157    LOWEST  SLP 29.70 ON 20

[REMARKS]
