000
CXUS55 KPAH 270628
CF6CGI
PRELIMINARY LOCAL CLIMATOLOGICAL DATA (WS FORM: F-6)

                                          STATION:   CAPE GIRARDEAU MO
                                          MONTH:     MAY
                                          YEAR:      2017
                                          LATITUDE:   37 13 N
                                          LONGITUDE:  89 35 W

  TEMPERATURE IN F:       :PCPN:    SNOW:  WIND      :SUNSHINE: SKY     :PK WND
================================================================================
1   2   3   4   5  6A  6B    7    8   9   10  11  12  13   14  15   16   17  18
                                     12Z  AVG MX 2MIN
DY MAX MIN AVG DEP HDD CDD  WTR  SNW DPTH SPD SPD DIR MIN PSBL S-S WX    SPD DR
================================================================================

 1  56  50  53  -9  12   0 0.00  0.0    0 16.4 28 260   M    M   6        35 230
 2  76  43  60  -3   5   0 0.00  0.0    0  9.5 20 270   M    M   1        25 260
 3  62  51  57  -6   8   0 0.42  0.0    0 12.6 21  60   M    M   8 1      28  40
 4  53  47  50 -13  15   0 1.88  0.0    0 16.8 32 350   M    M  10 18     42 350
 5  66  46  56  -8   9   0 0.07    M    0 16.4 32 350   M    M   3        42 340
 6  77  42  60  -4   5   0 0.00  0.0    0 10.4 26 350   M    M   1        35 310
 7  74  43  59  -5   6   0 0.00  0.0    0  3.5 15 260   M    M   0 12     19 260
 8  82  51  67   3   0   2 0.00  0.0    0  7.4 16 220   M    M   1        22 220
 9  84  58  71   6   0   6 0.00  0.0    0  8.8 18 240   M    M   0        25 230
10  84  61  73   8   0   8    T  0.0    0  8.6 22 210   M    M   1        30 210
11  86  64  75  10   0  10 0.37  0.0    0  9.3 23 280   M    M   4 13     29 280
12  71  57  64  -2   1   0 0.36  0.0    0  8.7 16  20   M    M   7 1      21  30
13  78  50  64  -2   1   0 0.00  0.0    0  3.1 14  40   M    M   0        19  40
14  81  53  67   1   0   2 0.00  0.0    0  5.1 15 180   M    M   0 12     21 200
15  84  54  69   3   0   4 0.00  0.0    0  5.8 16 210   M    M   0 1      20 230
16  86  64  75   8   0  10 0.00  0.0    0 11.7 24 210   M    M   1        31 240
17  83  70  77  10   0  12 0.03  0.0    0 15.7 31 180   M    M   5 8      41 180
18  85  68  77  10   0  12 0.65  0.0    0  9.2 20 200   M    M   5 13     25 210
19  85  68  77   9   0  12 0.01  0.0    0  7.3 25 270   M    M   2 3      33 270
20  80  68  74   6   0   9 0.79  0.0    0  7.2 37 190   M    M   5 13     53 200
21  76  58  67  -1   0   2 0.00  0.0    0  8.4 16 290   M    M   2        21 310
22  75  53  64  -4   1   0 0.00  0.0    0  3.1 10 180   M    M   0        14 110
23  73  56  65  -4   0   0 0.00  0.0    0  4.4 15 340   M    M   4        19 340
24  69  53  61  -8   4   0 0.01  0.0    0  9.7 21 330   M    M   6        25 320
25  76  51  64  -5   1   0 0.00  0.0    0  7.9 16 250   M    M   1        21 310
26  85  57  71   1   0   6    T  0.0    0 10.1 28 210   M    M   5 18     37 210
================================================================================
SM 1987 1436        68  95  4.59     0.0 237.1          M       78
================================================================================
AV 76.4 55.2                               9.1 FASTST   M    M   3    MAX(MPH)
                                 MISC ---->  # 37 190               # 53  200
================================================================================
NOTES:
# LAST OF SEVERAL OCCURRENCES

COLUMN 17 PEAK WIND IN M.P.H.

PRELIMINARY LOCAL CLIMATOLOGICAL DATA (WS FORM: F-6) , PAGE 2

                                          STATION:  CAPE GIRARDEAU MO
                                          MONTH:    MAY
                                          YEAR:     2017
                                          LATITUDE:   37 13 N
                                          LONGITUDE:  89 35 W

[TEMPERATURE DATA]      [PRECIPITATION DATA]       SYMBOLS USED IN COLUMN 16

AVERAGE MONTHLY: 65.8   TOTAL FOR MONTH:   4.59    1 = FOG OR MIST
DPTR FM NORMAL:  -0.2   DPTR FM NORMAL:   -0.14    2 = FOG REDUCING VISIBILITY
HIGHEST:    86 ON 16,11 GRTST 24HR  1.88 ON  4- 4      TO 1/4 MILE OR LESS
LOWEST:     42 ON  6                               3 = THUNDER
                        SNOW, ICE PELLETS, HAIL    4 = ICE PELLETS
                        TOTAL MONTH:   0.0 INCH    5 = HAIL
                        GRTST 24HR     0.0         6 = FREEZING RAIN OR DRIZZLE
                        GRTST DEPTH:   0           7 = DUSTSTORM OR SANDSTORM:
                                                       VSBY 1/2 MILE OR LESS
                                                   8 = SMOKE OR HAZE
[NO. OF DAYS WITH]      [WEATHER - DAYS WITH]      9 = BLOWING SNOW
                                                   X = TORNADO
MAX 32 OR BELOW:   0    0.01 INCH OR MORE:  10
MAX 90 OR ABOVE:   0    0.10 INCH OR MORE:   6
MIN 32 OR BELOW:   0    0.50 INCH OR MORE:   3
MIN  0 OR BELOW:   0    1.00 INCH OR MORE:   1

[HDD (BASE 65) ]
TOTAL THIS MO.    68    CLEAR  (SCALE 0-3)  14
DPTR FM NORMAL     4    PTCLDY (SCALE 4-7)  11
TOTAL FM JUL 1  3430    CLOUDY (SCALE 8-10)  1
DPTR FM NORMAL  -952

[CDD (BASE 65) ]
TOTAL THIS MO.    95
DPTR FM NORMAL     5    [PRESSURE DATA]
TOTAL FM JAN 1   137    HIGHEST SLP M ON M
DPTR FM NORMAL    16    LOWEST  SLP 29.48 ON 24

[REMARKS]
