000
CXUS54 KMRX 241000
CF6CHA
PRELIMINARY LOCAL CLIMATOLOGICAL DATA (WS FORM: F-6)

                                          STATION:   CHATTANOOGA  ASOS
                                          MONTH:     NOVEMBER
                                          YEAR:      2014
                                          LATITUDE:   35  1 N
                                          LONGITUDE:  85 12 W

  TEMPERATURE IN F:       :PCPN:    SNOW:  WIND      :SUNSHINE: SKY     :PK WND
================================================================================
1   2   3   4   5  6A  6B    7    8   9   10  11  12  13   14  15   16   17  18
                                     12Z  AVG MX 2MIN
DY MAX MIN AVG DEP HDD CDD  WTR  SNW DPTH SPD SPD DIR MIN PSBL S-S WX    SPD DR
================================================================================

 1  45  37  41 -15  24   0    T  0.0    0 15.4 28 330   M    M   M        38 320
 2  55  32  44 -12  21   0 0.00  0.0    0  7.6 21  30   M    M   M        26  30
 3  66  32  49  -7  16   0 0.00  0.0    0  1.2  7 160   M    M   M         9 190
 4  70  40  55   0  10   0 0.00  0.0    0  3.0 14 200   M    M   M        18 180
 5  66  48  57   2   8   0    T  0.0    0  3.5 12 180   M    M   M        15 170
 6  70  49  60   5   5   0 0.30  0.0    0 11.7 28 290   M    M   M 1      35 310
 7  56  38  47  -7  18   0 0.00  0.0    0 10.3 24  10   M    M   M        32  10
 8  64  34  49  -5  16   0 0.00  0.0    0  2.3 12 200   M    M   M 1      14 200
 9  64  39  52  -2  13   0 0.00  0.0    0  2.3 13 360   M    M   M 18     16  10
10  68  35  52  -1  13   0 0.00  0.0    0  2.1 13 180   M    M   M 12     17 180
11  73  38  56   3   9   0    T  0.0    0  3.9 13 180   M    M   M        16 130
12  61  40  51  -1  14   0 0.00  0.0    0  9.9 15 350   M    M   M        19 340
13  41  29  35 -17  30   0    T  0.0    0 12.3 18 330   M    M   M 8      23 330
14  41  24  33 -19  32   0 0.00  0.0    0 13.4 21 360   M    M   M        28 350
15  49  28  39 -12  26   0 0.00  0.0    0  7.5 16  20   M    M   M        20  30
16  48  41  45  -6  20   0 0.74  0.0    0  3.9 14 170   M    M   M 1      18 190
17  53  29  41 -10  24   0 1.02    T    0 10.9 24 320   M    M   9 1      33 330
18  35  22  29 -21  36   0    T    T    0  6.9 16 330   M    M   M        21 300
19  48  19  34 -16  31   0 0.00  0.0    0  4.5 17 200   M    M   M        22 210
20  59  32  46  -4  19   0 0.00  0.0    0  3.8 14 230   M    M   M        20 300
21  56  30  43  -6  22   0 0.00  0.0    0  2.8 13  20   M    M   M        16 150
22  62  29  46  -3  19   0 0.00  0.0    0  4.1 15 180   M    M   M        20 190
23  61  49  55   6  10   0 1.37    M    0  6.7 17 180   M    M   M 1      24 180
================================================================================
SM 1311  794       436   0  3.43    T    150.0          M        9
================================================================================
AV 57.0 34.5                               6.5 FASTST   M    M   9    MAX(MPH)
                                 MISC ---->  # 28 330               # 38  320
================================================================================
NOTES:
# LAST OF SEVERAL OCCURRENCES

COLUMN 17 PEAK WIND IN M.P.H.

PRELIMINARY LOCAL CLIMATOLOGICAL DATA (WS FORM: F-6) , PAGE 2

                                          STATION:  CHATTANOOGA  ASOS
                                          MONTH:    NOVEMBER
                                          YEAR:     2014
                                          LATITUDE:   35  1 N
                                          LONGITUDE:  85 12 W

[TEMPERATURE DATA]      [PRECIPITATION DATA]       SYMBOLS USED IN COLUMN 16

AVERAGE MONTHLY: 45.8   TOTAL FOR MONTH:   3.43    1 = FOG OR MIST
DPTR FM NORMAL:  -6.7   DPTR FM NORMAL:   -0.24    2 = FOG REDUCING VISIBILITY
HIGHEST:    73 ON 11    GRTST 24HR  1.76 ON 16-17      TO 1/4 MILE OR LESS
LOWEST:     19 ON 19                               3 = THUNDER
                        SNOW, ICE PELLETS, HAIL    4 = ICE PELLETS
                        TOTAL MONTH:    T          5 = HAIL
                        GRTST 24HR    T  ON 18-18  6 = FREEZING RAIN OR DRIZZLE
                        GRTST DEPTH:   0           7 = DUSTSTORM OR SANDSTORM:
                                                       VSBY 1/2 MILE OR LESS
                                                   8 = SMOKE OR HAZE
[NO. OF DAYS WITH]      [WEATHER - DAYS WITH]      9 = BLOWING SNOW
                                                   X = TORNADO
MAX 32 OR BELOW:   0    0.01 INCH OR MORE:   4
MAX 90 OR ABOVE:   0    0.10 INCH OR MORE:   4
MIN 32 OR BELOW:  11    0.50 INCH OR MORE:   3
MIN  0 OR BELOW:   0    1.00 INCH OR MORE:   2

[HDD (BASE 65) ]
TOTAL THIS MO.   436    CLEAR  (SCALE 0-3)   0
DPTR FM NORMAL   145    PTCLDY (SCALE 4-7)   0
TOTAL FM JUL 1   556    CLOUDY (SCALE 8-10)  1
DPTR FM NORMAL    93

[CDD (BASE 65) ]
TOTAL THIS MO.     0
DPTR FM NORMAL     0    [PRESSURE DATA]
TOTAL FM JAN 1  1910    HIGHEST SLP M ON M
DPTR FM NORMAL   173    LOWEST  SLP 29.55 ON 23

[REMARKS]
