000
CXUS55 KDVN 191100
CF6CID
PRELIMINARY LOCAL CLIMATOLOGICAL DATA (WS FORM: F-6)

                                          STATION:   CEDAR RAPIDS IA
                                          MONTH:     JANUARY
                                          YEAR:      2018
                                          LATITUDE:   41 52 N
                                          LONGITUDE:  91 42 W

  TEMPERATURE IN F:       :PCPN:    SNOW:  WIND      :SUNSHINE: SKY     :PK WND
================================================================================
1   2   3   4   5  6A  6B    7    8   9   10  11  12  13   14  15   16   17  18
                                     12Z  AVG MX 2MIN
DY MAX MIN AVG DEP HDD CDD  WTR  SNW DPTH SPD SPD DIR MIN PSBL S-S WX    SPD DR
================================================================================

 1  -7 -24 -15 -35  80   0 0.00    M    M 10.0 16 290   M    M   0        18 290
 2  15 -23  -4 -24  69   0    T    M    M 10.3 20 200   M    M   0 1      26 200
 3  17  -8   5 -15  60   0    T    M    M 14.4 24 340   M    M   3 189    31 330
 4   7 -12  -2 -22  67   0 0.00    M    M  6.8 12 340   M    M   7        14 360
 5   7  -8   0 -20  65   0    T    M    M  7.1 10 350   M    M   4 8      14 310
 6  11 -17  -3 -23  68   0 0.00    M    M  8.9 21 150   M    M   1        26 160
 7  32  11  22   3  43   0 0.00    M    M 11.2 17 160   M    M   7 1      22 160
 8  37  19  28   9  37   0 0.00    M    M  8.1 18 320   M    M   3 1      22 330
 9  35  23  29  10  36   0 0.00    M    M 10.2 21 140   M    M   1 18     26 160
10  44  32  38  19  27   0    T    M    M 10.3 21 170   M    M   7 128    29 170
11  46   8  27   8  38   0 0.05    M    M 19.6 31 310   M    M   8 14689  40 320
12  15   4  10  -9  55   0 0.00    M    M 17.1 24 330   M    M   2        32 330
13  13  -1   6 -13  59   0 0.00    M    M  8.1 21 350   M    M   2        25 350
14  24  -2  11  -8  54   0 0.03    M    M  9.9 18 180   M    M   8 18     24 170
15  25  -3  11  -8  54   0    T    M    M 20.6 29 290   M    M   8 189    36 310
16  11  -4   4 -15  61   0    T    M    M 13.8 18 310   M    M   5 89     23 300
17  23  -6   9 -10  56   0 0.00    M    M 10.5 21 230   M    M   0 18     26 240
18  36  16  26   7  39   0 0.00    M    M 10.6 18 220   M    M   0        24 210
================================================================================
SM  391    5       968   0  0.08    M    207.5          M       66
================================================================================
AV 21.7  0.3                              11.5 FASTST   M    M   4    MAX(MPH)
                                 MISC ---->  # 31 310               # 40  320
================================================================================
NOTES:
# LAST OF SEVERAL OCCURRENCES

COLUMN 17 PEAK WIND IN M.P.H.

PRELIMINARY LOCAL CLIMATOLOGICAL DATA (WS FORM: F-6) , PAGE 2

                                          STATION:  CEDAR RAPIDS IA
                                          MONTH:    JANUARY
                                          YEAR:     2018
                                          LATITUDE:   41 52 N
                                          LONGITUDE:  91 42 W

[TEMPERATURE DATA]      [PRECIPITATION DATA]       SYMBOLS USED IN COLUMN 16

AVERAGE MONTHLY: 11.0   TOTAL FOR MONTH:   0.08    1 = FOG OR MIST
DPTR FM NORMAL:  -8.3   DPTR FM NORMAL:   -0.44    2 = FOG REDUCING VISIBILITY
HIGHEST:    46 ON 11    GRTST 24HR  0.05 ON 11-11      TO 1/4 MILE OR LESS
LOWEST:    -24 ON  1                               3 = THUNDER
                        SNOW, ICE PELLETS, HAIL    4 = ICE PELLETS
                        TOTAL MONTH:    M          5 = HAIL
                        GRTST 24HR    M  ON   M    6 = FREEZING RAIN OR DRIZZLE
                        GRTST DEPTH:  M  ON   M    7 = DUSTSTORM OR SANDSTORM:
                                                       VSBY 1/2 MILE OR LESS
                                                   8 = SMOKE OR HAZE
[NO. OF DAYS WITH]      [WEATHER - DAYS WITH]      9 = BLOWING SNOW
                                                   X = TORNADO
MAX 32 OR BELOW:  13    0.01 INCH OR MORE:   2
MAX 90 OR ABOVE:   0    0.10 INCH OR MORE:   0
MIN 32 OR BELOW:  18    0.50 INCH OR MORE:   0
MIN  0 OR BELOW:  11    1.00 INCH OR MORE:   0

[HDD (BASE 65) ]
TOTAL THIS MO.   968    CLEAR  (SCALE 0-3)  10
DPTR FM NORMAL   145    PTCLDY (SCALE 4-7)   6
TOTAL FM JUL 1  3501    CLOUDY (SCALE 8-10)  2
DPTR FM NORMAL   -61

[CDD (BASE 65) ]
TOTAL THIS MO.     0
DPTR FM NORMAL     0    [PRESSURE DATA]
TOTAL FM JAN 1     0    HIGHEST SLP M ON M
DPTR FM NORMAL     0    LOWEST  SLP 29.59 ON 10

[REMARKS]
