000
CXUS55 KDVN 251100
CF6CID
PRELIMINARY LOCAL CLIMATOLOGICAL DATA (WS FORM: F-6)

                                          STATION:   CEDAR RAPIDS IA
                                          MONTH:     APRIL
                                          YEAR:      2017
                                          LATITUDE:   41 52 N
                                          LONGITUDE:  91 42 W

  TEMPERATURE IN F:       :PCPN:    SNOW:  WIND      :SUNSHINE: SKY     :PK WND
================================================================================
1   2   3   4   5  6A  6B    7    8   9   10  11  12  13   14  15   16   17  18
                                     12Z  AVG MX 2MIN
DY MAX MIN AVG DEP HDD CDD  WTR  SNW DPTH SPD SPD DIR MIN PSBL S-S WX    SPD DR
================================================================================

 1  58  29  44   0  21   0    T    M    M  3.0  9 310   M    M   3        17 170
 2  51  44  48   4  17   0 0.07    M    M  8.1 17 150   M    M   9 1      24 140
 3  55  46  51   7  14   0 0.33    M    M  8.1 13 320   M    M  10 1      26  80
 4  54  45  50   5  15   0    T    M    M  9.2 17  10   M    M   8 1      24 340
 5  48  38  43  -2  22   0 0.66    M    M 16.6 33  10   M    M  10 1      42  10
 6  53  34  44  -2  21   0 0.00    M    M 17.2 29 320   M    M   2        37 330
 7  58  26  42  -4  23   0 0.00    M    M  6.3 14 200   M    M   0        17 200
 8  76  40  58  12   7   0 0.00    M    M 13.8 24 180   M    M   1        32 170
 9  78  59  69  22   0   4 0.00    M    M 16.0 29 200   M    M   2 3      36 200
10  69  45  57  10   8   0 0.36    M    M 13.1 45 220   M    M   5 13     59 220
11  57  37  47  -1  18   0 0.00    M    M 11.4 23 300   M    M   5        28 300
12  69  35  52   4  13   0 0.00    M    M  9.6 20 140   M    M   3        25 150
13  68  45  57   9   8   0 0.21    M    M 13.9 23  60   M    M   5 13     31  50
14  72  47  60  11   5   0 0.23    M    M 11.5 22 180   M    M   4 138    32 100
15  80  60  70  21   0   5 0.58    M    M 13.3 26 200   M    M   8 13     45 330
16  69  45  57   7   8   0 0.01    M    M 10.2 22 320   M    M   1 1      29 330
17  72  45  59   9   6   0 0.00    M    M  6.0 16 210   M    M   0        20 230
18  75  50  63  13   2   0 0.04    M    M 11.0 26 180   M    M   4 1      35 180
19  71  50  61  10   4   0 0.01    M    M 11.9 22 110   M    M   5 1      28 120
20  70  43  57   6   8   0    T    M    M 19.1 30 300   M    M   9        36 300
21  59  38  49  -2  16   0 0.00    M    M 11.9 22  60   M    M   0        28  40
22  65  37  51  -1  14   0 0.00    M    M  6.5 16  20   M    M   0        22  50
23  71  35  53   1  12   0 0.00    M    M  4.5 13 200   M    M   0 8      27 310
24  76  42  59   7   6   0 0.00    M    M 11.5 25 160   M    M   0        33 160
================================================================================
SM 1574 1015       268   9  2.50    M    263.7          M       94
================================================================================
AV 65.6 42.3                              11.0 FASTST   M    M   4    MAX(MPH)
                                 MISC ---->  # 45 220               # 59  220
================================================================================
NOTES:
# LAST OF SEVERAL OCCURRENCES

COLUMN 17 PEAK WIND IN M.P.H.

PRELIMINARY LOCAL CLIMATOLOGICAL DATA (WS FORM: F-6) , PAGE 2

                                          STATION:  CEDAR RAPIDS IA
                                          MONTH:    APRIL
                                          YEAR:     2017
                                          LATITUDE:   41 52 N
                                          LONGITUDE:  91 42 W

[TEMPERATURE DATA]      [PRECIPITATION DATA]       SYMBOLS USED IN COLUMN 16

AVERAGE MONTHLY: 53.9   TOTAL FOR MONTH:   2.50    1 = FOG OR MIST
DPTR FM NORMAL:   5.8   DPTR FM NORMAL:    0.16    2 = FOG REDUCING VISIBILITY
HIGHEST:    80 ON 15    GRTST 24HR  0.66 ON  5- 5      TO 1/4 MILE OR LESS
LOWEST:     26 ON  7                               3 = THUNDER
                        SNOW, ICE PELLETS, HAIL    4 = ICE PELLETS
                        TOTAL MONTH:    M          5 = HAIL
                        GRTST 24HR    M  ON   M    6 = FREEZING RAIN OR DRIZZLE
                        GRTST DEPTH:  M  ON   M    7 = DUSTSTORM OR SANDSTORM:
                                                       VSBY 1/2 MILE OR LESS
                                                   8 = SMOKE OR HAZE
[NO. OF DAYS WITH]      [WEATHER - DAYS WITH]      9 = BLOWING SNOW
                                                   X = TORNADO
MAX 32 OR BELOW:   0    0.01 INCH OR MORE:  10
MAX 90 OR ABOVE:   0    0.10 INCH OR MORE:   6
MIN 32 OR BELOW:   2    0.50 INCH OR MORE:   2
MIN  0 OR BELOW:   0    1.00 INCH OR MORE:   0

[HDD (BASE 65) ]
TOTAL THIS MO.   268    CLEAR  (SCALE 0-3)  12
DPTR FM NORMAL  -144    PTCLDY (SCALE 4-7)   7
TOTAL FM JUL 1  5400    CLOUDY (SCALE 8-10)  5
DPTR FM NORMAL -1176

[CDD (BASE 65) ]
TOTAL THIS MO.     9
DPTR FM NORMAL     9    [PRESSURE DATA]
TOTAL FM JAN 1     9    HIGHEST SLP M ON M
DPTR FM NORMAL     9    LOWEST  SLP 29.38 ON  3

[REMARKS]
