356
CXUS51 KCLE 290800
CF6CLE
PRELIMINARY LOCAL CLIMATOLOGICAL DATA (WS FORM: F-6)

                                          STATION:   CLEVELAND OH
                                          MONTH:     APRIL
                                          YEAR:      2016
                                          LATITUDE:   41 24 N
                                          LONGITUDE:  81 51 W

  TEMPERATURE IN F:       :PCPN:    SNOW:  WIND      :SUNSHINE: SKY     :PK WND
================================================================================
1   2   3   4   5  6A  6B    7    8   9   10  11  12  13   14  15   16   17  18
                                     12Z  AVG MX 2MIN
DY MAX MIN AVG DEP HDD CDD  WTR  SNW DPTH SPD SPD DIR MIN PSBL S-S WX    SPD DR
================================================================================

 1  61  43  52   8  13   0 0.06  0.0    0 11.5 22 250   M    M   8 1      27 310
 2  46  30  38  -7  27   0 0.25  1.2    0 17.6 32 330   M    M   8 1238   43 330
 3  56  26  41  -4  24   0    T    T    T 14.2 31 220   M    M   7        45 210
 4  56  26  41  -4  24   0 0.01  0.1    0 16.3 29 220   M    M   8 1      44 220
 5  36  24  30 -16  35   0 0.00  0.0    0  9.8 18 360   M    M   4        24  20
 6  62  29  46   0  19   0 0.24  0.0    0 15.6 30 170   M    M  10 13     38 180
 7  52  32  42  -5  23   0 1.03  1.9    0 12.2 26 240   M    M  10 1      37 180
 8  42  32  37 -10  28   0 0.23  0.6    1  9.6 20 250   M    M   9 1      24 290
 9  34  25  30 -17  35   0 0.37  4.0    4 15.6 29  10   M    M   9 19     36 360
10  48  23  36 -12  29   0 0.08    T    2 12.9 22 160   M    M   8        31 150
11  55  41  48   0  17   0 0.39  0.0    0 13.1 23 210   M    M  10 18     36 220
12  44  34  39  -9  26   0 0.00  0.0    0  8.8 18 350   M    M   2        25 320
13  49  31  40  -9  25   0 0.00  0.0    0  9.2 20  40   M    M   4        22  40
14  52  33  43  -6  22   0 0.00  0.0    0  9.2 18  30   M    M   0        22  40
15  69  35  52   2  13   0 0.00  0.0    0  7.2 21  30   M    M   0        23  30
16  73  48  61  11   4   0 0.00  0.0    0  9.1 23  40   M    M   0        28  30
17  74  42  58   8   7   0 0.00  0.0    0  3.8 15 360   M    M   1        17 350
18  79  43  61  10   4   0 0.00  0.0    0  4.1 15 320   M    M   5        19 310
19  62  45  54   3  11   0 0.00  0.0    0 10.7 21  30   M    M   8        25  40
20  70  44  57   5   8   0 0.00  0.0    0  7.5 17 120   M    M   6        21 130
21  65  59  62  10   3   0 0.10  0.0    0  8.1 21 210   M    M  10        26 200
22  66  43  55   3  10   0    T  0.0    0 10.3 20 350   M    M  10 18     24 350
23  53  42  48  -4  17   0 0.00  0.0    0  8.4 17 350   M    M   7        19 350
24  66  34  50  -3  15   0 0.00  0.0    0  5.6 15  30   M    M   2        18  30
25  80  46  63  10   2   0 0.01  0.0    0  8.0 21 240   M    M   7        27 240
26  70  42  56   2   9   0 0.38  0.0    0 13.1 35 320   M    M   9 138    44 320
27  55  41  48  -6  17   0 0.00  0.0    0 12.9 24  40   M    M   7        28  50
28  51  45  48  -6  17   0 0.28  0.0    0  8.4 15  30   M    M  10 1      17  30
================================================================================
SM 1626 1038       484   0  3.43     7.8 292.8          M      179
================================================================================
AV 58.1 37.1                              10.5 FASTST   M    M   6    MAX(MPH)
                                 MISC ---->  # 35 320               # 45  210
================================================================================
NOTES:
# LAST OF SEVERAL OCCURRENCES

COLUMN 17 PEAK WIND IN M.P.H.

PRELIMINARY LOCAL CLIMATOLOGICAL DATA (WS FORM: F-6) , PAGE 2

                                          STATION:  CLEVELAND OH
                                          MONTH:    APRIL
                                          YEAR:     2016
                                          LATITUDE:   41 24 N
                                          LONGITUDE:  81 51 W

[TEMPERATURE DATA]      [PRECIPITATION DATA]       SYMBOLS USED IN COLUMN 16

AVERAGE MONTHLY: 47.6   TOTAL FOR MONTH:   3.43    1 = FOG OR MIST
DPTR FM NORMAL:  -1.8   DPTR FM NORMAL:    0.15    2 = FOG REDUCING VISIBILITY
HIGHEST:    80 ON 25    GRTST 24HR  1.08 ON  6- 7      TO 1/4 MILE OR LESS
LOWEST:     23 ON 10                               3 = THUNDER
                        SNOW, ICE PELLETS, HAIL    4 = ICE PELLETS
                        TOTAL MONTH:   7.8 INCHES  5 = HAIL
                        GRTST 24HR   4.0 ON  9- 9  6 = FREEZING RAIN OR DRIZZLE
                        GRTST DEPTH:   4 ON  9     7 = DUSTSTORM OR SANDSTORM:
                                                       VSBY 1/2 MILE OR LESS
                                                   8 = SMOKE OR HAZE
[NO. OF DAYS WITH]      [WEATHER - DAYS WITH]      9 = BLOWING SNOW
                                                   X = TORNADO
MAX 32 OR BELOW:   0    0.01 INCH OR MORE:  13
MAX 90 OR ABOVE:   0    0.10 INCH OR MORE:   9
MIN 32 OR BELOW:  10    0.50 INCH OR MORE:   1
MIN  0 OR BELOW:   0    1.00 INCH OR MORE:   1

[HDD (BASE 65) ]
TOTAL THIS MO.   484    CLEAR  (SCALE 0-3)   6
DPTR FM NORMAL    37    PTCLDY (SCALE 4-7)   8
TOTAL FM JUL 1  4698    CLOUDY (SCALE 8-10) 14
DPTR FM NORMAL  -792

[CDD (BASE 65) ]
TOTAL THIS MO.     0
DPTR FM NORMAL    -8    [PRESSURE DATA]
TOTAL FM JAN 1     0    HIGHEST SLP M ON M
DPTR FM NORMAL    -9    LOWEST  SLP 29.39 ON  7

[REMARKS]
