000
CXUS54 KMAF 231100
CF6CNM
PRELIMINARY LOCAL CLIMATOLOGICAL DATA (WS FORM: F-6)

                                          STATION:   Carlsbad
                                          MONTH:     NOVEMBER
                                          YEAR:      2017
                                          LATITUDE:   32 20 N
                                          LONGITUDE: 104 15 W

  TEMPERATURE IN F:       :PCPN:    SNOW:  WIND      :SUNSHINE: SKY     :PK WND
================================================================================
1   2   3   4   5  6A  6B    7    8   9   10  11  12  13   14  15   16   17  18
                                     12Z  AVG MX 2MIN
DY MAX MIN AVG DEP HDD CDD  WTR  SNW DPTH SPD SPD DIR MIN PSBL S-S WX    SPD DR
================================================================================

 1  80  37  59   2   6   0    T    M    0 14.1 36 260   M    M   0        45 260
 2  81  51  66   9   0   1    T  0.0    0 14.8 30 270   M    M   0        36 270
 3  82  47  65   8   0   0 0.00  0.0    0  8.3 25 240   M    M   0        31 240
 4  76  48  62   6   3   0 0.00  0.0    0  5.9 21 260   M    M   1        27 260
 5  85  56  71  15   0   6 0.00  0.0    0 13.1 26 260   M    M   0        34 240
 6  82  54  68  13   0   3 0.00  0.0    0 10.2 28 250   M    M   0        33 250
 7  76  50  63   8   2   0 0.00  0.0    0  8.1 21  30   M    M   1        25  50
 8  50  38  44 -11  21   0 0.34    M    0  6.6 10 180   M    M   9 1      43 210
 9  48  38  43 -11  22   0    T    M    0  7.0 14 140   M    M   8 1      17 140
10  50  37  44 -10  21   0    T    M    0  5.9 15 150   M    M   7 128    17 150
11  70  46  58   5   7   0    T    M    0  5.4 14 150   M    M   5 12     17 140
12  55  42  49  -4  16   0 0.00  0.0    0  9.3 24 320   M    M   5        30 330
13  61  44  53   1  12   0    T  0.0    0  6.0 18 140   M    M   7 128    23 140
14  84  43  64  12   1   0    T    M    0  6.2 23 270   M    M   5 128    29 260
15  70  49  60   8   5   0 0.00  0.0    0  9.4 23 340   M    M   0        28 340
16  70  43  57   6   8   0 0.00  0.0    0  7.6 16 170   M    M   4 1      22 180
17  84  40  62  11   3   0    T    M    0 10.3 33 250   M    M   0        40 240
18  72  31  52   2  13   0 0.00  0.0    0 11.7 37 360   M    M   0        46  10
19  57  28  43  -7  22   0 0.00  0.0    0  9.4 18 170   M    M   0        23 170
20  74  26  50   0  15   0 0.00  0.0    0  7.3 22 250   M    M   0 8      27 250
21  76  46  61  12   4   0 0.00  0.0    0 10.7 26  50   M    M   0        33  50
22  63  30  47  -2  18   0 0.00  0.0    0  8.4 20 170   M    M   0        24 160
================================================================================
SM 1546  924       199  10  0.34     0.0 195.7          M       52
================================================================================
AV 70.3 42.0                               8.9 FASTST   M    M   2    MAX(MPH)
                                 MISC ---->  # 37 360               # 46   10
================================================================================
NOTES:
# LAST OF SEVERAL OCCURRENCES

COLUMN 17 PEAK WIND IN M.P.H.

PRELIMINARY LOCAL CLIMATOLOGICAL DATA (WS FORM: F-6) , PAGE 2

                                          STATION:  Carlsbad
                                          MONTH:    NOVEMBER
                                          YEAR:     2017
                                          LATITUDE:   32 20 N
                                          LONGITUDE: 104 15 W

[TEMPERATURE DATA]      [PRECIPITATION DATA]       SYMBOLS USED IN COLUMN 16

AVERAGE MONTHLY: 56.1   TOTAL FOR MONTH:   0.34    1 = FOG OR MIST
DPTR FM NORMAL:   3.0   DPTR FM NORMAL:   -0.15    2 = FOG REDUCING VISIBILITY
HIGHEST:    85 ON  5    GRTST 24HR  0.34 ON  8- 8      TO 1/4 MILE OR LESS
LOWEST:     26 ON 20                               3 = THUNDER
                        SNOW, ICE PELLETS, HAIL    4 = ICE PELLETS
                        TOTAL MONTH:   0.0 INCH    5 = HAIL
                        GRTST 24HR     0.0         6 = FREEZING RAIN OR DRIZZLE
                        GRTST DEPTH:   0           7 = DUSTSTORM OR SANDSTORM:
                                                       VSBY 1/2 MILE OR LESS
                                                   8 = SMOKE OR HAZE
[NO. OF DAYS WITH]      [WEATHER - DAYS WITH]      9 = BLOWING SNOW
                                                   X = TORNADO
MAX 32 OR BELOW:   0    0.01 INCH OR MORE:   1
MAX 90 OR ABOVE:   0    0.10 INCH OR MORE:   1
MIN 32 OR BELOW:   4    0.50 INCH OR MORE:   0
MIN  0 OR BELOW:   0    1.00 INCH OR MORE:   0

[HDD (BASE 65) ]
TOTAL THIS MO.   199    CLEAR  (SCALE 0-3)  14
DPTR FM NORMAL   -66    PTCLDY (SCALE 4-7)   6
TOTAL FM JUL 1   352    CLOUDY (SCALE 8-10)  2
DPTR FM NORMAL   -41

[CDD (BASE 65) ]
TOTAL THIS MO.    10
DPTR FM NORMAL    10    [PRESSURE DATA]
TOTAL FM JAN 1  2261    HIGHEST SLP M ON M
DPTR FM NORMAL   176    LOWEST  SLP 29.72 ON 17

[REMARKS]
