079
CXUS53 KICT 190800
CF6CNU
PRELIMINARY LOCAL CLIMATOLOGICAL DATA (WS FORM: F-6)

                                          STATION:   CHANUTE KS
                                          MONTH:     FEBRUARY
                                          YEAR:      2018
                                          LATITUDE:   37 40 N
                                          LONGITUDE:  95 29 W

  TEMPERATURE IN F:       :PCPN:    SNOW:  WIND      :SUNSHINE: SKY     :PK WND
================================================================================
1   2   3   4   5  6A  6B    7    8   9   10  11  12  13   14  15   16   17  18
                                     12Z  AVG MX 2MIN
DY MAX MIN AVG DEP HDD CDD  WTR  SNW DPTH SPD SPD DIR MIN PSBL S-S WX    SPD DR
================================================================================

 1  42  18  30  -4  35   0 0.00    M    M 11.1 23  10   M    M   2        31  10
 2  41  11  26  -8  39   0 0.00    M    M  7.1 15 170   M    M   1        19 150
 3  50  31  41   7  24   0    T    M    M 12.2 22 190   M    M   2        26 190
 4  36   6  21 -13  44   0 0.01    M    M 12.5 26 340   M    M   5 1      36 340
 5  33   2  18 -17  47   0 0.00    M    M  7.1 15 180   0    0   0         M  M
 6  31  15  23 -12  42   0 0.00    M    M 10.4 16  60   M    M   3        22  60
 7  38  12  25 -10  40   0 0.00    M    M  5.8 13 350   M    M   1        16 350
 8  56  18  37   2  28   0 0.00    M    M 12.8 22 190   M    M   0        29 190
 9  51  27  39   3  26   0 0.00    M    M 13.2 22  20   M    M   3 8      29 290
10  28  17  23 -13  42   0    T    M    M 12.7 22  10   M    M  10 168    27  10
11  31  13  22 -14  43   0 0.00    M    M  7.7 17 360   M    M   6 1      23 360
12  41   9  25 -11  40   0 0.00    M    M  8.1 17 100   M    M   1        23  80
13  51  26  39   2  26   0 0.00    M    M 10.9 20 180   M    M   6        24 180
14  62  45  54  17  11   0 0.00    M    M 12.7 22 200   M    M   6 1      27 190
15  77  45  61  24   4   0    T    M    M 16.1 29 220   M    M   1        37 240
16  45  30  38   0  27   0    T    M    M 12.2 25  10   M    M   4        36 360
17  60  30  45   7  20   0 0.21    M    M  8.6 22 330   M    M   4 1      29 350
18  56  30  43   5  22   0    T    M    M 17.9 32 180   M    M   4 1      38 180
================================================================================
SM  829  385       560   0  0.22    M    199.1            0     59
================================================================================
AV 46.1 21.4                              11.1 FASTST    0   0   3    MAX(MPH)
                                 MISC ---->  # 32 180               # 38  180
================================================================================
NOTES:
# LAST OF SEVERAL OCCURRENCES

COLUMN 17 PEAK WIND IN M.P.H.

PRELIMINARY LOCAL CLIMATOLOGICAL DATA (WS FORM: F-6) , PAGE 2

                                          STATION:  CHANUTE KS
                                          MONTH:    FEBRUARY
                                          YEAR:     2018
                                          LATITUDE:   37 40 N
                                          LONGITUDE:  95 29 W

[TEMPERATURE DATA]      [PRECIPITATION DATA]       SYMBOLS USED IN COLUMN 16

AVERAGE MONTHLY: 33.7   TOTAL FOR MONTH:   0.22    1 = FOG OR MIST
DPTR FM NORMAL:  -2.1   DPTR FM NORMAL:   -0.88    2 = FOG REDUCING VISIBILITY
HIGHEST:    77 ON 15    GRTST 24HR  0.21 ON 17-17      TO 1/4 MILE OR LESS
LOWEST:      2 ON  5                               3 = THUNDER
                        SNOW, ICE PELLETS, HAIL    4 = ICE PELLETS
                        TOTAL MONTH:    M          5 = HAIL
                        GRTST 24HR    M  ON   M    6 = FREEZING RAIN OR DRIZZLE
                        GRTST DEPTH:  M  ON   M    7 = DUSTSTORM OR SANDSTORM:
                                                       VSBY 1/2 MILE OR LESS
                                                   8 = SMOKE OR HAZE
[NO. OF DAYS WITH]      [WEATHER - DAYS WITH]      9 = BLOWING SNOW
                                                   X = TORNADO
MAX 32 OR BELOW:   3    0.01 INCH OR MORE:   2
MAX 90 OR ABOVE:   0    0.10 INCH OR MORE:   1
MIN 32 OR BELOW:  16    0.50 INCH OR MORE:   0
MIN  0 OR BELOW:   0    1.00 INCH OR MORE:   0

[HDD (BASE 65) ]
TOTAL THIS MO.   560    CLEAR  (SCALE 0-3)   9
DPTR FM NORMAL    35    PTCLDY (SCALE 4-7)   8
TOTAL FM JUL 1  3101    CLOUDY (SCALE 8-10)  1
DPTR FM NORMAL  -223

[CDD (BASE 65) ]
TOTAL THIS MO.     0
DPTR FM NORMAL     0    [PRESSURE DATA]
TOTAL FM JAN 1     0    HIGHEST SLP  0.00 ON  5
DPTR FM NORMAL     0    LOWEST  SLP 29.59 ON 18

[REMARKS]
