000
CXUS55 KRIW 280945
CF6COD
PRELIMINARY LOCAL CLIMATOLOGICAL DATA (WS FORM: F-6)

                                          STATION:   CODY WY
                                          MONTH:     APRIL
                                          YEAR:      2016
                                          LATITUDE:   44 31 N
                                          LONGITUDE: 109  1 W

  TEMPERATURE IN F:       :PCPN:    SNOW:  WIND      :SUNSHINE: SKY     :PK WND
================================================================================
1   2   3   4   5  6A  6B    7    8   9   10  11  12  13   14  15   16   17  18
                                     12Z  AVG MX 2MIN
DY MAX MIN AVG DEP HDD CDD  WTR  SNW DPTH SPD SPD DIR MIN PSBL S-S WX    SPD DR
================================================================================

 1  54  28  41  -1  24   0 0.00  0.0    M  3.8 10 210   M    M   7         M  M
 2  63  39  51   9  14   0    M    M    M 12.4 23 250   M    M   0        33 250
 3  63  48  56  14   9   0 0.00  0.0    M  9.7 18 250   M    M   5        28 250
 4  66  43  55  13  10   0 0.02    M    M  9.3 28 260   M    M   1        39 260
 5  50  36  43   1  22   0 0.01    M    M 15.1 20 270   M    M   2        37 290
 6  63  45  54  11  11   0 0.00  0.0    M 16.2 23 250   M    M   1        40 250
 7  59  34  47   4  18   0 0.00  0.0    M  5.1 12  30   M    M   0        18 310
 8  70  34  52   9  13   0 0.00  0.0    M  6.2 16 110   M    M   0        18 120
 9  72  45  59  16   6   0 0.00  0.0    M 11.8 20 270   M    M   0        32 260
10  46  39  43  -1  22   0 0.00  0.0    M 10.0 18 340   M    M   8        25 340
11  66  32  49   5  16   0 0.00  0.0    M  5.1 10 250   M    M   3        22 250
12  66  46  56  12   9   0 0.02  0.0    M  8.9 17 120   M    M   1        29 250
13  66  45  56  12   9   0 0.00  0.0    M  8.7 15 280   M    M   3        22 280
14  57  39  48   4  17   0 0.17    M    M  9.2 27 240   M    M   5        41 240
15  54  32  43  -2  22   0 0.00  0.0    M 12.8 23 360   M    M   5        37 260
16  48  30  39  -6  26   0 0.00  0.0    M 11.4 17  10   M    M   7        25 360
17  46  27  37  -8  28   0 0.00  0.0    M  8.5 17  10   M    M   5        27  10
18  37  32  35 -11  30   0 0.79    M    M  5.4 14 350   M    M  10         M  M
19  46  34  40  -6  25   0 0.80    M    M  4.6 12 340   M    M  10         M  M
20  63  37  50   4  15   0 0.00  0.0    M  5.0 15  10   M    M   4         M  M
21  70  41  56  10   9   0 0.00  0.0    M  7.4 16 120   M    M   0        23 120
22  75  50  63  16   2   0 0.00  0.0    M  7.4 16 150   M    M   1        22 150
23  64  46  55   8  10   0 0.00  0.0    0  9.9 20 360   M    M   3 3      27  10
24  54  39  47   0  18   0 0.01    M    M 13.2 21 350   M    M  10        27 350
25  46  36  41  -7  24   0 0.02    M    M  7.2 15 360   M    M  10         M  M
26  36  30  33 -15  32   0    M    M    M 12.2 17  10   M    M  10        22 360
27  39  28  34 -14  31   0    M    M    M  7.5 13 360   M    M  10        16  10
================================================================================
SM 1539 1015       472   0  1.84     0.0 244.0          M      121
================================================================================
AV 57.0 37.6                               9.0 FASTST   M    M   4    MAX(MPH)
                                 MISC ---->    28   M                 41    M
================================================================================
NOTES:
# LAST OF SEVERAL OCCURRENCES

COLUMN 17 PEAK WIND IN M.P.H.

PRELIMINARY LOCAL CLIMATOLOGICAL DATA (WS FORM: F-6) , PAGE 2

                                          STATION:  CODY WY
                                          MONTH:    APRIL
                                          YEAR:     2016
                                          LATITUDE:   44 31 N
                                          LONGITUDE: 109  1 W

[TEMPERATURE DATA]      [PRECIPITATION DATA]       SYMBOLS USED IN COLUMN 16

AVERAGE MONTHLY: 47.3   TOTAL FOR MONTH:   1.84    1 = FOG OR MIST
DPTR FM NORMAL:   2.6   DPTR FM NORMAL:    0.93    2 = FOG REDUCING VISIBILITY
HIGHEST:    75 ON 22    GRTST 24HR  0.80 ON 19-19      TO 1/4 MILE OR LESS
LOWEST:     27 ON 17                               3 = THUNDER
                        SNOW, ICE PELLETS, HAIL    4 = ICE PELLETS
                        TOTAL MONTH:   0.0 INCH    5 = HAIL
                        GRTST 24HR     0.0         6 = FREEZING RAIN OR DRIZZLE
                        GRTST DEPTH:   0           7 = DUSTSTORM OR SANDSTORM:
                                                       VSBY 1/2 MILE OR LESS
                                                   8 = SMOKE OR HAZE
[NO. OF DAYS WITH]      [WEATHER - DAYS WITH]      9 = BLOWING SNOW
                                                   X = TORNADO
MAX 32 OR BELOW:   0    0.01 INCH OR MORE:   8
MAX 90 OR ABOVE:   0    0.10 INCH OR MORE:   3
MIN 32 OR BELOW:   8    0.50 INCH OR MORE:   2
MIN  0 OR BELOW:   0    1.00 INCH OR MORE:   0

[HDD (BASE 65) ]
TOTAL THIS MO.   472    CLEAR  (SCALE 0-3)  12
DPTR FM NORMAL     M    PTCLDY (SCALE 4-7)   8
TOTAL FM JUL 1  6004    CLOUDY (SCALE 8-10)  7
DPTR FM NORMAL     M

[CDD (BASE 65) ]
TOTAL THIS MO.     0
DPTR FM NORMAL     0    [PRESSURE DATA]
TOTAL FM JAN 1     0    HIGHEST SLP M ON M
DPTR FM NORMAL     0    LOWEST  SLP M ON M

[REMARKS]
