000
CXUS55 KRIW 010901
CF6CPR
PRELIMINARY LOCAL CLIMATOLOGICAL DATA (WS FORM: F-6)

                                          STATION:   CASPER WY
                                          MONTH:     FEBRUARY
                                          YEAR:      2015
                                          LATITUDE:   42 55 N
                                          LONGITUDE: 106 28 W

  TEMPERATURE IN F:       :PCPN:    SNOW:  WIND      :SUNSHINE: SKY     :PK WND
================================================================================
1   2   3   4   5  6A  6B    7    8   9   10  11  12  13   14  15   16   17  18
                                     12Z  AVG MX 2MIN
DY MAX MIN AVG DEP HDD CDD  WTR  SNW DPTH SPD SPD DIR MIN PSBL S-S WX    SPD DR
================================================================================

 1  32  11  22  -3  43   0    T    T    T  8.5 16 210   M    M   7 18     21 220
 2  49  30  40  15  25   0 0.00  0.0    0 16.1 26 230   M    M   3        35 220
 3  52  21  37  12  28   0 0.07  0.3    0 14.8 30  10   M    M   4 1      38  10
 4  27  14  21  -4  44   0 0.23  2.7    3  5.8 26  20   M    M   7 18     36  10
 5  50  27  39  14  26   0 0.00  0.0    2 16.1 28 220   M    M   1        37 220
 6  60  40  50  25  15   0 0.00  0.0    T 22.9 36 220   M    M   0        47 230
 7  60  39  50  25  15   0 0.00  0.0    0 23.0 45 250   M    M   0        59 250
 8  57  31  44  19  21   0 0.00  0.0    0 12.2 26 300   M    M   0        33 290
 9  62  23  43  18  22   0 0.00  0.0    0 15.2 35 250   M    M   0        46 250
10  53  31  42  16  23   0    T  0.0    0 10.2 20 310   M    M   3        26 320
11  52  25  39  13  26   0 0.00  0.0    0  6.7 17 250   M    M   4        22 240
12  57  27  42  16  23   0 0.00  0.0    0 12.0 23 210   M    M   2        27 210
13  61  28  45  19  20   0 0.00  0.0    0 11.0 23 210   M    M   0        28 210
14  57  33  45  19  20   0 0.00  0.0    0 12.7 25 210   M    M   1        34 200
15  36  24  30   4  35   0 0.11  1.1    0  8.3 15  30   M    M   9 18     19  40
16  30  15  23  -4  42   0 0.15  3.3    1  6.8 17 260   M    M  10 128    21  10
17  30  14  22  -5  43   0    T    T    3 11.3 24 290   M    M   5 8      29 290
18  47  17  32   5  33   0 0.00  0.0    2 10.1 21 260   M    M   5        25 260
19  57  24  41  14  24   0 0.00  0.0    1 13.6 26 210   M    M   1        32 230
20  42  22  32   4  33   0 0.06  0.9    1  6.7 21  20   M    M   8 1      24  30
21  26   4  15 -13  50   0 0.10  2.9    3 10.5 24  20   M    M  10 18     30  10
22  16  -8   4 -24  61   0    T  0.2    3  8.5 17  80   M    M   6 18     19  80
23  23  -7   8 -21  57   0 0.00  0.0    2 12.8 23 220   M    M   0        29 210
24  44  10  27  -2  38   0 0.00  0.0    1 13.1 24 210   M    M   2        30 210
25  35  11  23  -6  42   0 0.06  0.9    T 11.3 26  20   M    M  10 1      34  20
26  12   0   6 -24  59   0 0.01  0.1    T  9.6 16  60   M    M   9 18     19  60
27  28  -5  12 -18  53   0 0.00  0.0    T  5.4 15 210   M    M   2 18     18 220
28  23  11  17 -13  48   0    T    T    T 10.4 15  70   M    M   9 1      19  70
================================================================================
SM 1178  512       969   0  0.79    12.4 325.6          M      118
================================================================================
AV 42.1 18.3                              11.6 FASTST   M    M   4    MAX(MPH)
                                 MISC ---->  # 45 250               # 59  250
================================================================================
NOTES:
# LAST OF SEVERAL OCCURRENCES

COLUMN 17 PEAK WIND IN M.P.H.

PRELIMINARY LOCAL CLIMATOLOGICAL DATA (WS FORM: F-6) , PAGE 2

                                          STATION:  CASPER WY
                                          MONTH:    FEBRUARY
                                          YEAR:     2015
                                          LATITUDE:   42 55 N
                                          LONGITUDE: 106 28 W

[TEMPERATURE DATA]      [PRECIPITATION DATA]       SYMBOLS USED IN COLUMN 16

AVERAGE MONTHLY: 30.2   TOTAL FOR MONTH:   0.79    1 = FOG OR MIST
DPTR FM NORMAL:   3.5   DPTR FM NORMAL:    0.22    2 = FOG REDUCING VISIBILITY
HIGHEST:    62 ON  9    GRTST 24HR  0.30 ON  3- 4      TO 1/4 MILE OR LESS
LOWEST:     -8 ON 22                               3 = THUNDER
                        SNOW, ICE PELLETS, HAIL    4 = ICE PELLETS
                        TOTAL MONTH:  12.4 INCHES  5 = HAIL
                        GRTST 24HR   3.3 ON   M    6 = FREEZING RAIN OR DRIZZLE
                        GRTST DEPTH:   3 ON 22,21  7 = DUSTSTORM OR SANDSTORM:
                                                       VSBY 1/2 MILE OR LESS
                                                   8 = SMOKE OR HAZE
[NO. OF DAYS WITH]      [WEATHER - DAYS WITH]      9 = BLOWING SNOW
                                                   X = TORNADO
MAX 32 OR BELOW:  10    0.01 INCH OR MORE:   8
MAX 90 OR ABOVE:   0    0.10 INCH OR MORE:   4
MIN 32 OR BELOW:  25    0.50 INCH OR MORE:   0
MIN  0 OR BELOW:   4    1.00 INCH OR MORE:   0

[HDD (BASE 65) ]
TOTAL THIS MO.   969    CLEAR  (SCALE 0-3)  13
DPTR FM NORMAL  -102    PTCLDY (SCALE 4-7)   8
TOTAL FM JUL 1  5051    CLOUDY (SCALE 8-10)  7
DPTR FM NORMAL  -397

[CDD (BASE 65) ]
TOTAL THIS MO.     0
DPTR FM NORMAL     0    [PRESSURE DATA]
TOTAL FM JAN 1     0    HIGHEST SLP M ON M
DPTR FM NORMAL     0    LOWEST  SLP 29.75 ON 20

[REMARKS]
#FINAL-02-15#
