000
CXUS55 KRIW 240901
CF6CPR
PRELIMINARY LOCAL CLIMATOLOGICAL DATA (WS FORM: F-6)

                                          STATION:   CASPER WY
                                          MONTH:     APRIL
                                          YEAR:      2014
                                          LATITUDE:   42 55 N
                                          LONGITUDE: 106 28 W

  TEMPERATURE IN F:       :PCPN:    SNOW:  WIND      :SUNSHINE: SKY     :PK WND
================================================================================
1   2   3   4   5  6A  6B    7    8   9   10  11  12  13   14  15   16   17  18
                                     12Z  AVG MX 2MIN
DY MAX MIN AVG DEP HDD CDD  WTR  SNW DPTH SPD SPD DIR MIN PSBL S-S WX    SPD DR
================================================================================

 1  45  26  36  -3  29   0    T    T    T  7.8 18  80   M    M   8 18     23  90
 2  48  26  37  -2  28   0 0.19  1.8    1  9.3 22 210   M    M   7 12     27 290
 3  46  18  32  -8  33   0    T    T    0  5.8 17  10   M    M   4 12     21  40
 4  52  20  36  -4  29   0 0.00  0.0    0 13.1 26 270   M    M   2        36 250
 5  55  31  43   3  22   0 0.00  0.0    0  8.2 18  30   M    M   2        26 350
 6  55  24  40   0  25   0 0.00  0.0    0  9.7 33 340   M    M   3        42 350
 7  52  29  41   1  24   0 0.04    T    T 10.4 26 320   M    M   7 1      35 320
 8  68  33  51  10  14   0 0.00  0.0    0 11.7 22 280   M    M   0        29 270
 9  71  39  55  14  10   0 0.00  0.0    0 15.7 35 240   M    M   1        44 240
10  63  31  47   6  18   0 0.00  0.0    0  8.8 22 260   M    M   2        29 280
11  68  30  49   8  16   0 0.00  0.0    0 13.8 32 270   M    M   0        40 250
12  56  30  43   1  22   0 0.18  0.2    0 13.0 31  40   M    M   5 1      37  40
13  30  12  21 -21  44   0 0.11  3.1    1 16.0 28  20   M    M  10 18     32  20
14  43  10  27 -15  38   0 0.00  0.0    T 12.5 22 270   M    M   1        28 270
15  60  32  46   4  19   0 0.10  0.1    0 18.5 32 300   M    M   2 1      39 310
16  46  27  37  -6  28   0 0.02    T    T  7.5 18  40   M    M   7 1      22  40
17  63  29  46   3  19   0 0.00  0.0    0  9.6 23 250   M    M   3 12     34 240
18  74  37  56  13   9   0 0.00  0.0    0 19.6 38 220   M    M   1        50 230
19  70  25  48   4  17   0 0.00  0.0    0  6.5 22 270   M    M   0        28 240
20  71  36  54  10  11   0 0.00  0.0    0 11.4 20 360   M    M   1        30 350
21  66  27  47   3  18   0 0.00  0.0    0  4.4 13  90   M    M   1        18 110
22  72  33  53   9  12   0 0.00  0.0    0 11.2 32 280   M    M   1        43 230
23  57  30  44  -1  21   0 0.00  0.0    0 19.9 36 250   M    M   2        44 260
================================================================================
SM 1331  635       506   0  0.64     5.2 264.4          M       70
================================================================================
AV 57.9 27.6                              11.5 FASTST   M    M   3    MAX(MPH)
                                 MISC ---->  # 38 220               # 50  230
================================================================================
NOTES:
# LAST OF SEVERAL OCCURRENCES

COLUMN 17 PEAK WIND IN M.P.H.

PRELIMINARY LOCAL CLIMATOLOGICAL DATA (WS FORM: F-6) , PAGE 2

                                          STATION:  CASPER WY
                                          MONTH:    APRIL
                                          YEAR:     2014
                                          LATITUDE:   42 55 N
                                          LONGITUDE: 106 28 W

[TEMPERATURE DATA]      [PRECIPITATION DATA]       SYMBOLS USED IN COLUMN 16

AVERAGE MONTHLY: 42.7   TOTAL FOR MONTH:   0.64    1 = FOG OR MIST
DPTR FM NORMAL:   1.0   DPTR FM NORMAL:   -0.28    2 = FOG REDUCING VISIBILITY
HIGHEST:    74 ON 18    GRTST 24HR  0.27 ON 12-13      TO 1/4 MILE OR LESS
LOWEST:     10 ON 14                               3 = THUNDER
                        SNOW, ICE PELLETS, HAIL    4 = ICE PELLETS
                        TOTAL MONTH:   5.2 INCHES  5 = HAIL
                        GRTST 24HR   3.1 ON   M    6 = FREEZING RAIN OR DRIZZLE
                        GRTST DEPTH:   1 ON 13, 2  7 = DUSTSTORM OR SANDSTORM:
                                                       VSBY 1/2 MILE OR LESS
                                                   8 = SMOKE OR HAZE
[NO. OF DAYS WITH]      [WEATHER - DAYS WITH]      9 = BLOWING SNOW
                                                   X = TORNADO
MAX 32 OR BELOW:   1    0.01 INCH OR MORE:   6
MAX 90 OR ABOVE:   0    0.10 INCH OR MORE:   4
MIN 32 OR BELOW:  18    0.50 INCH OR MORE:   0
MIN  0 OR BELOW:   0    1.00 INCH OR MORE:   0

[HDD (BASE 65) ]
TOTAL THIS MO.   506    CLEAR  (SCALE 0-3)  14
DPTR FM NORMAL   -30    PTCLDY (SCALE 4-7)   7
TOTAL FM JUL 1  7182    CLOUDY (SCALE 8-10)  2
DPTR FM NORMAL   273

[CDD (BASE 65) ]
TOTAL THIS MO.     0
DPTR FM NORMAL     0    [PRESSURE DATA]
TOTAL FM JAN 1     0    HIGHEST SLP M ON M
DPTR FM NORMAL     0    LOWEST  SLP 29.35 ON 22

[REMARKS]
