237
CXUS55 KRIW 230945
CF6CPR
PRELIMINARY LOCAL CLIMATOLOGICAL DATA (WS FORM: F-6)

                                          STATION:   CASPER WY
                                          MONTH:     AUGUST
                                          YEAR:      2016
                                          LATITUDE:   42 55 N
                                          LONGITUDE: 106 28 W

  TEMPERATURE IN F:       :PCPN:    SNOW:  WIND      :SUNSHINE: SKY     :PK WND
================================================================================
1   2   3   4   5  6A  6B    7    8   9   10  11  12  13   14  15   16   17  18
                                     12Z  AVG MX 2MIN
DY MAX MIN AVG DEP HDD CDD  WTR  SNW DPTH SPD SPD DIR MIN PSBL S-S WX    SPD DR
================================================================================

 1  95  60  78   6   0  13 0.00  0.0    0 12.4 29 300   M    M   0        34 310
 2  96  55  76   5   0  11 0.00  0.0    0  6.2 26 310   M    M   0        34 310
 3  96  58  77   6   0  12    T  0.0    0 13.6 29 270   M    M   1 3      45 260
 4  82  44  63  -8   2   0 0.00  0.0    0  8.5 13  90   M    M   0         M  M
 5  87  48  68  -3   0   3 0.00  0.0    0  8.2 23  80   M    M   0        27  80
 6  85  47  66  -5   0   1    T  0.0    0  6.2 16  80   M    M   1        21  90
 7  93  52  73   2   0   8    T  0.0    0  8.3 37 300   M    M   2 123    49 290
 8  93  61  77   6   0  12 0.00  0.0    0 12.3 29 250   M    M   1        37 250
 9  94  50  72   1   0   7    T  0.0    0 11.8 36 210   M    M   0        46 210
10  93  60  77   7   0  12 0.00  0.0    0 13.8 28 230   M    M   0        41 220
11  81  51  66  -4   0   1 0.23  0.0    0  9.1 40 300   M    M   1 3      50 230
12  82  48  65  -5   0   0 0.00  0.0    0  7.9 16 300   M    M   1        21 290
13  84  48  66  -4   0   1 0.00  0.0    0  6.7 14 220   M    M   0        22  60
14  92  47  70   0   0   5 0.00  0.0    0  8.9 23 260   M    M   0        28 300
15  87  47  67  -3   0   2    T  0.0    0  7.8 33 360   M    M   0 3      42 360
16  89  42  66  -3   0   1 0.00  0.0    0  4.3 14 160   M    M   0        17 170
17  92  52  72   3   0   7    T  0.0    0 10.2 39 270   M    M   0 3      49 280
18  75  51  63  -6   2   0 0.05  0.0    0 10.8 28  20   M    M   5 1      34  30
19  55  40  48 -21  17   0 0.24  0.0    0  9.6 26  10   M    M   6 12     33  20
20  76  38  57 -11   8   0 0.00  0.0    0  9.0 20 230   M    M   0        23 230
21  89  38  64  -4   1   0 0.00  0.0    0  6.7 18 210   M    M   0        24 200
22  92  52  72   4   0   7 0.00  0.0    0 12.7 31 240   M    M   0        40 250
================================================================================
SM 1908 1089        30 103  0.52     0.0 205.0          M       18
================================================================================
AV 86.7 49.5                               9.3 FASTST   M    M   1    MAX(MPH)
                                 MISC ---->  # 40 300               # 50  230
================================================================================
NOTES:
# LAST OF SEVERAL OCCURRENCES

COLUMN 17 PEAK WIND IN M.P.H.

PRELIMINARY LOCAL CLIMATOLOGICAL DATA (WS FORM: F-6) , PAGE 2

                                          STATION:  CASPER WY
                                          MONTH:    AUGUST
                                          YEAR:     2016
                                          LATITUDE:   42 55 N
                                          LONGITUDE: 106 28 W

[TEMPERATURE DATA]      [PRECIPITATION DATA]       SYMBOLS USED IN COLUMN 16

AVERAGE MONTHLY: 68.1   TOTAL FOR MONTH:   0.52    1 = FOG OR MIST
DPTR FM NORMAL:  -1.9   DPTR FM NORMAL:   -0.12    2 = FOG REDUCING VISIBILITY
HIGHEST:    96 ON  3, 2 GRTST 24HR  0.29 ON 18-19      TO 1/4 MILE OR LESS
LOWEST:     38 ON 21,20                            3 = THUNDER
                        SNOW, ICE PELLETS, HAIL    4 = ICE PELLETS
                        TOTAL MONTH:   0.0 INCH    5 = HAIL
                        GRTST 24HR     0.0         6 = FREEZING RAIN OR DRIZZLE
                        GRTST DEPTH:   0           7 = DUSTSTORM OR SANDSTORM:
                                                       VSBY 1/2 MILE OR LESS
                                                   8 = SMOKE OR HAZE
[NO. OF DAYS WITH]      [WEATHER - DAYS WITH]      9 = BLOWING SNOW
                                                   X = TORNADO
MAX 32 OR BELOW:   0    0.01 INCH OR MORE:   3
MAX 90 OR ABOVE:  10    0.10 INCH OR MORE:   2
MIN 32 OR BELOW:   0    0.50 INCH OR MORE:   0
MIN  0 OR BELOW:   0    1.00 INCH OR MORE:   0

[HDD (BASE 65) ]
TOTAL THIS MO.    30    CLEAR  (SCALE 0-3)  20
DPTR FM NORMAL    17    PTCLDY (SCALE 4-7)   2
TOTAL FM JUL 1    35    CLOUDY (SCALE 8-10)  0
DPTR FM NORMAL     6

[CDD (BASE 65) ]
TOTAL THIS MO.   103
DPTR FM NORMAL   -21    [PRESSURE DATA]
TOTAL FM JAN 1   412    HIGHEST SLP M ON M
DPTR FM NORMAL    43    LOWEST  SLP 29.71 ON  9

[REMARKS]
