000
CXUS54 KFWD 270730
CF6CPT
PRELIMINARY LOCAL CLIMATOLOGICAL DATA (WS FORM: F-6)

                                          STATION:   CLEBURNE
                                          MONTH:     MARCH
                                          YEAR:      2015
                                          LATITUDE:   32 20 N
                                          LONGITUDE:  97 24 W

  TEMPERATURE IN F:       :PCPN:    SNOW:  WIND      :SUNSHINE: SKY     :PK WND
================================================================================
1   2   3   4   5  6A  6B    7    8   9   10  11  12  13   14  15   16   17  18
                                     12Z  AVG MX 2MIN
DY MAX MIN AVG DEP HDD CDD  WTR  SNW DPTH SPD SPD DIR MIN PSBL S-S WX    SPD DR
================================================================================

 1  36  32  34 -18  31   0 0.02  0.0    0  6.6 15 360   M    M  10 16     20 350
 2  39  34  37 -15  28   0 0.01  0.0    M  7.3 16  10   M    M  10 12     22 360
 3  52  39  46  -6  19   0 0.02  0.0    0  3.7  8 170   M    M  10 123     M  M
 4  54  28  41 -11  24   0 0.77    M    0  8.2 27 360   M    M  10 123    35  20
 5  37  23  30 -23  35   0 0.02    M    M   M   M   M   M    M   2 3       M  M
 6  52  25  39 -14  26   0 0.00  0.0    0  5.5  8 140   M    M   0         M  M
 7  57  30  44  -9  21   0 0.00  0.0    0  5.2  9 140   M    M   4         M  M
 8  50  45  48  -6  17   0 0.06  0.0    0  8.1 12 150   M    M  10 1       M  M
 9  50  46  48  -6  17   0 0.68  0.0    0  7.0 12  40   M    M  10 123    15 350
10  57  48  53  -1  12   0 0.00  0.0    0  5.5 12 310   M    M  10 13      M  M
11  64  46  55   1  10   0 0.00  0.0    0  5.4 12  50   M    M   5 12      M  M
12  70  48  59   4   6   0 0.00  0.0    0  8.7 13  30   M    M   1        21  30
13  66  54  60   5   5   0 0.00  0.0    0  9.6 24 360   M    M   7 13     28 360
14  70  54  62   7   3   0 0.00  0.0    0 12.3 29 360   M    M   7 13     40 360
15  66  54  60   4   5   0 0.00  0.0    0  5.5 12 350   M    M   9        15 350
16  77  52  65   9   0   0 0.00  0.0    0  5.1 13 150   M    M   0 1      15 200
17  77  59  68  12   0   3 0.00  0.0    0  5.7 12 180   M    M   1 13      M  M
18  66  55  61   5   4   0 0.10  0.0    0  5.1 10 290   M    M   4 13      M  M
19  75  59  67  10   0   2 0.00  0.0    0  7.4 12 150   M    M   6 123     M  M
20  66  54  60   3   5   0 0.43  0.0    0  9.5 15  20   M    M   9 13     21  10
21  61  54  58   1   7   0 0.12  0.0    0  6.1 13  50   M    M   8 13      M  M
22  64  54  59   1   6   0 0.00  0.0    0  2.8  7 330   M    M   7 13      M  M
23  75  46  61   3   4   0 0.00  0.0    0  7.0 13 130   M    M   4 12     16 140
24  82  59  71  13   0   6 0.00  0.0    0 13.8 20 180   M    M   1 1      24 190
25  81  59  70  12   0   5 0.00  0.0    0 13.2 20 160   M    M   2 13     21 170
26  70  45  58  -1   7   0 0.00  0.0    0 14.9 24 320   M    M   4 3      36 320
================================================================================
SM 1614 1202       292  16  2.23     0.0 189.2          M      151
================================================================================
AV 62.1 46.2                               7.6 FASTST   M    M   6    MAX(MPH)
                                 MISC ---->    29   M                 40    M
================================================================================
NOTES:
# LAST OF SEVERAL OCCURRENCES

COLUMN 17 PEAK WIND IN M.P.H.

PRELIMINARY LOCAL CLIMATOLOGICAL DATA (WS FORM: F-6) , PAGE 2

                                          STATION:  CLEBURNE
                                          MONTH:    MARCH
                                          YEAR:     2015
                                          LATITUDE:   32 20 N
                                          LONGITUDE:  97 24 W

[TEMPERATURE DATA]      [PRECIPITATION DATA]       SYMBOLS USED IN COLUMN 16

AVERAGE MONTHLY: 54.2   TOTAL FOR MONTH:   2.23    1 = FOG OR MIST
DPTR FM NORMAL:  -1.0   DPTR FM NORMAL:   -0.84    2 = FOG REDUCING VISIBILITY
HIGHEST:    82 ON 24    GRTST 24HR  0.77 ON  4- 4      TO 1/4 MILE OR LESS
LOWEST:     23 ON  5                               3 = THUNDER
                        SNOW, ICE PELLETS, HAIL    4 = ICE PELLETS
                        TOTAL MONTH:   0.0 INCH    5 = HAIL
                        GRTST 24HR     0.0         6 = FREEZING RAIN OR DRIZZLE
                        GRTST DEPTH:   0           7 = DUSTSTORM OR SANDSTORM:
                                                       VSBY 1/2 MILE OR LESS
                                                   8 = SMOKE OR HAZE
[NO. OF DAYS WITH]      [WEATHER - DAYS WITH]      9 = BLOWING SNOW
                                                   X = TORNADO
MAX 32 OR BELOW:   0    0.01 INCH OR MORE:  10
MAX 90 OR ABOVE:   0    0.10 INCH OR MORE:   5
MIN 32 OR BELOW:   5    0.50 INCH OR MORE:   2
MIN  0 OR BELOW:   0    1.00 INCH OR MORE:   0

[HDD (BASE 65) ]
TOTAL THIS MO.   292    CLEAR  (SCALE 0-3)   7
DPTR FM NORMAL    23    PTCLDY (SCALE 4-7)  10
TOTAL FM JUL 1  2298    CLOUDY (SCALE 8-10)  9
DPTR FM NORMAL   -13

[CDD (BASE 65) ]
TOTAL THIS MO.    16
DPTR FM NORMAL     4    [PRESSURE DATA]
TOTAL FM JAN 1    16    HIGHEST SLP M ON M
DPTR FM NORMAL     0    LOWEST  SLP M ON M

[REMARKS]
