000
CXUS54 KFWD 300730
CF6CPT
PRELIMINARY LOCAL CLIMATOLOGICAL DATA (WS FORM: F-6)

                                          STATION:   CLEBURNE
                                          MONTH:     MARCH
                                          YEAR:      2017
                                          LATITUDE:   32 20 N
                                          LONGITUDE:  97 24 W

  TEMPERATURE IN F:       :PCPN:    SNOW:  WIND      :SUNSHINE: SKY     :PK WND
================================================================================
1   2   3   4   5  6A  6B    7    8   9   10  11  12  13   14  15   16   17  18
                                     12Z  AVG MX 2MIN
DY MAX MIN AVG DEP HDD CDD  WTR  SNW DPTH SPD SPD DIR MIN PSBL S-S WX    SPD DR
================================================================================

 1  68  43  56   4   9   0 0.00  0.0    0 12.0 22 360   M    M   0 1      31 340
 2  64  36  50  -2  15   0 0.00  0.0    0  5.1 10  60   M    M   0        14  90
 3  68  41  55   3  10   0 0.00  0.0    0  6.5 17 170   M    M   0        18 140
 4  57  48  53   1  12   0 0.12  0.0    0 11.1 20 140   M    M   9 1      18 150
 5  64  52  58   5   7   0 0.15  0.0    0 10.0 17 140   M    M  10 12     20 130
 6  82  64  73  20   0   8 0.00  0.0    0 15.9 28 170   M    M   6 1      38 170
 7  70  52  61   8   4   0 0.12  0.0    0 13.0 30  10   M    M   3 13     37  10
 8  72  45  59   5   6   0 0.00  0.0    0  7.3 20 130   M    M   2        17 140
 9  77  59  68  14   0   3 0.00  0.0    0 10.6 16 180   M    M   6 1      20 150
10  73  61  67  13   0   2 0.00  0.0    0  6.8 16  10   M    M   3 18      M  M
11  73  48  61   7   4   0 0.00  0.0    0  7.5 22  20   M    M   5        29  20
12  50  43  47  -8  18   0 0.25  0.0    0  8.8 17 360   M    M  10 1      21  20
13  64  43  54  -1  11   0 0.08  0.0    0 10.1 23 350   M    M   4 1      27 350
14  64  36  50  -5  15   0 0.00  0.0    0  6.0 10  90   M    M   1         M  M
15  66  45  56   0   9   0 0.00  0.0    0 11.0 16  90   M    M   0        18  60
16  72  54  63   7   2   0 0.00  0.0    0 14.7 22 180   M    M   8 1      27 180
17  77  64  71  15   0   6 0.00  0.0    0 14.2 18 190   M    M   8        25 180
18  81  63  72  16   0   7 0.00  0.0    0  8.8 13 190   M    M   2 8      18 170
19  82  61  72  15   0   7 0.00  0.0    0 10.9 18 190   M    M   2 12     23 170
20  88  63  76  19   0  11 0.00  0.0    0 13.8 18 190   M    M   1        27 190
21  82  59  71  14   0   6 0.00  0.0    0 12.2 17 200   M    M   0        23 170
22  81  61  71  13   0   6 0.00  0.0    0 11.2 16 150   M    M   1 1      23 200
23  82  63  73  15   0   8 0.00  0.0    0 19.6 28 190   M    M   3        39 170
24  82  55  69  11   0   4 0.10  0.0    0 15.0 30 170   M    M   5 3      45 170
25  72  50  61   3   4   0 0.00  0.0    0 10.5 20 310   M    M   0 8      23 310
26  82  52  67   8   0   2 0.06  0.0    0 13.7 23 190   M    M   2 13     30 190
27  75  57  66   7   0   1 0.00  0.0    0  8.3 14  10   M    M   3 18     20 180
28  79  61  70  10   0   5 0.00  0.0    0 14.3 23 150   M    M   9 18     35 150
29  77  54  66   6   0   1 0.78  0.0    0 13.6 31 260   M    M   3 13     47 260
================================================================================
SM 2124 1533       126  77  1.66     0.0 322.5          M      106
================================================================================
AV 73.2 52.9                              11.1 FASTST   M    M   4    MAX(MPH)
                                 MISC ---->    31   M                 47    M
================================================================================
NOTES:
# LAST OF SEVERAL OCCURRENCES

COLUMN 17 PEAK WIND IN M.P.H.

PRELIMINARY LOCAL CLIMATOLOGICAL DATA (WS FORM: F-6) , PAGE 2

                                          STATION:  CLEBURNE
                                          MONTH:    MARCH
                                          YEAR:     2017
                                          LATITUDE:   32 20 N
                                          LONGITUDE:  97 24 W

[TEMPERATURE DATA]      [PRECIPITATION DATA]       SYMBOLS USED IN COLUMN 16

AVERAGE MONTHLY: 63.1   TOTAL FOR MONTH:   1.66    1 = FOG OR MIST
DPTR FM NORMAL:   7.4   DPTR FM NORMAL:   -1.75    2 = FOG REDUCING VISIBILITY
HIGHEST:    88 ON 20    GRTST 24HR  0.78 ON 29-29      TO 1/4 MILE OR LESS
LOWEST:     36 ON 14, 2                            3 = THUNDER
                        SNOW, ICE PELLETS, HAIL    4 = ICE PELLETS
                        TOTAL MONTH:   0.0 INCH    5 = HAIL
                        GRTST 24HR     0.0         6 = FREEZING RAIN OR DRIZZLE
                        GRTST DEPTH:   0           7 = DUSTSTORM OR SANDSTORM:
                                                       VSBY 1/2 MILE OR LESS
                                                   8 = SMOKE OR HAZE
[NO. OF DAYS WITH]      [WEATHER - DAYS WITH]      9 = BLOWING SNOW
                                                   X = TORNADO
MAX 32 OR BELOW:   0    0.01 INCH OR MORE:   8
MAX 90 OR ABOVE:   0    0.10 INCH OR MORE:   6
MIN 32 OR BELOW:   0    0.50 INCH OR MORE:   1
MIN  0 OR BELOW:   0    1.00 INCH OR MORE:   0

[HDD (BASE 65) ]
TOTAL THIS MO.   126    CLEAR  (SCALE 0-3)  17
DPTR FM NORMAL  -163    PTCLDY (SCALE 4-7)   8
TOTAL FM JUL 1  1395    CLOUDY (SCALE 8-10)  4
DPTR FM NORMAL  -936

[CDD (BASE 65) ]
TOTAL THIS MO.    77
DPTR FM NORMAL    62    [PRESSURE DATA]
TOTAL FM JAN 1   122    HIGHEST SLP M ON M
DPTR FM NORMAL   103    LOWEST  SLP M ON M

[REMARKS]
