000
CXUS52 KILM 011000
CF6CRE
PRELIMINARY LOCAL CLIMATOLOGICAL DATA (WS FORM: F-6)

                                          STATION:   NORTH MYRTLE BEACH SC
                                          MONTH:     FEBRUARY
                                          YEAR:      2015
                                          LATITUDE:   33 49 N
                                          LONGITUDE:  78 43 W

  TEMPERATURE IN F:       :PCPN:    SNOW:  WIND      :SUNSHINE: SKY     :PK WND
================================================================================
1   2   3   4   5  6A  6B    7    8   9   10  11  12  13   14  15   16   17  18
                                     12Z  AVG MX 2MIN
DY MAX MIN AVG DEP HDD CDD  WTR  SNW DPTH SPD SPD DIR MIN PSBL S-S WX    SPD DR
================================================================================

 1  60  31  46   0  19   0 0.10    M    M  5.6 16 210   M    M   2 1      22 190
 2  62  39  51   5  14   0 0.07    M    M 16.5 29 270   M    M   6 1      43 270
 3  43  29  36 -10  29   0 0.00    M    M  5.8 17  20   M    M   0        23  20
 4  58  28  43  -3  22   0 0.11    M    M  3.8 13  70   M    M   3 1      16  80
 5  58  35  47   1  18   0 0.01    M    M  8.4 21  20   M    M   5 1      29  20
 6  42  25  34 -13  31   0 0.00    M    M  5.4 14  30   M    M   0        18  40
 7  54  29  42  -5  23   0 0.00    M    M  8.5 20 210   M    M   0        25 210
 8  66  45  56   9   9   0 0.00    M    M 13.8 23 210   M    M   0        29 220
 9  67  46  57  10   8   0 0.00    M    M  7.4 15 220   M    M   0        20 220
10  54  40  47   0  18   0 0.14    M    M 12.2 21 350   M    M   9 1      35 340
11  53  35  44  -3  21   0 0.00    M    M  7.2 17 360   M    M   1        24 350
12  67  36  52   5  13   0 0.00    M    M 12.4 25 350   M    M   1        41 350
13  39  24  32 -16  33   0 0.00    M    M  7.2 18  40   M    M   0        24  30
14  57  22  40  -8  25   0 0.00    M    M 11.0 23 200   M    M   0        30 250
15  53  25  39  -9  26   0 0.00    M    M  9.8 28 360   M    M   0        41 350
16  57  24  41  -7  24   0    T    M    M  8.7 16 210   M    M   7        22  90
17  58  32  45  -3  20   0 0.44    M    M 10.4 26 230   M    M   7 16     33 230
18  50  29  40  -8  25   0 0.00    M    M  7.5 22 280   M    M   2 1      33 280
19  34  19  27 -22  38   0 0.00    M    M  8.1 18 290   M    M   0        28 270
20  35  15  25 -24  40   0 0.00    M    M  5.8 16  20   M    M   0        21  20
21  54  24  39 -10  26   0 0.16    M    M  5.8 13 100   M    M   6 18     21 100
22  59  50  55   6  10   0    T    M    M  3.7  9 190   M    M   7 12     12 190
23  58  35  47  -2  18   0 0.42    M    M  8.6 20  10   M    M  10 12     25  10
24  35  28  32 -18  33   0 0.24    M    M 10.2 20  40   M    M  10 16     24  30
25  39  31  35 -15  30   0 0.81    M    M  5.9 20  50   M    M   9 18     25  50
26  41  36  39 -11  26   0 0.57    M    M  8.0 22  90   M    M  10 1      29  70
27  52  32  42  -8  23   0 0.00    M    M  5.2 15  40   M    M   0 1      19  20
28  52  32  42  -8  23   0    T    M    M 11.4 20  50   M    M   5 8      24  50
================================================================================
SM 1457  876       645   0  3.07    M    234.3          M      100
================================================================================
AV 52.0 31.3                               8.4 FASTST   M    M   4    MAX(MPH)
                                 MISC ---->  # 29 270               # 43  270
================================================================================
NOTES:
# LAST OF SEVERAL OCCURRENCES

COLUMN 17 PEAK WIND IN M.P.H.

PRELIMINARY LOCAL CLIMATOLOGICAL DATA (WS FORM: F-6) , PAGE 2

                                          STATION:  NORTH MYRTLE BEACH SC
                                          MONTH:    FEBRUARY
                                          YEAR:     2015
                                          LATITUDE:   33 49 N
                                          LONGITUDE:  78 43 W

[TEMPERATURE DATA]      [PRECIPITATION DATA]       SYMBOLS USED IN COLUMN 16

AVERAGE MONTHLY: 41.7   TOTAL FOR MONTH:   3.07    1 = FOG OR MIST
DPTR FM NORMAL:  -6.3   DPTR FM NORMAL:   -0.35    2 = FOG REDUCING VISIBILITY
HIGHEST:    67 ON 12, 9 GRTST 24HR  1.38 ON 25-26      TO 1/4 MILE OR LESS
LOWEST:     15 ON 20                               3 = THUNDER
                        SNOW, ICE PELLETS, HAIL    4 = ICE PELLETS
                        TOTAL MONTH:    M          5 = HAIL
                        GRTST 24HR    M  ON   M    6 = FREEZING RAIN OR DRIZZLE
                        GRTST DEPTH:  M  ON   M    7 = DUSTSTORM OR SANDSTORM:
                                                       VSBY 1/2 MILE OR LESS
                                                   8 = SMOKE OR HAZE
[NO. OF DAYS WITH]      [WEATHER - DAYS WITH]      9 = BLOWING SNOW
                                                   X = TORNADO
MAX 32 OR BELOW:   0    0.01 INCH OR MORE:  11
MAX 90 OR ABOVE:   0    0.10 INCH OR MORE:   9
MIN 32 OR BELOW:  18    0.50 INCH OR MORE:   2
MIN  0 OR BELOW:   0    1.00 INCH OR MORE:   0

[HDD (BASE 65) ]
TOTAL THIS MO.   645    CLEAR  (SCALE 0-3)  15
DPTR FM NORMAL   169    PTCLDY (SCALE 4-7)   8
TOTAL FM JUL 1  2055    CLOUDY (SCALE 8-10)  5
DPTR FM NORMAL   111

[CDD (BASE 65) ]
TOTAL THIS MO.     0
DPTR FM NORMAL     0    [PRESSURE DATA]
TOTAL FM JAN 1     1    HIGHEST SLP 30.68 ON 28
DPTR FM NORMAL     1    LOWEST  SLP 29.48 ON 26

[REMARKS]
#FINAL-02-15#
