000
CXUS54 KCRP 311300
CF6CRP
PRELIMINARY LOCAL CLIMATOLOGICAL DATA (WS FORM: F-6)

                                          STATION:   CORPUS CHRISTI
                                          MONTH:     OCTOBER
                                          YEAR:      2014
                                          LATITUDE:   27 46 N
                                          LONGITUDE:  97 30 W

  TEMPERATURE IN F:       :PCPN:    SNOW:  WIND      :SUNSHINE: SKY     :PK WND
================================================================================
1   2   3   4   5  6A  6B    7    8   9   10  11  12  13   14  15   16   17  18
                                     12Z  AVG MX 2MIN
DY MAX MIN AVG DEP HDD CDD  WTR  SNW DPTH SPD SPD DIR MIN PSBL S-S WX    SPD DR
================================================================================

 1  90  74  82   4   0  17 0.00  0.0    0  9.1 17 140   M    M   4 1      22 150
 2  91  79  85   7   0  20 0.00  0.0    0 12.6 23 170   M    M   5 1      28 150
 3  86  70  78   0   0  13 0.09  0.0    0 11.9 24 360   M    M   3 13     32 360
 4  82  66  74  -3   0   9 0.00  0.0    0 11.2 16  80   M    M   2        22  80
 5  88  65  77   0   0  12 0.00  0.0    0  9.7 20 140   M    M   3        28 130
 6  91  72  82   5   0  17 0.00  0.0    0  8.1 18 190   M    M   6 1      22 160
 7  90  72  81   4   0  16 0.00  0.0    0  6.6 16 130   M    M   3 12     24 130
 8  91  71  81   5   0  16 0.00  0.0    0  9.0 18 140   M    M   4 1      24 140
 9  90  75  83   7   0  18 0.00  0.0    0 11.5 20 140   M    M   3        26 160
10  91  76  84   8   0  19 0.00  0.0    0 13.9 24 140   M    M   3        35 140
11  89  68  79   3   0  14 0.14  0.0    0  8.2 21 160   M    M   6 13     25 150
12  86  67  77   1   0  12 0.06  0.0    0 11.0 21 150   M    M   6 13     29 150
13  90  68  79   4   0  14 0.03  0.0    0 15.7 28 320   M    M   2        33 310
14  86  55  71  -4   0   6 0.00  0.0    0  8.1 20 320   M    M   0        26 360
15  87  53  70  -5   0   5 0.00  0.0    0  6.3 16 150   M    M   0        22 150
16  86  55  71  -4   0   6 0.00  0.0    0  9.5 21 160   M    M   0        28 150
17  88  59  74   0   0   9 0.00  0.0    0  8.7 21 190   M    M   2        32 130
18  88  73  81   7   0  16 0.94  0.0    0  8.7 22  10   M    M   6 13     30  20
19  84  72  78   4   0  13 0.00  0.0    0 10.1 20 100   M    M   7        23  90
20  77  71  74   0   0   9 1.68  0.0    0  9.0 21  90   M    M   6 13     24 160
21  84  70  77   3   0  12 0.00  0.0    0 11.5 18  70   M    M   5        25  70
22  84  67  76   3   0  11 0.00  0.0    0 10.3 20  90   M    M   4        24  80
23  83  66  75   2   0  10 0.00  0.0    0  6.6 16  40   M    M   4        18  40
24  84  64  74   1   0   9 0.00  0.0    0  5.8 13 110   M    M   1 1      18  80
25  85  61  73   0   0   8 0.00  0.0    0  5.4 13 110   M    M   0 1      14  80
26  85  60  73   1   0   8 0.00  0.0    0  7.3 17 160   M    M   2 1      27 140
27  86  64  75   3   0  10 0.00  0.0    0 12.0 23 150   M    M   4        30 150
28  87  67  77   5   0  12 0.00  0.0    0  9.3 18 150   M    M   4        25 180
29  88  68  78   6   0  13 0.00  0.0    0  4.7 13  80   M    M   5        16 100
30  86  69  78   7   0  13 0.00  0.0    0  7.7 16 100   M    M   5 1      20  80
================================================================================
SM 2603 2017         0 367  2.94     0.0 279.5          M      105
================================================================================
AV 86.8 67.2                               9.3 FASTST   M    M   4    MAX(MPH)
                                 MISC ---->  # 28 320               # 35  140
================================================================================
NOTES:
# LAST OF SEVERAL OCCURRENCES

COLUMN 17 PEAK WIND IN M.P.H.

PRELIMINARY LOCAL CLIMATOLOGICAL DATA (WS FORM: F-6) , PAGE 2

                                          STATION:  CORPUS CHRISTI
                                          MONTH:    OCTOBER
                                          YEAR:     2014
                                          LATITUDE:   27 46 N
                                          LONGITUDE:  97 30 W

[TEMPERATURE DATA]      [PRECIPITATION DATA]       SYMBOLS USED IN COLUMN 16

AVERAGE MONTHLY: 77.0   TOTAL FOR MONTH:   2.94    1 = FOG OR MIST
DPTR FM NORMAL:   2.2   DPTR FM NORMAL:   -0.60    2 = FOG REDUCING VISIBILITY
HIGHEST:    91 ON 10, 8 GRTST 24HR  1.68 ON 19-20      TO 1/4 MILE OR LESS
LOWEST:     53 ON 15                               3 = THUNDER
                        SNOW, ICE PELLETS, HAIL    4 = ICE PELLETS
                        TOTAL MONTH:   0.0 INCH    5 = HAIL
                        GRTST 24HR     0.0         6 = FREEZING RAIN OR DRIZZLE
                        GRTST DEPTH:   0           7 = DUSTSTORM OR SANDSTORM:
                                                       VSBY 1/2 MILE OR LESS
                                                   8 = SMOKE OR HAZE
[NO. OF DAYS WITH]      [WEATHER - DAYS WITH]      9 = BLOWING SNOW
                                                   X = TORNADO
MAX 32 OR BELOW:   0    0.01 INCH OR MORE:   6
MAX 90 OR ABOVE:   8    0.10 INCH OR MORE:   3
MIN 32 OR BELOW:   0    0.50 INCH OR MORE:   2
MIN  0 OR BELOW:   0    1.00 INCH OR MORE:   1

[HDD (BASE 65) ]
TOTAL THIS MO.     0    CLEAR  (SCALE 0-3)  13
DPTR FM NORMAL    -7    PTCLDY (SCALE 4-7)  17
TOTAL FM JUL 1     0    CLOUDY (SCALE 8-10)  0
DPTR FM NORMAL    -7

[CDD (BASE 65) ]
TOTAL THIS MO.   367
DPTR FM NORMAL    64    [PRESSURE DATA]
TOTAL FM JAN 1  3574    HIGHEST SLP M ON M
DPTR FM NORMAL   228    LOWEST  SLP 29.70 ON 13

[REMARKS]
