560
CXUS54 KFWD 300730
CF6CRS
PRELIMINARY LOCAL CLIMATOLOGICAL DATA (WS FORM: F-6)

                                          STATION:   CORSICANA
                                          MONTH:     APRIL
                                          YEAR:      2016
                                          LATITUDE:   32  1 N
                                          LONGITUDE:  96 24 W

  TEMPERATURE IN F:       :PCPN:    SNOW:  WIND      :SUNSHINE: SKY     :PK WND
================================================================================
1   2   3   4   5  6A  6B    7    8   9   10  11  12  13   14  15   16   17  18
                                     12Z  AVG MX 2MIN
DY MAX MIN AVG DEP HDD CDD  WTR  SNW DPTH SPD SPD DIR MIN PSBL S-S WX    SPD DR
================================================================================

 1  61  46  54  -8  11   0 0.24  0.0    0  7.9 16  30   M    M   6        26  40
 2  69  43  56  -6   9   0 0.00  0.0    0  7.7 16 340   M    M   0        23 320
 3  75  44  60  -2   5   0 0.00  0.0    0  7.5 14 190   M    M   0        18 220
 4  81  50  66   3   0   1 0.00  0.0    0  9.4 16 210   M    M   0        20 220
 5  82  53  68   5   0   3 0.00  0.0    0  9.3 17 190   M    M   0        24 200
 6  79  54  67   4   0   2 0.00  0.0    0 11.4 23 340   M    M   1        30 340
 7  85  48  67   4   0   2 0.00  0.0    0  8.6 17 210   M    M   0        22 220
 8  76  56  66   2   0   1 0.00  0.0    0  6.3 16  70   M    M   0 8      21  60
 9  69  54  62  -2   3   0 0.02  0.0    0  7.1 18 170   M    M   5        25 160
10  81  61  71   7   0   6 0.00  0.0    0 15.2 23 200   M    M   7        31 200
11  86  63  75  11   0  10 0.37  0.0    0 12.1 25 170   M    M   6 13     35 170
12  67  61  64  -1   1   0 0.05  0.0    0  8.1 16  40   M    M  10        22  50
13  69  55  62  -3   3   0 0.14  0.0    0  5.8 15 350   M    M   9 1      22  80
14  70  57  64  -1   1   0    T  0.0    0  6.9 12 350   M    M   8 1      14  50
15  75  56  66   1   0   1 0.00  0.0    0  6.1 14 130   M    M   4 12     17 120
16  81  63  72   6   0   7    T  0.0    0 13.0 21  90   M    M   8 1      26  80
17  72  62  67   1   0   2 3.11  0.0    0 11.5 22 120   M    M   9 13     31 120
18  77  64  71   5   0   6 0.61  0.0    0  9.5 22  60   M    M   7 13     29  50
19  80  65  73   7   0   8 0.00  0.0    0  3.9 12 140   M    M   8 1      15 140
20  76  61  69   2   0   4 0.97  0.0    0  6.6 31 330   M    M   8 13     45 310
21  79  62  71   4   0   6 0.80  0.0    0  5.3 21 340   M    M   3 13     26 340
22  81  57  69   2   0   4 0.00  0.0    0  5.8 14 340   M    M   1        18 340
23  82  57  70   2   0   5 0.00  0.0    0  4.9 13 180   M    M   0        16 140
24  80  59  70   2   0   5 0.00  0.0    0 11.1 22 180   M    M   2        27 170
25  86  67  77   9   0  12 0.00  0.0    0 11.5 20 160   M    M   7        25 190
26  86  64  75   7   0  10 0.39  0.0    0 15.6 24 160   M    M   8 13     33 170
27  87  63  75   6   0  10 0.04  0.0    0  8.1 17 260   M    M   2 138    23 260
28  86  61  74   5   0   9 0.00  0.0    0  8.7 15 110   M    M   1        20  90
29  79  69  74   5   0   9 1.46  0.0    0  9.1 24 150   M    M   9 138    31 150
================================================================================
SM 2257 1675        33 123  8.20     0.0 254.0          M      129
================================================================================
AV 77.8 57.8                               8.8 FASTST   M    M   4    MAX(MPH)
                                 MISC ---->  # 31 330               # 45  310
================================================================================
NOTES:
# LAST OF SEVERAL OCCURRENCES

COLUMN 17 PEAK WIND IN M.P.H.

PRELIMINARY LOCAL CLIMATOLOGICAL DATA (WS FORM: F-6) , PAGE 2

                                          STATION:  CORSICANA
                                          MONTH:    APRIL
                                          YEAR:     2016
                                          LATITUDE:   32  1 N
                                          LONGITUDE:  96 24 W

[TEMPERATURE DATA]      [PRECIPITATION DATA]       SYMBOLS USED IN COLUMN 16

AVERAGE MONTHLY: 67.8   TOTAL FOR MONTH:   8.20    1 = FOG OR MIST
DPTR FM NORMAL:   2.3   DPTR FM NORMAL:    5.36    2 = FOG REDUCING VISIBILITY
HIGHEST:    87 ON 27    GRTST 24HR  3.72 ON 17-18      TO 1/4 MILE OR LESS
LOWEST:     43 ON  2                               3 = THUNDER
                        SNOW, ICE PELLETS, HAIL    4 = ICE PELLETS
                        TOTAL MONTH:   0.0 INCH    5 = HAIL
                        GRTST 24HR     0.0         6 = FREEZING RAIN OR DRIZZLE
                        GRTST DEPTH:   0           7 = DUSTSTORM OR SANDSTORM:
                                                       VSBY 1/2 MILE OR LESS
                                                   8 = SMOKE OR HAZE
[NO. OF DAYS WITH]      [WEATHER - DAYS WITH]      9 = BLOWING SNOW
                                                   X = TORNADO
MAX 32 OR BELOW:   0    0.01 INCH OR MORE:  12
MAX 90 OR ABOVE:   0    0.10 INCH OR MORE:   9
MIN 32 OR BELOW:   0    0.50 INCH OR MORE:   5
MIN  0 OR BELOW:   0    1.00 INCH OR MORE:   2

[HDD (BASE 65) ]
TOTAL THIS MO.    33    CLEAR  (SCALE 0-3)  13
DPTR FM NORMAL   -44    PTCLDY (SCALE 4-7)  11
TOTAL FM JUL 1  1405    CLOUDY (SCALE 8-10)  5
DPTR FM NORMAL  -681

[CDD (BASE 65) ]
TOTAL THIS MO.   123
DPTR FM NORMAL    32    [PRESSURE DATA]
TOTAL FM JAN 1   181    HIGHEST SLP M ON M
DPTR FM NORMAL    46    LOWEST  SLP 29.48 ON 29

[REMARKS]
