000
CXUS54 KFWD 300730
CF6CRS
PRELIMINARY LOCAL CLIMATOLOGICAL DATA (WS FORM: F-6)

                                          STATION:   CORSICANA
                                          MONTH:     JULY
                                          YEAR:      2015
                                          LATITUDE:   32  1 N
                                          LONGITUDE:  96 24 W

  TEMPERATURE IN F:       :PCPN:    SNOW:  WIND      :SUNSHINE: SKY     :PK WND
================================================================================
1   2   3   4   5  6A  6B    7    8   9   10  11  12  13   14  15   16   17  18
                                     12Z  AVG MX 2MIN
DY MAX MIN AVG DEP HDD CDD  WTR  SNW DPTH SPD SPD DIR MIN PSBL S-S WX    SPD DR
================================================================================

 1  92  72  82   0   0  17 0.00  0.0    0 11.2 22 190   M    M   1 8      28 190
 2  92  71  82   0   0  17 0.00  0.0    0 11.5 18 200   M    M   2        24 210
 3  93  77  85   3   0  20 0.00  0.0    0 10.7 18 220   M    M   2        23 220
 4  94  77  86   3   0  21 0.00  0.0    0 10.7 18 230   M    M   2        23 210
 5  93  76  85   2   0  20 0.00  0.0    0 10.8 18 180   M    M   3        23 210
 6  93  78  86   3   0  21 0.00  0.0    0 14.2 23 170   M    M   5        29 200
 7  92  79  86   3   0  21 0.05  0.0    0 12.4 24 190   M    M   4 38     30 180
 8  91  79  85   2   0  20 0.00  0.0    0 13.2 23 180   M    M   5        30 190
 9  94  77  86   3   0  21 0.00  0.0    0 10.8 17 190   M    M   3        22 180
10  94  74  84   1   0  19 0.00  0.0    0  8.4 15 180   M    M   2 1      24 170
11  95  74  85   2   0  20 0.00  0.0    0  8.0 16 170   M    M   1        20 170
12  95  75  85   2   0  20 0.00  0.0    0  8.6 15 180   M    M   0        19 210
13  96  75  86   3   0  21 0.00  0.0    0  9.3 16 190   M    M   1        20 160
14  97  75  86   3   0  21 0.00  0.0    0  9.3 15 180   M    M   0        21 160
15  95  73  84   0   0  19 0.00  0.0    0  8.9 16 210   M    M   1        20 210
16  96  74  85   1   0  20 0.00  0.0    0  9.7 18 190   M    M   0        26 200
17  96  77  87   3   0  22 0.00  0.0    0 10.0 18 170   M    M   2        23 170
18  98  76  87   3   0  22 0.00  0.0    0 10.4 20 220   M    M   0        26 210
19  97  75  86   2   0  21 0.00  0.0    0  8.7 15 160   M    M   0        23 230
20  99  77  88   4   0  23 0.00  0.0    0  8.9 16 220   M    M   0        26 190
21  97  75  86   2   0  21 0.00  0.0    0  8.4 15 180   M    M   0        20 180
22  97  78  88   4   0  23 0.00  0.0    0 10.8 17 150   M    M   1        24 200
23  99  76  88   4   0  23 0.00  0.0    0 12.3 18 200   M    M   0        24 190
24  98  75  87   3   0  22 0.00  0.0    0  9.6 17 210   M    M   1        22 200
25  99  77  88   4   0  23 0.00  0.0    0  7.1 15 220   M    M   0        22 190
26  99  76  88   4   0  23 0.00  0.0    0  6.9 14 150   M    M   0        18 130
27  99  77  88   4   0  23 0.00  0.0    0  7.2 17 170   M    M   0        22 150
28 100  77  89   5   0  24 0.00  0.0    0  9.4 20 180   M    M   0        24 160
29 100  75  88   4   0  23 0.00  0.0    0  5.8 14 230   M    M   0 8      17 170
================================================================================
SM 2780 2197         0 611  0.05     0.0 283.2          M       36
================================================================================
AV 95.9 75.8                               9.8 FASTST   M    M   1    MAX(MPH)
                                 MISC ---->  # 24 190               # 30  180
================================================================================
NOTES:
# LAST OF SEVERAL OCCURRENCES

COLUMN 17 PEAK WIND IN M.P.H.

PRELIMINARY LOCAL CLIMATOLOGICAL DATA (WS FORM: F-6) , PAGE 2

                                          STATION:  CORSICANA
                                          MONTH:    JULY
                                          YEAR:     2015
                                          LATITUDE:   32  1 N
                                          LONGITUDE:  96 24 W

[TEMPERATURE DATA]      [PRECIPITATION DATA]       SYMBOLS USED IN COLUMN 16

AVERAGE MONTHLY: 85.8   TOTAL FOR MONTH:   0.05    1 = FOG OR MIST
DPTR FM NORMAL:   2.4   DPTR FM NORMAL:   -1.99    2 = FOG REDUCING VISIBILITY
HIGHEST:   100 ON 29,28 GRTST 24HR  0.33 ON 30- 1      TO 1/4 MILE OR LESS
LOWEST:     71 ON  2                               3 = THUNDER
                        SNOW, ICE PELLETS, HAIL    4 = ICE PELLETS
                        TOTAL MONTH:   0.0 INCH    5 = HAIL
                        GRTST 24HR     0.0         6 = FREEZING RAIN OR DRIZZLE
                        GRTST DEPTH:   0           7 = DUSTSTORM OR SANDSTORM:
                                                       VSBY 1/2 MILE OR LESS
                                                   8 = SMOKE OR HAZE
[NO. OF DAYS WITH]      [WEATHER - DAYS WITH]      9 = BLOWING SNOW
                                                   X = TORNADO
MAX 32 OR BELOW:   0    0.01 INCH OR MORE:   1
MAX 90 OR ABOVE:  29    0.10 INCH OR MORE:   0
MIN 32 OR BELOW:   0    0.50 INCH OR MORE:   0
MIN  0 OR BELOW:   0    1.00 INCH OR MORE:   0

[HDD (BASE 65) ]
TOTAL THIS MO.     0    CLEAR  (SCALE 0-3)  26
DPTR FM NORMAL     0    PTCLDY (SCALE 4-7)   3
TOTAL FM JUL 1     0    CLOUDY (SCALE 8-10)  0
DPTR FM NORMAL     0

[CDD (BASE 65) ]
TOTAL THIS MO.   611
DPTR FM NORMAL    76    [PRESSURE DATA]
TOTAL FM JAN 1  1601    HIGHEST SLP M ON M
DPTR FM NORMAL   189    LOWEST  SLP 29.75 ON 21

[REMARKS]
