000
CXUS54 KFWD 310730
CF6CRS
PRELIMINARY LOCAL CLIMATOLOGICAL DATA (WS FORM: F-6)

                                          STATION:   CORSICANA
                                          MONTH:     MAY
                                          YEAR:      2016
                                          LATITUDE:   32  1 N
                                          LONGITUDE:  96 24 W

  TEMPERATURE IN F:       :PCPN:    SNOW:  WIND      :SUNSHINE: SKY     :PK WND
================================================================================
1   2   3   4   5  6A  6B    7    8   9   10  11  12  13   14  15   16   17  18
                                     12Z  AVG MX 2MIN
DY MAX MIN AVG DEP HDD CDD  WTR  SNW DPTH SPD SPD DIR MIN PSBL S-S WX    SPD DR
================================================================================

 1  78  62  70   0   0   5 0.00  0.0    0  9.8 18 350   M    M   2        26  20
 2  67  53  60 -10   5   0 0.25  0.0    0 10.5 21 340   M    M   8 13     29 340
 3  74  49  62  -8   3   0 0.00  0.0    0  5.8 16 340   M    M   0        20 350
 4  83  52  68  -3   0   3 0.00  0.0    0  8.3 20 290   M    M   0        25 290
 5  83  58  71   0   0   6 0.00  0.0    0  5.5 15 360   M    M   0        18 350
 6  84  54  69  -2   0   4 0.00  0.0    0  4.5 10 130   M    M   0 8      13 150
 7  85  59  72   0   0   7 0.00  0.0    0  9.7 20 160   M    M   0        26 160
 8  73  65  69  -3   0   4 0.08  0.0    0 12.5 25 170   M    M   4        32 170
 9  87  67  77   5   0  12    T  0.0    0 13.5 26 190   M    M   4        33 200
10  91  66  79   7   0  14 0.30  0.0    0 12.9 37 270   M    M   6 138    49 270
11  88  65  77   4   0  12 0.06  0.0    0 11.1 26 320   M    M   2 13     35 320
12  85  68  77   4   0  12 0.03  0.0    0  5.6 21 310   M    M   2 3      26 310
13  85  65  75   2   0  10 0.00  0.0    0  6.3 16 110   M    M   0        20 110
14  78  62  70  -4   0   5 0.10  0.0    0  8.5 18 350   M    M   3 13     25 350
15  78  59  69  -5   0   4    T  0.0    0  7.2 13  90   M    M   7        17 110
16  79  67  73  -1   0   8 0.31  0.0    0  9.0 20 150   M    M   8 1      26 150
17  85  66  76   2   0  11 0.00  0.0    0  8.8 21 360   M    M   5        29 340
18  71  60  66  -8   0   1    T  0.0    0  9.5 21 310   M    M   8        27 320
19  70  59  65 -10   0   0 1.08  0.0    0  7.8 28 110   M    M  10 138    35 140
20  82  62  72  -3   0   7 0.00  0.0    0  3.7 13 340   M    M   5 1      16 320
21  87  64  76   1   0  11    T  0.0    0  6.1 10 110   M    M   1 1      14  80
22  88  71  80   4   0  15 0.00  0.0    0  7.4 16 110   M    M   5 1      20 110
23  87  71  79   3   0  14    T  0.0    0 10.1 21 150   M    M   5 18     25 140
24  89  72  81   5   0  16 0.00  0.0    0 10.9 20 150   M    M   7        25 160
25  89  77  83   7   0  18 0.00  0.0    0 12.6 22 180   M    M   8        28 190
26  79  70  75  -1   0  10 0.75  0.0    0 13.5 24 120   M    M   5 13     31 120
27  74  66  70  -7   0   5 1.08  0.0    0 10.1 25 130   M    M   9 13     34 130
28  88  66  77   0   0  12 0.00  0.0    0  7.3 16 160   M    M   7 1      20 150
29  91  74  83   6   0  18 0.00  0.0    0  6.5 15 150   M    M   2        19 140
30  87  69  78   1   0  13 0.01  0.0    0  5.4 24 280   M    M   3 38     31 280
================================================================================
SM 2465 1918         8 257  4.05     0.0 260.4          M      126
================================================================================
AV 82.2 63.9                               8.7 FASTST   M    M   4    MAX(MPH)
                                 MISC ---->  # 37 270               # 49  270
================================================================================
NOTES:
# LAST OF SEVERAL OCCURRENCES

COLUMN 17 PEAK WIND IN M.P.H.

PRELIMINARY LOCAL CLIMATOLOGICAL DATA (WS FORM: F-6) , PAGE 2

                                          STATION:  CORSICANA
                                          MONTH:    MAY
                                          YEAR:     2016
                                          LATITUDE:   32  1 N
                                          LONGITUDE:  96 24 W

[TEMPERATURE DATA]      [PRECIPITATION DATA]       SYMBOLS USED IN COLUMN 16

AVERAGE MONTHLY: 73.1   TOTAL FOR MONTH:   4.05    1 = FOG OR MIST
DPTR FM NORMAL:  -0.7   DPTR FM NORMAL:   -0.27    2 = FOG REDUCING VISIBILITY
HIGHEST:    91 ON 29,10 GRTST 24HR  1.72 ON 26-27      TO 1/4 MILE OR LESS
LOWEST:     49 ON  3                               3 = THUNDER
                        SNOW, ICE PELLETS, HAIL    4 = ICE PELLETS
                        TOTAL MONTH:   0.0 INCH    5 = HAIL
                        GRTST 24HR     0.0         6 = FREEZING RAIN OR DRIZZLE
                        GRTST DEPTH:   0           7 = DUSTSTORM OR SANDSTORM:
                                                       VSBY 1/2 MILE OR LESS
                                                   8 = SMOKE OR HAZE
[NO. OF DAYS WITH]      [WEATHER - DAYS WITH]      9 = BLOWING SNOW
                                                   X = TORNADO
MAX 32 OR BELOW:   0    0.01 INCH OR MORE:  11
MAX 90 OR ABOVE:   2    0.10 INCH OR MORE:   7
MIN 32 OR BELOW:   0    0.50 INCH OR MORE:   3
MIN  0 OR BELOW:   0    1.00 INCH OR MORE:   2

[HDD (BASE 65) ]
TOTAL THIS MO.     8    CLEAR  (SCALE 0-3)  13
DPTR FM NORMAL     6    PTCLDY (SCALE 4-7)  14
TOTAL FM JUL 1  1413    CLOUDY (SCALE 8-10)  3
DPTR FM NORMAL  -675

[CDD (BASE 65) ]
TOTAL THIS MO.   257
DPTR FM NORMAL   -11    [PRESSURE DATA]
TOTAL FM JAN 1   445    HIGHEST SLP M ON M
DPTR FM NORMAL    37    LOWEST  SLP 29.57 ON  9

[REMARKS]
