000
CXUS54 KFWD 300730
CF6CRS
PRELIMINARY LOCAL CLIMATOLOGICAL DATA (WS FORM: F-6)

                                          STATION:   CORSICANA
                                          MONTH:     JULY
                                          YEAR:      2014
                                          LATITUDE:   32  1 N
                                          LONGITUDE:  96 24 W

  TEMPERATURE IN F:       :PCPN:    SNOW:  WIND      :SUNSHINE: SKY     :PK WND
================================================================================
1   2   3   4   5  6A  6B    7    8   9   10  11  12  13   14  15   16   17  18
                                     12Z  AVG MX 2MIN
DY MAX MIN AVG DEP HDD CDD  WTR  SNW DPTH SPD SPD DIR MIN PSBL S-S WX    SPD DR
================================================================================

 1  91  73  82   0   0  17 0.00  0.0    0  8.1 20 160   M    M   3 18     24 160
 2  94  76  85   3   0  20 0.00  0.0    0  5.9 14 190   M    M   0 8      17 200
 3  90  72  81  -1   0  16 0.00  0.0    0  6.9 16 180   M    M   0 8      21  40
 4  91  69  80  -3   0  15 0.00  0.0    0  5.4 13 120   M    M   2 18     17 120
 5  91  73  82  -1   0  17 0.00  0.0    0  7.0 14 150   M    M   1        16 150
 6  93  71  82  -1   0  17 0.00  0.0    0  7.5 15 170   M    M   1 18     22 180
 7  96  73  85   2   0  20 0.00  0.0    0 10.2 18 210   M    M   0 8      23 210
 8  96  75  86   3   0  21 0.00  0.0    0  9.9 18 220   M    M   0        23 210
 9  96  73  85   2   0  20 0.00  0.0    0  9.3 15 170   M    M   0        20 180
10  95  72  84   1   0  19 0.00  0.0    0 10.0 17 200   M    M   0        21 170
11  96  70  83   0   0  18 0.00  0.0    0  8.4 16 170   M    M   0 8      22 210
12  96  73  85   2   0  20 0.00  0.0    0  6.8 15 180   M    M   0 8      24 160
13  99  73  86   3   0  21 0.00  0.0    0  6.9 13 150   M    M   0        17 170
14  99  74  87   4   0  22    T  0.0    0  8.1 17 220   M    M   1        22 240
15  91  74  83  -1   0  18 0.30  0.0    0  5.8 13  10   M    M   4 13     19  40
16  90  68  79  -5   0  14 0.00  0.0    0  8.2 15 120   M    M   1        20 100
17  80  72  76  -8   0  11 0.60  0.0    0  8.6 17  70   M    M   9 138    25  60
18  76  68  72 -12   0   7 0.01  0.0    0  8.1 13 360   M    M  10 1      16 360
19  79  67  73 -11   0   8 0.00  0.0    0  4.4  9  60   M    M   8 18     12  80
20  89  66  78  -6   0  13 0.00  0.0    0  5.7 10 120   M    M   4 128    14 180
21  94  75  85   1   0  20 0.00  0.0    0  6.8 12 110   M    M   3 18     16 130
22  96  77  87   3   0  22 0.00  0.0    0  6.2 10 120   M    M   1 18     13 100
23  93  73  83  -1   0  18    T  0.0    0  5.7 33  50   M    M   0 18     45  50
24  94  73  84   0   0  19 0.00  0.0    0  4.4 13  80   M    M   2        18  70
25  96  73  85   1   0  20 0.00  0.0    0  8.0 15 150   M    M   1 8      19 190
26  98  75  87   3   0  22 0.00  0.0    0  9.9 17 160   M    M   1 18     24 160
27  98  76  87   3   0  22 0.00  0.0    0  8.9 17 160   M    M   1        21 220
28  99  75  87   3   0  22    T  0.0    0  6.2 23 220   M    M   1 13     27 220
29  85  72  79  -5   0  14    T  0.0    0  3.9 12 290   M    M   2 1      14 300
================================================================================
SM 2681 2101         0 513  0.91     0.0 211.2          M       56
================================================================================
AV 92.4 72.4                               7.3 FASTST   M    M   2    MAX(MPH)
                                 MISC ---->  # 33  50               # 45   50
================================================================================
NOTES:
# LAST OF SEVERAL OCCURRENCES

COLUMN 17 PEAK WIND IN M.P.H.

PRELIMINARY LOCAL CLIMATOLOGICAL DATA (WS FORM: F-6) , PAGE 2

                                          STATION:  CORSICANA
                                          MONTH:    JULY
                                          YEAR:     2014
                                          LATITUDE:   32  1 N
                                          LONGITUDE:  96 24 W

[TEMPERATURE DATA]      [PRECIPITATION DATA]       SYMBOLS USED IN COLUMN 16

AVERAGE MONTHLY: 82.4   TOTAL FOR MONTH:   0.91    1 = FOG OR MIST
DPTR FM NORMAL:  -1.0   DPTR FM NORMAL:   -1.13    2 = FOG REDUCING VISIBILITY
HIGHEST:    99 ON 28,14 GRTST 24HR  0.60 ON 17-17      TO 1/4 MILE OR LESS
LOWEST:     66 ON 20                               3 = THUNDER
                        SNOW, ICE PELLETS, HAIL    4 = ICE PELLETS
                        TOTAL MONTH:   0.0 INCH    5 = HAIL
                        GRTST 24HR     0.0         6 = FREEZING RAIN OR DRIZZLE
                        GRTST DEPTH:   0           7 = DUSTSTORM OR SANDSTORM:
                                                       VSBY 1/2 MILE OR LESS
                                                   8 = SMOKE OR HAZE
[NO. OF DAYS WITH]      [WEATHER - DAYS WITH]      9 = BLOWING SNOW
                                                   X = TORNADO
MAX 32 OR BELOW:   0    0.01 INCH OR MORE:   3
MAX 90 OR ABOVE:  24    0.10 INCH OR MORE:   2
MIN 32 OR BELOW:   0    0.50 INCH OR MORE:   1
MIN  0 OR BELOW:   0    1.00 INCH OR MORE:   0

[HDD (BASE 65) ]
TOTAL THIS MO.     0    CLEAR  (SCALE 0-3)  23
DPTR FM NORMAL     0    PTCLDY (SCALE 4-7)   3
TOTAL FM JUL 1     0    CLOUDY (SCALE 8-10)  3
DPTR FM NORMAL     0

[CDD (BASE 65) ]
TOTAL THIS MO.   513
DPTR FM NORMAL   -22    [PRESSURE DATA]
TOTAL FM JAN 1  1406    HIGHEST SLP M ON M
DPTR FM NORMAL    -6    LOWEST  SLP 29.80 ON  1

[REMARKS]
