000
CXUS56 KTFX 251205
CF6CTB
PRELIMINARY LOCAL CLIMATOLOGICAL DATA (WS FORM: F-6)

                                          STATION:   CUT BANK MT
                                          MONTH:     JULY
                                          YEAR:      2016
                                          LATITUDE:   48 37 N
                                          LONGITUDE: 112 23 W

  TEMPERATURE IN F:       :PCPN:    SNOW:  WIND      :SUNSHINE: SKY     :PK WND
================================================================================
1   2   3   4   5  6A  6B    7    8   9   10  11  12  13   14  15   16   17  18
                                     12Z  AVG MX 2MIN
DY MAX MIN AVG DEP HDD CDD  WTR  SNW DPTH SPD SPD DIR MIN PSBL S-S WX    SPD DR
================================================================================

 1  85  50  68   7   0   3 0.00    M    0  7.0 17  10   M    M   1 12     21  10
 2  84  52  68   6   0   3 0.00    M    0 10.9 24 260   M    M   1        33 250
 3  84  52  68   6   0   3 0.00    M    0 18.1 36 250   M    M   0        43 240
 4  75  47  61  -1   4   0 0.00    M    0 12.7 36 250   M    M   0        43 250
 5  74  42  58  -4   7   0 0.00    M    0 12.4 23 250   M    M   1        30 250
 6  61  47  54  -9  11   0 0.13    M    0  9.3 21 250   M    M   7 1      24 250
 7  76  46  61  -2   4   0 0.00    M    0 12.1 28 270   M    M   1        33 270
 8  76  53  65   2   0   0 0.00    M    0  9.4 25 280   M    M   5        30 290
 9  78  52  65   2   0   0 0.00    M    0 15.8 32 250   M    M   1        38 260
10  73  42  58  -6   7   0 0.04    M    0 10.0 26 300   M    M   2 13     33 300
11  69  50  60  -4   5   0 0.25    M    0 19.4 31 320   M    M   8 1      38 310
12  72  48  60  -4   5   0 0.02    M    0 10.8 24  10   M    M   7 13     29  10
13  70  48  59  -5   6   0 0.05    M    0  7.4 23 250   M    M   5        26 260
14  73  45  59  -5   6   0 0.00    M    0  9.1 21  10   M    M   1        25 360
15  81  46  64  -1   1   0 0.13    M    0 10.8 33 180   M    M   2 13     43 180
16  67  45  56  -9   9   0 0.12    M    0 10.4 23  10   M    M   5 13     27 330
17  75  41  58  -7   7   0 0.14    M    0  6.7 17 230   M    M   2 13     21 230
18  83  49  66   1   0   1 0.01    M    0  6.3 26 330   M    M   1 3      35 330
19  86  53  70   5   0   5 0.00    M    0 13.0 35 260   M    M   0        42 260
20  84  55  70   4   0   5 0.00    M    0 16.6 33 230   M    M   0        44 250
21  87  49  68   2   0   3 0.00    M    0 10.2 26 260   M    M   0        38 260
22  88  46  67   1   0   2 0.00    M    0 13.6 46 270   M    M   0        55 270
23  79  54  67   1   0   2 0.00    M    0 15.7 29 260   M    M   1        34 260
24  85  49  67   1   0   2 0.00    M    0  9.2 20 270   M    M   0        24 260
================================================================================
SM 1865 1161        72  29  0.89    M    276.9          M       51
================================================================================
AV 77.7 48.4                              11.5 FASTST   M    M   2    MAX(MPH)
                                 MISC ---->  # 46 270               # 55  270
================================================================================
NOTES:
# LAST OF SEVERAL OCCURRENCES

COLUMN 17 PEAK WIND IN M.P.H.

PRELIMINARY LOCAL CLIMATOLOGICAL DATA (WS FORM: F-6) , PAGE 2

                                          STATION:  CUT BANK MT
                                          MONTH:    JULY
                                          YEAR:     2016
                                          LATITUDE:   48 37 N
                                          LONGITUDE: 112 23 W

[TEMPERATURE DATA]      [PRECIPITATION DATA]       SYMBOLS USED IN COLUMN 16

AVERAGE MONTHLY: 63.0   TOTAL FOR MONTH:   0.89    1 = FOG OR MIST
DPTR FM NORMAL:  -1.0   DPTR FM NORMAL:   -0.15    2 = FOG REDUCING VISIBILITY
HIGHEST:    88 ON 22    GRTST 24HR  0.29 ON 10-11      TO 1/4 MILE OR LESS
LOWEST:     41 ON 17                               3 = THUNDER
                        SNOW, ICE PELLETS, HAIL    4 = ICE PELLETS
                        TOTAL MONTH:    M          5 = HAIL
                        GRTST 24HR    M  ON   M    6 = FREEZING RAIN OR DRIZZLE
                        GRTST DEPTH:   0           7 = DUSTSTORM OR SANDSTORM:
                                                       VSBY 1/2 MILE OR LESS
                                                   8 = SMOKE OR HAZE
[NO. OF DAYS WITH]      [WEATHER - DAYS WITH]      9 = BLOWING SNOW
                                                   X = TORNADO
MAX 32 OR BELOW:   0    0.01 INCH OR MORE:   9
MAX 90 OR ABOVE:   0    0.10 INCH OR MORE:   5
MIN 32 OR BELOW:   0    0.50 INCH OR MORE:   0
MIN  0 OR BELOW:   0    1.00 INCH OR MORE:   0

[HDD (BASE 65) ]
TOTAL THIS MO.    72    CLEAR  (SCALE 0-3)  18
DPTR FM NORMAL    -2    PTCLDY (SCALE 4-7)   5
TOTAL FM JUL 1    72    CLOUDY (SCALE 8-10)  1
DPTR FM NORMAL    -2

[CDD (BASE 65) ]
TOTAL THIS MO.    29
DPTR FM NORMAL   -22    [PRESSURE DATA]
TOTAL FM JAN 1    51    HIGHEST SLP M ON M
DPTR FM NORMAL   -17    LOWEST  SLP 29.59 ON 10

[REMARKS]
