000
CXUS52 KTAE 280800
CF6CTY
PRELIMINARY LOCAL CLIMATOLOGICAL DATA (WS FORM: F-6)
STATION: CROSS CITY
MONTH: MARCH
YEAR: 2024
LATITUDE: 29 37 N
LONGITUDE: 83 6 W
TEMPERATURE IN F: :PCPN: SNOW: WIND :SUNSHINE: SKY :PK WND
================================================================================
1 2 3 4 5 6A 6B 7 8 9 10 11 12 13 14 15 16 17 18
12Z AVG MX 2MIN
DY MAX MIN AVG DEP HDD CDD WTR SNW DPTH SPD SPD DIR MIN PSBL S-S WX SPD DR
================================================================================
1 77 55 66 6 0 1 0.03 0.0 M 5.8 15 210 M M 6 20 190
2 75 61 68 8 0 3 0.12 0.0 M 4.2 13 230 M M 6 1 16 200
3 82 59 71 11 0 6 0.15 0.0 M 2.8 7 70 M M 7 1238 18 40
4 79 61 70 10 0 5 0.01 0.0 M 5.8 9 110 M M 8 18 M M
5 72 63 68 8 0 3 1.16 0.0 0 5.6 8 30 M M 8 1 M M
6 75 64 70 9 0 5 0.00 0.0 0 9.3 16 240 M M 6 25 240
7 81 52 67 6 0 2 0.00 0.0 0 3.2 9 230 M M 2 128 M M
8 84 57 71 10 0 6 0.00 0.0 M 5.3 9 190 M M 5 1 17 140
9 77 68 73 12 0 8 0.69 0.0 M 12.0 17 210 M M 10 13 25 190
10 72 48 60 -1 5 0 0.00 0.0 0 8.4 15 330 M M 2 22 350
11 72 39 56 -6 9 0 0.00 0.0 0 3.9 14 40 M M 0 17 30
12 77 39 58 -4 7 0 0.00 0.0 0 3.4 10 240 M M 0 M M
13 75 50 63 1 2 0 0.00 0.0 0 2.6 12 240 M M 2 1 M M
14 84 50 67 5 0 2 0.00 0.0 0 3.0 8 250 M M 3 12 M M
15 84 54 69 7 0 4 0.00 0.0 0 4.6 14 230 M M 1 1 18 230
16 81 63 72 10 0 7 0.00 0.0 0 6.9 13 230 M M 9 1 18 220
17 82 59 71 9 0 6 0.02 0.0 0 5.8 13 230 M M 6 128 M M
18 75 61 68 5 0 3 0.31 0.0 0 7.4 13 330 M M 7 1 23 330
19 64 39 52 -11 13 0 0.00 0.0 0 8.0 17 10 M M 0 27 330
20 73 36 55 -8 10 0 0.00 0.0 0 3.5 14 230 M M 0 20 230
21 79 41 60 -3 5 0 0.00 0.0 0 2.6 8 130 M M 1 M M
22 72 63 68 5 0 3 0.36 0.0 0 7.9 15 190 M M 7 18 21 130
23 77 61 69 6 0 4 0.24 0.0 0 7.6 15 270 M M 6 1 23 250
24 73 54 64 0 1 0 0.00 0.0 M 9.5 14 40 M M 2 20 30
25 79 54 67 3 0 2 0.00 0.0 0 9.9 15 110 M M 3 24 90
26 82 63 73 9 0 8 0.00 0.0 0 7.9 14 180 M M 6 23 180
27 73 64 69 5 0 4 1.02 0.0 0 5.5 15 360 M M 6 13 28 20
================================================================================
SM 2076 1478 52 82 4.11 0.0 162.3 M 119
================================================================================
AV 76.9 54.7 6.0 FASTST M M 4 MAX(MPH)
MISC ----> 17 10 28 20
================================================================================
NOTES:
# LAST OF SEVERAL OCCURRENCES
COLUMN 17 PEAK WIND IN M.P.H.
PRELIMINARY LOCAL CLIMATOLOGICAL DATA (WS FORM: F-6) , PAGE 2
STATION: CROSS CITY
MONTH: MARCH
YEAR: 2024
LATITUDE: 29 37 N
LONGITUDE: 83 6 W
[TEMPERATURE DATA] [PRECIPITATION DATA] SYMBOLS USED IN COLUMN 16
AVERAGE MONTHLY: 65.8 TOTAL FOR MONTH: 4.11 1 = FOG OR MIST
DPTR FM NORMAL: 3.9 DPTR FM NORMAL: 1.06 2 = FOG REDUCING VISIBILITY
HIGHEST: 84 ON 15,14 GRTST 24HR 1.16 ON 5- 5 TO 1/4 MILE OR LESS
LOWEST: 36 ON 20 3 = THUNDER
SNOW, ICE PELLETS, HAIL 4 = ICE PELLETS
TOTAL MONTH: 0.0 INCH 5 = HAIL
GRTST 24HR 0.0 6 = FREEZING RAIN OR DRIZZLE
GRTST DEPTH: 0 7 = DUSTSTORM OR SANDSTORM:
VSBY 1/2 MILE OR LESS
8 = SMOKE OR HAZE
[NO. OF DAYS WITH] [WEATHER - DAYS WITH] 9 = BLOWING SNOW
X = TORNADO
MAX 32 OR BELOW: 0 0.01 INCH OR MORE: 11
MAX 90 OR ABOVE: 0 0.10 INCH OR MORE: 8
MIN 32 OR BELOW: 0 0.50 INCH OR MORE: 3
MIN 0 OR BELOW: 0 1.00 INCH OR MORE: 2
[HDD (BASE 65) ]
TOTAL THIS MO. 52 CLEAR (SCALE 0-3) 11
DPTR FM NORMAL -76 PTCLDY (SCALE 4-7) 14
TOTAL FM JUL 1 1060 CLOUDY (SCALE 8-10) 2
DPTR FM NORMAL -141
[CDD (BASE 65) ]
TOTAL THIS MO. 82
DPTR FM NORMAL 34 [PRESSURE DATA]
TOTAL FM JAN 1 114 HIGHEST SLP M ON M
DPTR FM NORMAL 29 LOWEST SLP M ON M
[REMARKS]