000
CXUS53 KUNR 250945
CF6CUT
PRELIMINARY LOCAL CLIMATOLOGICAL DATA (WS FORM: F-6)

                                          STATION:   CUSTER COUNTY AIRPORT SD
                                          MONTH:     SEPTEMBER
                                          YEAR:      2016
                                          LATITUDE:   43 43 N
                                          LONGITUDE: 103 37 W

  TEMPERATURE IN F:       :PCPN:    SNOW:  WIND      :SUNSHINE: SKY     :PK WND
================================================================================
1   2   3   4   5  6A  6B    7    8   9   10  11  12  13   14  15   16   17  18
                                     12Z  AVG MX 2MIN
DY MAX MIN AVG DEP HDD CDD  WTR  SNW DPTH SPD SPD DIR MIN PSBL S-S WX    SPD DR
================================================================================

 1  72  58  65   5   0   0 0.00    M    M  8.0 15 130   M    M   7        24 160
 2  78  57  68   8   0   3    T    M    M  7.6 20 250   M    M   2        30 240
 3  83  54  69   9   0   4 0.17    M    M  6.5 17  90   M    M   1 13     24  80
 4  73  50  62   3   3   0 0.33    M    M  5.2 16 210   M    M   3 123    25 210
 5  73  47  60   1   5   0    T    M    M  7.0 18 270   M    M   7 12     24 270
 6  59  50  55  -4  10   0 0.07    M    M  6.5 13  50   M    M   9 1      27  80
 7  71  46  59   1   6   0 0.00    M    M  7.3 21 280   M    M   4 12     30 270
 8  75  41  58   0   7   0 0.00    M    M  6.9 21 270   M    M   0        28 270
 9  56  35  46 -11  19   0 0.08    M    M  8.2 22 320   M    M   6        35 300
10  69  33  51  -6  14   0 0.00    M    M  6.5 18 270   M    M   0        26 220
11  80  45  63   7   2   0 0.00    M    M  6.6 21 270   M    M   0        28 280
12  53  41  47  -9  18   0 0.02    M    M  8.0 20  10   M    M   5        32 360
13  42  35  39 -17  26   0 0.14    M    M  4.6 13 110   M    M   9 1      16  90
14  68  35  52  -3  13   0 0.23    M    M  5.9 21 270   M    M   7 123    31 260
15  64  44  54  -1  11   0 0.09    M    M  7.4 16 270   M    M   3 1      21 270
16  65  44  55   1  10   0 0.00    M    M  7.8 16 320   M    M   3        29 360
17  72  45  59   5   6   0 0.00    M    M  7.4 22 280   M    M   0        32 280
18  78  47  63  10   2   0 0.00    M    M  6.5 17 280   M    M   1        25 270
19  74  44  59   6   6   0 0.00    M    M  4.5 13 200   M    M   2        17 270
20  83  47  65  13   0   0 0.00    M    M  6.7 21  90   M    M   0        28  80
21  71  49  60   8   5   0 0.00    M    M  8.2 16  70   M    M   3        27  70
22  59  47  53   2  12   0    T    M    M  8.8 18  60   M    M   9 1238   27  70
23  71  47  59   8   6   0 0.50    M    M  6.6 25 230   M    M   8 123    36 230
24  50  40  45  -5  20   0 0.14    M    M 15.6 28 270   M    M  10 12     38 280
================================================================================
SM 1639 1081       201   7  1.77    M    174.3          M       99
================================================================================
AV 68.3 45.0                               7.3 FASTST   M    M   4    MAX(MPH)
                                 MISC ---->  # 28 270               # 38  280
================================================================================
NOTES:
# LAST OF SEVERAL OCCURRENCES

COLUMN 17 PEAK WIND IN M.P.H.

PRELIMINARY LOCAL CLIMATOLOGICAL DATA (WS FORM: F-6) , PAGE 2

                                          STATION:  CUSTER COUNTY AIRPORT SD
                                          MONTH:    SEPTEMBER
                                          YEAR:     2016
                                          LATITUDE:   43 43 N
                                          LONGITUDE: 103 37 W

[TEMPERATURE DATA]      [PRECIPITATION DATA]       SYMBOLS USED IN COLUMN 16

AVERAGE MONTHLY: 56.7   TOTAL FOR MONTH:   1.77    1 = FOG OR MIST
DPTR FM NORMAL:   1.0   DPTR FM NORMAL:    0.42    2 = FOG REDUCING VISIBILITY
HIGHEST:    83 ON 20, 3 GRTST 24HR  0.62 ON 23-24      TO 1/4 MILE OR LESS
LOWEST:     33 ON 10                               3 = THUNDER
                        SNOW, ICE PELLETS, HAIL    4 = ICE PELLETS
                        TOTAL MONTH:    M          5 = HAIL
                        GRTST 24HR    M  ON   M    6 = FREEZING RAIN OR DRIZZLE
                        GRTST DEPTH:  M  ON   M    7 = DUSTSTORM OR SANDSTORM:
                                                       VSBY 1/2 MILE OR LESS
                                                   8 = SMOKE OR HAZE
[NO. OF DAYS WITH]      [WEATHER - DAYS WITH]      9 = BLOWING SNOW
                                                   X = TORNADO
MAX 32 OR BELOW:   0    0.01 INCH OR MORE:  10
MAX 90 OR ABOVE:   0    0.10 INCH OR MORE:   6
MIN 32 OR BELOW:   0    0.50 INCH OR MORE:   1
MIN  0 OR BELOW:   0    1.00 INCH OR MORE:   0

[HDD (BASE 65) ]
TOTAL THIS MO.   201    CLEAR  (SCALE 0-3)  13
DPTR FM NORMAL   -35    PTCLDY (SCALE 4-7)   6
TOTAL FM JUL 1   337    CLOUDY (SCALE 8-10)  5
DPTR FM NORMAL   -53

[CDD (BASE 65) ]
TOTAL THIS MO.     7
DPTR FM NORMAL    -4    [PRESSURE DATA]
TOTAL FM JAN 1   259    HIGHEST SLP M ON M
DPTR FM NORMAL    82    LOWEST  SLP 29.43 ON 23

[REMARKS]
