000
CXUS51 KILN 300640
CF6CVG
PRELIMINARY LOCAL CLIMATOLOGICAL DATA (WS FORM: F-6)

                                          STATION:   CINCINNATI OH
                                          MONTH:     JUNE
                                          YEAR:      2015
                                          LATITUDE:   39  2 N
                                          LONGITUDE:  84 40 W

  TEMPERATURE IN F:       :PCPN:    SNOW:  WIND      :SUNSHINE: SKY     :PK WND
================================================================================
1   2   3   4   5  6A  6B    7    8   9   10  11  12  13   14  15   16   17  18
                                     12Z  AVG MX 2MIN
DY MAX MIN AVG DEP HDD CDD  WTR  SNW DPTH SPD SPD DIR MIN PSBL S-S WX    SPD DR
================================================================================

 1  58  53  56 -12   9   0 0.15  0.0    0 10.0 17  40   M    M  10 1      28  80
 2  62  53  58 -10   7   0 0.00  0.0    0  6.6 14  30   M    M  10 18     16  50
 3  73  52  63  -6   2   0 0.00  0.0    0  2.9  8 130   M    M   7 18     14  10
 4  82  54  68  -1   0   3 0.00  0.0    0  3.0 12 210   M    M   5 18     20 230
 5  86  55  71   2   0   6 0.03  0.0    0  4.2 21  30   M    M   4 138    23  20
 6  80  63  72   2   0   7 0.00  0.0    0  8.7 14  50   M    M   6 18     18 350
 7  88  58  73   3   0   8 0.00  0.0    0  7.4 17 190   M    M   6 128    23 190
 8  77  60  69  -1   0   4 0.18  0.0    0  9.9 37 340   M    M   9 13     47 310
 9  83  58  71   1   0   6 0.01  0.0    0  5.1 15 290   M    M   5 128    20 290
10  90  58  74   3   0   9 0.00  0.0    0  6.7 15 270   M    M   2 18     18 220
11  92  63  78   7   0  13 0.00  0.0    0  6.9 14 190   M    M   8 18     25 160
12  91  68  80   9   0  15 0.10  0.0    0  7.6 23 280   M    M   6 13     30 270
13  89  69  79   7   0  14 0.00  0.0    0  8.0 15 230   M    M   6 1      21 190
14  91  73  82  10   0  17 0.00  0.0    0  8.4 18 200   M    M   7        25 210
15  90  71  81   9   0  16 0.01  0.0    0  8.3 18 260   M    M   6 1      24 260
16  87  72  80   8   0  15 0.28  0.0    0  7.9 16 270   M    M   8 138    22 270
17  85  70  78   5   0  13 0.62  0.0    0  5.8 22 340   M    M   9 138    30 260
18  88  70  79   6   0  14 1.59  0.0    0  6.9 17 170   M    M   8 13     20 170
19  77  68  73   0   0   8 0.41  0.0    0  6.2 15 150   M    M  10 13     18 160
20  81  69  75   2   0  10 0.81  0.0    0  8.2 18 340   M    M   7 1      22 340
21  87  66  77   3   0  12 0.00  0.0    0  8.6 25 290   M    M   8        37 280
22  86  68  77   3   0  12 0.00  0.0    0  6.5 15 190   M    M   7 1      21 200
23  89  69  79   5   0  14 0.00  0.0    0 11.4 22 320   M    M   7 1      26 310
24  83  64  74   0   0   9 0.00  0.0    0  3.9 13 340   M    M   6        14 340
25  85  64  75   1   0  10 0.49  0.0    0  5.6 33 320   M    M   8 13     41 320
26  80  67  74  -1   0   9 0.37  0.0    0  6.3 23 130   M    M   9 13     28 140
27  70  58  64 -11   1   0 0.06  0.0    0 12.7 25 320   M    M   8 1      32 320
28  79  56  68  -7   0   3 0.00  0.0    0  8.5 20 290   M    M   3        29 290
29  80  61  71  -4   0   6 0.59  0.0    0  7.0 17 320   M    M   8 1      22 320
================================================================================
SM 2389 1830        19 253  5.70     0.0 209.2          M      203
================================================================================
AV 82.4 63.1                               7.2 FASTST   M    M   7    MAX(MPH)
                                 MISC ---->  # 37 340               # 47  310
================================================================================
NOTES:
# LAST OF SEVERAL OCCURRENCES

COLUMN 17 PEAK WIND IN M.P.H.

PRELIMINARY LOCAL CLIMATOLOGICAL DATA (WS FORM: F-6) , PAGE 2

                                          STATION:  CINCINNATI OH
                                          MONTH:    JUNE
                                          YEAR:     2015
                                          LATITUDE:   39  2 N
                                          LONGITUDE:  84 40 W

[TEMPERATURE DATA]      [PRECIPITATION DATA]       SYMBOLS USED IN COLUMN 16

AVERAGE MONTHLY: 72.7   TOTAL FOR MONTH:   5.70    1 = FOG OR MIST
DPTR FM NORMAL:   0.8   DPTR FM NORMAL:    1.79    2 = FOG REDUCING VISIBILITY
HIGHEST:    92 ON 11    GRTST 24HR  1.98 ON 18-19      TO 1/4 MILE OR LESS
LOWEST:     52 ON  3                               3 = THUNDER
                        SNOW, ICE PELLETS, HAIL    4 = ICE PELLETS
                        TOTAL MONTH:   0.0 INCH    5 = HAIL
                        GRTST 24HR     0.0         6 = FREEZING RAIN OR DRIZZLE
                        GRTST DEPTH:   0           7 = DUSTSTORM OR SANDSTORM:
                                                       VSBY 1/2 MILE OR LESS
                                                   8 = SMOKE OR HAZE
[NO. OF DAYS WITH]      [WEATHER - DAYS WITH]      9 = BLOWING SNOW
                                                   X = TORNADO
MAX 32 OR BELOW:   0    0.01 INCH OR MORE:  15
MAX 90 OR ABOVE:   5    0.10 INCH OR MORE:  11
MIN 32 OR BELOW:   0    0.50 INCH OR MORE:   4
MIN  0 OR BELOW:   0    1.00 INCH OR MORE:   1

[HDD (BASE 65) ]
TOTAL THIS MO.    19    CLEAR  (SCALE 0-3)   2
DPTR FM NORMAL     7    PTCLDY (SCALE 4-7)  19
TOTAL FM JUL 1  5296    CLOUDY (SCALE 8-10)  8
DPTR FM NORMAL   324

[CDD (BASE 65) ]
TOTAL THIS MO.   253
DPTR FM NORMAL    37    [PRESSURE DATA]
TOTAL FM JAN 1   402    HIGHEST SLP 30.19 ON 25
DPTR FM NORMAL    92    LOWEST  SLP 29.71 ON 27

[REMARKS]
