000
CXUS53 KUNR 240945
CF6D07
PRELIMINARY LOCAL CLIMATOLOGICAL DATA (WS FORM: F-6)

                                          STATION:   FAITH SD
                                          MONTH:     AUGUST
                                          YEAR:      2016
                                          LATITUDE:   45  1 N
                                          LONGITUDE: 102  1 W

  TEMPERATURE IN F:       :PCPN:    SNOW:  WIND      :SUNSHINE: SKY     :PK WND
================================================================================
1   2   3   4   5  6A  6B    7    8   9   10  11  12  13   14  15   16   17  18
                                     12Z  AVG MX 2MIN
DY MAX MIN AVG DEP HDD CDD  WTR  SNW DPTH SPD SPD DIR MIN PSBL S-S WX    SPD DR
================================================================================

 1  94  67  81   7   0  16 0.00    M    M 11.3 24 350   M    M   M        30 350
 2  90  59  75   1   0  10 0.00    M    M 12.9 48 160   M    M   M        55 160
 3  97  60  79   5   0  14 0.00    M    M 13.5 29 170   M    M   M        33 190
 4  82  55  69  -5   0   4 0.00    M    M 13.5 28 320   M    M   M        36 310
 5  86  55  71  -2   0   6 0.00    M    M  7.1 16 110   M    M   M        25 130
 6  87  57  72  -1   0   7 0.00    M    M 14.9 26 180   M    M   M        39 170
 7  84  63  74   1   0   9 0.00    M    M 17.1 28 160   M    M   M        34 150
 8  95  63  79   6   0  14 0.01    M    M 11.2 38 220   M    M   M        47 210
 9  92  59  76   3   0  11 0.00    M    M 15.5 29  50   M    M   M        37 130
10  94  64  79   6   0  14 0.00    M    M 15.4 30  70   M    M   M        37  90
11  88  63  76   3   0  11 0.00    M    M 10.5 22 310   M    M   M        28 310
12  88  58  73   0   0   8 0.00    M    M 11.1 36 350   M    M   M        44 340
13  84  56  70  -3   0   5 0.00    M    M 11.2 22 330   M    M   M        33 330
14  92  55  74   1   0   9 0.88    M    M 14.3 48 350   M    M   M        63 320
15  91  57  74   2   0   9 0.00    M    M  8.2 24 170   M    M   M        28 170
16  88  58  73   1   0   8 0.00    M    M  8.6 17 300   M    M   M        20 130
17  92  60  76   4   0  11 0.00    M    M 17.5 36 150   M    M   M        45 160
18  82  57  70  -2   0   5 0.05    M    M 13.8 32 360   M    M   M        37 360
19  63  50  57 -15   8   0 0.28    M    M 10.7 25  10   M    M   M        29 360
20  74  47  61 -11   4   0 0.00    M    M  9.2 18 330   M    M   M        24 310
21  84  49  67  -4   0   2 0.00    M    M 10.4 17 150   M    M   M        21 150
22 100  55  78   7   0  13 0.00    M    M 11.6 22 200   M    M   M        27 200
23  84  56  70  -1   0   5 0.00    M    M 18.9 36 330   M    M   M        43 330
================================================================================
SM 2011 1323        12 191  1.22    M    288.4          M        M
================================================================================
AV 87.4 57.5                              12.5 FASTST   M    M   2    MAX(MPH)
                                 MISC ---->  # 48 160               # 63  320
================================================================================
NOTES:
# LAST OF SEVERAL OCCURRENCES

COLUMN 17 PEAK WIND IN M.P.H.

PRELIMINARY LOCAL CLIMATOLOGICAL DATA (WS FORM: F-6) , PAGE 2

                                          STATION:  FAITH SD
                                          MONTH:    AUGUST
                                          YEAR:     2016
                                          LATITUDE:   45  1 N
                                          LONGITUDE: 102  1 W

[TEMPERATURE DATA]      [PRECIPITATION DATA]       SYMBOLS USED IN COLUMN 16

AVERAGE MONTHLY: 72.5   TOTAL FOR MONTH:   1.22    1 = FOG OR MIST
DPTR FM NORMAL:  -0.2   DPTR FM NORMAL:   -0.01    2 = FOG REDUCING VISIBILITY
HIGHEST:   100 ON 22    GRTST 24HR  0.88 ON 14-14      TO 1/4 MILE OR LESS
LOWEST:     47 ON 20                               3 = THUNDER
                        SNOW, ICE PELLETS, HAIL    4 = ICE PELLETS
                        TOTAL MONTH:    M          5 = HAIL
                        GRTST 24HR    M  ON   M    6 = FREEZING RAIN OR DRIZZLE
                        GRTST DEPTH:  M  ON   M    7 = DUSTSTORM OR SANDSTORM:
                                                       VSBY 1/2 MILE OR LESS
                                                   8 = SMOKE OR HAZE
[NO. OF DAYS WITH]      [WEATHER - DAYS WITH]      9 = BLOWING SNOW
                                                   X = TORNADO
MAX 32 OR BELOW:   0    0.01 INCH OR MORE:   4
MAX 90 OR ABOVE:  10    0.10 INCH OR MORE:   2
MIN 32 OR BELOW:   0    0.50 INCH OR MORE:   1
MIN  0 OR BELOW:   0    1.00 INCH OR MORE:   0

[HDD (BASE 65) ]
TOTAL THIS MO.    12    CLEAR  (SCALE 0-3)   0
DPTR FM NORMAL     5    PTCLDY (SCALE 4-7)   0
TOTAL FM JUL 1    15    CLOUDY (SCALE 8-10)  0
DPTR FM NORMAL    -4

[CDD (BASE 65) ]
TOTAL THIS MO.   191
DPTR FM NORMAL     5    [PRESSURE DATA]
TOTAL FM JAN 1   650    HIGHEST SLP M ON M
DPTR FM NORMAL   119    LOWEST  SLP 29.33 ON 22

[REMARKS]
