000
CXUS52 KMLB 271245
CF6DAB
PRELIMINARY LOCAL CLIMATOLOGICAL DATA (WS FORM: F-6)

                                          STATION:   DAYTONA BEACH
                                          MONTH:     NOVEMBER
                                          YEAR:      2014
                                          LATITUDE:   29 10 N
                                          LONGITUDE:  81  3 W

  TEMPERATURE IN F:       :PCPN:    SNOW:  WIND      :SUNSHINE: SKY     :PK WND
================================================================================
1   2   3   4   5  6A  6B    7    8   9   10  11  12  13   14  15   16   17  18
                                     12Z  AVG MX 2MIN
DY MAX MIN AVG DEP HDD CDD  WTR  SNW DPTH SPD SPD DIR MIN PSBL S-S WX    SPD DR
================================================================================

 1  60  45  53 -17  12   0 0.00  0.0    0 11.7 29 260   M    M   1        36 280
 2  65  41  53 -17  12   0 0.00  0.0    0  7.4 15 330   M    M   1        19 330
 3  73  42  58 -11   7   0 0.00  0.0    0  7.5 18  40   M    M   4        25  70
 4  79  53  66  -3   0   1    T  0.0    0  5.8 20  60   M    M   6        23  80
 5  81  62  72   3   0   7    T  0.0    0  3.3 13  80   M    M   5        18  50
 6  84  60  72   3   0   7 0.00  0.0    0  4.0 13 300   M    M   4 1      16 280
 7  70  51  61  -7   4   0 0.00  0.0    0  8.4 20  20   M    M   3        24  10
 8  76  49  63  -5   2   0 0.03  0.0    0  4.2 12 350   M    M   7        16 350
 9  70  58  64  -4   1   0 0.23  0.0    0  8.6 16  10   M    M   8 1      22  10
10  67  57  62  -6   3   0 1.80  0.0    0  9.1 16 330   M    M   9 1      23 320
11  78  55  67  -1   0   2 0.00  0.0    0  7.5 16 330   M    M   3        22 330
12  77  53  65  -2   0   0 0.00  0.0    0  3.9 12  40   M    M   4        14  40
13  79  56  68   1   0   3 0.00  0.0    0  2.4 10  80   M    M   7 1      13  80
14  68  51  60  -7   5   0 0.00  0.0    0  6.4 14  10   M    M   4 1      17  20
15  72  47  60  -7   5   0 0.00  0.0    0  7.4 18  10   M    M   4 1      23 360
16  80  54  67   0   0   2 0.00  0.0    0  3.5 12  70   M    M   4 1      15  80
17  84  67  76  10   0  11 0.22  0.0    0  9.0 23 210   M    M   9 13     30 230
18  68  43  56 -10   9   0 0.04  0.0    0  9.8 20 330   M    M   8 1      26 340
19  58  37  48 -18  17   0 0.00  0.0    0 10.2 20 360   M    M   6        26  10
20  65  40  53 -13  12   0 0.00  0.0    0  5.2 18  20   M    M   6        23  20
21  72  50  61  -5   4   0 0.00  0.0    0 11.2 22  40   M    M   4        26  40
22  73  69  71   6   0   6 0.05  0.0    0 10.7 18  90   M    M   9 18     28  80
23  84  71  78  13   0  13 0.23  0.0    0  8.8 20 180   M    M   9 1      28 170
24  87  72  80  15   0  15 0.00  0.0    0  7.3 17 210   M    M   5        24 200
25  75  68  72   7   0   7 6.22  0.0    0  5.4 20 280   M    M   9 123    28 290
26  72  49  61  -3   4   0 0.27  0.0    0  8.3 22 280   M    M   6 13     28 280
================================================================================
SM 1917 1400        97  74  9.09     0.0 187.0          M      145
================================================================================
AV 73.7 53.8                               7.2 FASTST   M    M   6    MAX(MPH)
                                 MISC ---->  # 29 260               # 36  280
================================================================================
NOTES:
# LAST OF SEVERAL OCCURRENCES

COLUMN 17 PEAK WIND IN M.P.H.

PRELIMINARY LOCAL CLIMATOLOGICAL DATA (WS FORM: F-6) , PAGE 2

                                          STATION:  DAYTONA BEACH
                                          MONTH:    NOVEMBER
                                          YEAR:     2014
                                          LATITUDE:   29 10 N
                                          LONGITUDE:  81  3 W

[TEMPERATURE DATA]      [PRECIPITATION DATA]       SYMBOLS USED IN COLUMN 16

AVERAGE MONTHLY: 63.8   TOTAL FOR MONTH:   9.09    1 = FOG OR MIST
DPTR FM NORMAL:  -3.3   DPTR FM NORMAL:    6.75    2 = FOG REDUCING VISIBILITY
HIGHEST:    87 ON 24    GRTST 24HR  6.46 ON 25-26      TO 1/4 MILE OR LESS
LOWEST:     37 ON 19                               3 = THUNDER
                        SNOW, ICE PELLETS, HAIL    4 = ICE PELLETS
                        TOTAL MONTH:   0.0 INCH    5 = HAIL
                        GRTST 24HR     0.0         6 = FREEZING RAIN OR DRIZZLE
                        GRTST DEPTH:   0           7 = DUSTSTORM OR SANDSTORM:
                                                       VSBY 1/2 MILE OR LESS
                                                   8 = SMOKE OR HAZE
[NO. OF DAYS WITH]      [WEATHER - DAYS WITH]      9 = BLOWING SNOW
                                                   X = TORNADO
MAX 32 OR BELOW:   0    0.01 INCH OR MORE:   9
MAX 90 OR ABOVE:   0    0.10 INCH OR MORE:   6
MIN 32 OR BELOW:   0    0.50 INCH OR MORE:   2
MIN  0 OR BELOW:   0    1.00 INCH OR MORE:   2

[HDD (BASE 65) ]
TOTAL THIS MO.    97    CLEAR  (SCALE 0-3)   2
DPTR FM NORMAL    46    PTCLDY (SCALE 4-7)  18
TOTAL FM JUL 1    97    CLOUDY (SCALE 8-10)  6
DPTR FM NORMAL    38

[CDD (BASE 65) ]
TOTAL THIS MO.    74
DPTR FM NORMAL   -32    [PRESSURE DATA]
TOTAL FM JAN 1  2982    HIGHEST SLP M ON M
DPTR FM NORMAL    80    LOWEST  SLP 29.82 ON 26

[REMARKS]
