000
CXUS55 KALY 260710
CF6DDH
PRELIMINARY LOCAL CLIMATOLOGICAL DATA (WS FORM: F-6)

                                          STATION:   BENNINGTON VT
                                          MONTH:     FEBRUARY
                                          YEAR:      2015
                                          LATITUDE:   42 53 N
                                          LONGITUDE:  73 15 W

  TEMPERATURE IN F:       :PCPN:    SNOW:  WIND      :SUNSHINE: SKY     :PK WND
================================================================================
1   2   3   4   5  6A  6B    7    8   9   10  11  12  13   14  15   16   17  18
                                     12Z  AVG MX 2MIN
DY MAX MIN AVG DEP HDD CDD  WTR  SNW DPTH SPD SPD DIR MIN PSBL S-S WX    SPD DR
================================================================================

 1  22  -1  11 -11  54   0 0.00    M    M  3.3 12  20   M    M   6        16 290
 2  19   0  10 -12  55   0 0.22    M    M  8.9 25 140   M    M  10 128    36 150
 3  19 -16   2 -21  63   0 0.00    M    M  3.1 14 320   M    M   3 18     19 310
 4  32  -4  14  -9  51   0 0.07    M    M  2.6 10 190   M    M   9 18     16 180
 5  30  -1  15  -8  50   0 0.08    M    M  9.3 20 340   M    M   6 18     27 360
 6  20 -14   3 -20  62   0    T    M    M  3.8 12 240   M    M   5 8      17 300
 7  26  20  23   0  42   0 0.05    M    M  2.7 16 310   M    M  10 18     68 330
 8  29  15  22  -2  43   0 0.20    M    M  6.9 17 100   M    M   9 1      26 100
 9  22  19  21  -3  44   0 0.08    M    M  8.7 21 130   M    M  10 18     30  90
10  31   8  20  -4  45   0    T    M    M  3.5 12 340   M    M   6 1      16 330
11  24  -5  10 -14  55   0 0.00    M    M  1.7  9 320   M    M   0 1      11 330
12  29  10  20  -4  45   0 0.04    M    M  5.8 21 270   M    M  10 18     32 270
13  10  -9   1 -24  64   0    T    M    M  7.9 16 280   M    M   1 8      23 280
14  20  -9   6 -19  59   0 0.03    M    M  4.8 20 180   M    M   9 18     28 170
15  16  -8   4 -21  61   0 0.01    M    M 11.0 24 340   M    M   7 189    37 360
16   8 -13  -2 -27  67   0 0.00    M    M  4.7 14 270   M    M   0        18 310
17  18  -4   7 -19  58   0 0.00    M    M  0.8  7 140   M    M   6 8       9 350
18  30 -12   9 -17  56   0 0.01    M    M  0.8  9 340   M    M   3 18     12 330
19  19   3  11 -15  54   0 0.04    M    M 10.0 20 270   M    M  10 128    30 280
20  11  -8   2 -24  63   0    T    M    M  8.3 17 290   M    M   4 8      25 270
21  26 -14   6 -20  59   0 0.17    M    M  5.5 18 190   M    M   7 18     29 170
22  33  21  27   0  38   0 0.01    M    M  3.6 12 270   M    M   8 1      18 240
23  25  -6  10 -17  55   0 0.00    M    M 11.1 23 290   M    M   4        32 280
24  20 -19   1 -26  64   0 0.00    M    M  4.7 20 160   M    M   0        27 170
25  28   3  16 -11  49   0    T    M    M  6.7 23 270   M    M   3 8      33 280
================================================================================
SM  567  -44      1356   0  1.01    M    140.2          M      146
================================================================================
AV 22.7 -1.8                               5.6 FASTST   M    M   6    MAX(MPH)
                                 MISC ---->  # 25 140               # 68  330
================================================================================
NOTES:
# LAST OF SEVERAL OCCURRENCES

COLUMN 17 PEAK WIND IN M.P.H.

PRELIMINARY LOCAL CLIMATOLOGICAL DATA (WS FORM: F-6) , PAGE 2

                                          STATION:  BENNINGTON VT
                                          MONTH:    FEBRUARY
                                          YEAR:     2015
                                          LATITUDE:   42 53 N
                                          LONGITUDE:  73 15 W

[TEMPERATURE DATA]      [PRECIPITATION DATA]       SYMBOLS USED IN COLUMN 16

AVERAGE MONTHLY: 10.5   TOTAL FOR MONTH:   1.01    1 = FOG OR MIST
DPTR FM NORMAL: -14.2   DPTR FM NORMAL:   -0.95    2 = FOG REDUCING VISIBILITY
HIGHEST:    33 ON 22    GRTST 24HR  0.22 ON  1- 2      TO 1/4 MILE OR LESS
LOWEST:    -19 ON 24                               3 = THUNDER
                        SNOW, ICE PELLETS, HAIL    4 = ICE PELLETS
                        TOTAL MONTH:    M          5 = HAIL
                        GRTST 24HR    M  ON   M    6 = FREEZING RAIN OR DRIZZLE
                        GRTST DEPTH:  M  ON   M    7 = DUSTSTORM OR SANDSTORM:
                                                       VSBY 1/2 MILE OR LESS
                                                   8 = SMOKE OR HAZE
[NO. OF DAYS WITH]      [WEATHER - DAYS WITH]      9 = BLOWING SNOW
                                                   X = TORNADO
MAX 32 OR BELOW:  24    0.01 INCH OR MORE:  13
MAX 90 OR ABOVE:   0    0.10 INCH OR MORE:   3
MIN 32 OR BELOW:  25    0.50 INCH OR MORE:   0
MIN  0 OR BELOW:  17    1.00 INCH OR MORE:   0

[HDD (BASE 65) ]
TOTAL THIS MO.  1356    CLEAR  (SCALE 0-3)   7
DPTR FM NORMAL   347    PTCLDY (SCALE 4-7)  10
TOTAL FM JUL 1  5336    CLOUDY (SCALE 8-10)  8
DPTR FM NORMAL   196

[CDD (BASE 65) ]
TOTAL THIS MO.     0
DPTR FM NORMAL     0    [PRESSURE DATA]
TOTAL FM JAN 1     0    HIGHEST SLP M ON M
DPTR FM NORMAL     0    LOWEST  SLP 29.52 ON  2

[REMARKS]
