000
CXUS55 KBOU 210810
CF6DEN
PRELIMINARY LOCAL CLIMATOLOGICAL DATA (WS FORM: F-6)

                                          STATION:   DENVER CO
                                          MONTH:     OCTOBER
                                          YEAR:      2014
                                          LATITUDE:   39 52 N
                                          LONGITUDE: 104 40 W

  TEMPERATURE IN F:       :PCPN:    SNOW:  WIND      :SUNSHINE: SKY     :PK WND
================================================================================
1   2   3   4   5  6A  6B    7    8   9   10  11  12  13   14  15   16   17  18
                                     12Z  AVG MX 2MIN
DY MAX MIN AVG DEP HDD CDD  WTR  SNW DPTH SPD SPD DIR MIN PSBL S-S WX    SPD DR
================================================================================

 1  66  41  54  -3  11   0 0.17  0.0    0 10.8 29 350   M    M   8 13     37 320
 2  64  36  50  -6  15   0 0.00  0.0    0 10.2 35  20   M    M   5        44  10
 3  56  32  44 -12  21   0 0.00  0.0    0  8.2 25  30   M    M   6        32  20
 4  72  36  54  -2  11   0 0.00  0.0    0  6.7 15 140   M    M   3 8      15 140
 5  72  43  58   3   7   0 0.00  0.0    0  7.6 18  30   M    M   3        22  10
 6  79  44  62   7   3   0 0.00  0.0    0  9.9 22 280   M    M   4        32 210
 7  77  47  62   8   3   0 0.00  0.0    0 10.3 20  80   M    M   4 8      26 110
 8  75  49  62   8   3   0 0.00  0.0    0  6.5 12  50   M    M   7 8      16 200
 9  68  48  58   4   7   0 0.25  0.0    0  6.7 17 130   M    M   9 138    21 120
10  58  42  50  -3  15   0 0.01  0.0    0  8.7 16 110   M    M   8 18     27  90
11  72  39  56   3   9   0 0.00  0.0    0  8.7 24 240   M    M   4        29 250
12  57  38  48  -4  17   0 0.07  0.0    0 13.8 33  10   M    M   7 13     43  10
13  58  36  47  -5  18   0 0.00  0.0    0 10.1 22 360   M    M   3        27 360
14  74  41  58   6   7   0 0.00  0.0    0 10.8 17 210   M    M   1        20 210
15  83  42  63  12   2   0 0.00  0.0    0  9.9 16 210   M    M   5        20 190
16  69  45  57   6   8   0 0.00  0.0    0 11.5 22 100   M    M   5        27 120
17  67  36  52   2  13   0 0.00  0.0    0  6.6 15  90   M    M   6        17  80
18  71  40  56   6   9   0 0.00  0.0    0  5.1 12 220   M    M   6 8      13 220
19  75  47  61  11   4   0 0.00  0.0    0  7.8 13  90   M    M   3 8      19 120
20  77  47  62  13   3   0 0.00  0.0    0 14.2 26 190   M    M   2        34 190
================================================================================
SM 1390  829       186   0  0.50     0.0 184.1            M     99
================================================================================
AV 69.5 41.5                               9.2 FASTST            5    MAX(MPH)
                                 MISC ---->  # 35  20     M   M     # 44   10
================================================================================
NOTES: SUNSHINE DATA WILL NO LONGER BE AVAILABLE EFFECTIVE OCTOBER 1ST 2009.

# LAST OF SEVERAL OCCURRENCES

COLUMN 17 PEAK WIND IN M.P.H.

PRELIMINARY LOCAL CLIMATOLOGICAL DATA (WS FORM: F-6) , PAGE 2

                                          STATION:  DENVER CO
                                          MONTH:    OCTOBER
                                          YEAR:     2014
                                          LATITUDE:   39 52 N
                                          LONGITUDE: 104 40 W

[TEMPERATURE DATA]      [PRECIPITATION DATA]       SYMBOLS USED IN COLUMN 16

AVERAGE MONTHLY: 55.5   TOTAL FOR MONTH:   0.50    1 = FOG OR MIST
DPTR FM NORMAL:   2.5   DPTR FM NORMAL:   -0.21    2 = FOG REDUCING VISIBILITY
HIGHEST:    83 ON 15    GRTST 24HR  0.26 ON  9-10      TO 1/4 MILE OR LESS
LOWEST:     32 ON  3                               3 = THUNDER
                        SNOW, ICE PELLETS, HAIL    4 = ICE PELLETS
                        TOTAL MONTH:   0.0 INCH    5 = HAIL
                        GRTST 24HR     0.0         6 = FREEZING RAIN OR DRIZZLE
                        GRTST DEPTH:   0           7 = DUSTSTORM OR SANDSTORM:
                                                       VSBY 1/2 MILE OR LESS
                                                   8 = SMOKE OR HAZE
[NO. OF DAYS WITH]      [WEATHER - DAYS WITH]      9 = BLOWING SNOW
                                                   X = TORNADO
MAX 32 OR BELOW:   0    0.01 INCH OR MORE:   4
MAX 90 OR ABOVE:   0    0.10 INCH OR MORE:   2
MIN 32 OR BELOW:   1    0.50 INCH OR MORE:   0
MIN  0 OR BELOW:   0    1.00 INCH OR MORE:   0

[HDD (BASE 65) ]
TOTAL THIS MO.   186    CLEAR  (SCALE 0-3)   4
DPTR FM NORMAL   -58    PTCLDY (SCALE 4-7)  15
TOTAL FM JUL 1   284    CLOUDY (SCALE 8-10)  1
DPTR FM NORMAL  -101

[CDD (BASE 65) ]
TOTAL THIS MO.     0
DPTR FM NORMAL    -1    [PRESSURE DATA]
TOTAL FM JAN 1   701    HIGHEST SLP M ON M
DPTR FM NORMAL   -64    LOWEST  SLP 29.54 ON 12

[REMARKS]
