000
CXUS54 KSHV 011300
CF6DEQ
PRELIMINARY LOCAL CLIMATOLOGICAL DATA (WS FORM: F-6)

                                          STATION:   DE QUEEN
                                          MONTH:     APRIL
                                          YEAR:      2016
                                          LATITUDE:   34  2 N
                                          LONGITUDE:  94 24 W

  TEMPERATURE IN F:       :PCPN:    SNOW:  WIND      :SUNSHINE: SKY     :PK WND
================================================================================
1   2   3   4   5  6A  6B    7    8   9   10  11  12  13   14  15   16   17  18
                                     12Z  AVG MX 2MIN
DY MAX MIN AVG DEP HDD CDD  WTR  SNW DPTH SPD SPD DIR MIN PSBL S-S WX    SPD DR
================================================================================

 1  63  39  51  -6  14   0 0.00  0.0    0  3.6 13 350   M    M   2 1      18 310
 2  69  33  51  -6  14   0 0.00  0.0    0  4.0 14 270   M    M   1 12     20 280
 3  74  36  55  -3  10   0 0.00  0.0    0  3.5 16 250   M    M   0 12     21 240
 4  82  40  61   3   4   0 0.00  0.0    0  4.4 13 300   M    M   0 1      16 300
 5  82  48  65   7   0   0 0.00  0.0    0  5.9 13 120   M    M   0 1      18  80
 6  74  45  60   2   5   0 0.00  0.0    0  8.4 24 290   M    M   0        34 300
 7  82  39  61   2   4   0 0.00  0.0    0  4.8 20 330   M    M   0 1      26 330
 8  73  40  57  -2   8   0 0.00  0.0    0  3.4 15 350   M    M   0 18     25 360
 9  74  38  56  -3   9   0    T  0.0    0  2.7 12 200   M    M   4 1      17 200
10  77  58  68   9   0   3 0.00  0.0    0  8.0 20 210   M    M   9        28 180
11  69  60  65   5   0   0 0.72  0.0    0  4.6 24 330   M    M   8 13     33 330
12  68  49  59  -1   6   0 0.00  0.0    0  6.5 17 100   M    M   2 12     24  70
13  64  52  58  -2   7   0 0.48  0.0    0  6.3 13 100   M    M   8 1238   16  60
14  73  48  61   0   4   0    T  0.0    0  3.8 13  70   M    M   4 18     16  80
15  75  50  63   2   2   0 0.00  0.0    0  6.7 18 110   M    M   6 1      24 100
16  67  60  64   3   1   0    T  0.0    0  9.6 17 110   M    M  10 1      23 110
17  72  63  68   6   0   3 1.65  0.0    0  9.1 16 110   M    M  10 13     22 100
18  66  62  64   2   1   0 0.84  0.0    0  7.9 22 110   M    M   9 13     30 140
19  70  62  66   4   0   1    T  0.0    0  5.9 12  80   M    M   9 1      15  80
20  74  55  65   3   0   0 0.54  0.0    0  4.8 14 270   M    M   7 123    19 290
21  79  51  65   2   0   0 0.00  0.0    0  1.8 12 270   M    M   4 12     14 260
22  81  48  65   2   0   0 0.00  0.0    0  2.0 13 320   M    M   2 12     17 310
23  82  49  66   3   0   1 0.00  0.0    0  1.7 10 160   M    M   1 128    13 140
24  78  53  66   2   0   1 0.00  0.0    0  5.3 16 200   M    M   3 1      23 210
25  82  58  70   6   0   5 0.00  0.0    0  4.9 13 140   M    M   6        18 200
26  83  69  76  12   0  11 0.02  0.0    0  7.5 32 270   M    M   7 3      45 250
27  81  56  69   5   0   4 0.32  0.0    0  4.9 25 110   M    M   2 13     31 100
28  83  50  67   2   0   2 0.00  0.0    0  3.7 12 110   M    M   2 12     17  90
29  72  64  68   3   0   3 6.07  0.0    0  9.7 24 120   M    M   9 13     35 310
30  81  64  73   8   0   8    T  0.0    0  3.8 21 120   M    M   7 13     31 140
================================================================================
SM 2250 1539        89  42 10.64     0.0 159.2          M      132
================================================================================
AV 75.0 51.3                               5.3 FASTST   M    M   4    MAX(MPH)
                                 MISC ---->  # 32 270               # 45  250
================================================================================
NOTES:
# LAST OF SEVERAL OCCURRENCES

COLUMN 17 PEAK WIND IN M.P.H.

PRELIMINARY LOCAL CLIMATOLOGICAL DATA (WS FORM: F-6) , PAGE 2

                                          STATION:  DE QUEEN
                                          MONTH:    APRIL
                                          YEAR:     2016
                                          LATITUDE:   34  2 N
                                          LONGITUDE:  94 24 W

[TEMPERATURE DATA]      [PRECIPITATION DATA]       SYMBOLS USED IN COLUMN 16

AVERAGE MONTHLY: 63.2   TOTAL FOR MONTH:  10.64    1 = FOG OR MIST
DPTR FM NORMAL:   2.1   DPTR FM NORMAL:    6.71    2 = FOG REDUCING VISIBILITY
HIGHEST:    83 ON 28,26 GRTST 24HR  6.07 ON 29-29      TO 1/4 MILE OR LESS
LOWEST:     33 ON  2                               3 = THUNDER
                        SNOW, ICE PELLETS, HAIL    4 = ICE PELLETS
                        TOTAL MONTH:   0.0 INCH    5 = HAIL
                        GRTST 24HR     0.0         6 = FREEZING RAIN OR DRIZZLE
                        GRTST DEPTH:   0           7 = DUSTSTORM OR SANDSTORM:
                                                       VSBY 1/2 MILE OR LESS
                                                   8 = SMOKE OR HAZE
[NO. OF DAYS WITH]      [WEATHER - DAYS WITH]      9 = BLOWING SNOW
                                                   X = TORNADO
MAX 32 OR BELOW:   0    0.01 INCH OR MORE:   8
MAX 90 OR ABOVE:   0    0.10 INCH OR MORE:   7
MIN 32 OR BELOW:   0    0.50 INCH OR MORE:   5
MIN  0 OR BELOW:   0    1.00 INCH OR MORE:   2

[HDD (BASE 65) ]
TOTAL THIS MO.    89    CLEAR  (SCALE 0-3)  13
DPTR FM NORMAL   -64    PTCLDY (SCALE 4-7)  10
TOTAL FM JUL 1  2295    CLOUDY (SCALE 8-10)  7
DPTR FM NORMAL  -726

[CDD (BASE 65) ]
TOTAL THIS MO.    42
DPTR FM NORMAL     6    [PRESSURE DATA]
TOTAL FM JAN 1    50    HIGHEST SLP 30.24 ON  5
DPTR FM NORMAL     3    LOWEST  SLP 29.57 ON 27

[REMARKS]
#FINAL-04-16#
