770
CXUS54 KSHV 231300
CF6DEQ
PRELIMINARY LOCAL CLIMATOLOGICAL DATA (WS FORM: F-6)

                                          STATION:   DE QUEEN
                                          MONTH:     APRIL
                                          YEAR:      2017
                                          LATITUDE:   34  2 N
                                          LONGITUDE:  94 24 W

  TEMPERATURE IN F:       :PCPN:    SNOW:  WIND      :SUNSHINE: SKY     :PK WND
================================================================================
1   2   3   4   5  6A  6B    7    8   9   10  11  12  13   14  15   16   17  18
                                     12Z  AVG MX 2MIN
DY MAX MIN AVG DEP HDD CDD  WTR  SNW DPTH SPD SPD DIR MIN PSBL S-S WX    SPD DR
================================================================================

 1  78  56  67  10   0   2 0.00  0.0    0  9.8 17 110   M    M   1        22 110
 2  65  57  61   4   4   0 0.37  0.0    0  7.8 25  90   M    M   5 13     35 100
 3  75  52  64   6   1   0 0.03  0.0    0  8.4 21 270   M    M   4 1      26 270
 4  85  48  67   9   0   2 0.49    M    0  6.8 24 280   M    M   1 13     33 290
 5  65  43  54  -4  11   0 0.02    M    0 11.8 26 300   M    M   5 3      40 330
 6  71  38  55  -3  10   0 0.00  0.0    0  4.8 22 310   M    M   0 1      29 320
 7  72  37  55  -4  10   0 0.00  0.0    0  2.2 12 280   M    M   1 1      15 260
 8  80  44  62   3   3   0 0.00  0.0    0  7.4 21 200   M    M   0 1      28 180
 9  82  61  72  13   0   7 0.00  0.0    0  7.7 20 180   M    M   5        27 180
10  71  62  67   8   0   2 1.70  0.0    0  5.0 17 330   M    M  10 13     24 330
11  75  58  67   7   0   2 3.17  0.0    0  5.5 17 110   M    M   6 123    23 110
12  76  55  66   6   0   1 0.00  0.0    0  4.6 15 150   M    M   5 12     23 110
13  81  56  69   9   0   4 0.00  0.0    0  2.8 13 150   M    M   2 12     20 120
14  81  56  69   8   0   4 0.00  0.0    0  4.1 17 210   M    M   1 1      23 220
15  82  57  70   9   0   5 0.00  0.0    0  3.8 15 210   M    M   4 1      18 200
16  81  58  70   9   0   5 0.00  0.0    0  4.1 16 200   M    M   3 1      20 200
17  71  58  65   3   0   0 0.43  0.0    0  1.9 15  30   M    M   5 123    23  30
18  81  55  68   6   0   3 0.00  0.0    0  2.9 10 190   M    M   3 128    13 190
19  81  57  69   7   0   4 0.00  0.0    0  5.2 15 210   M    M   4 12     20 220
20  81  60  71   9   0   6 0.00  0.0    0  3.2 13 190   M    M   4 1      17 250
21  81  62  72   9   0   7 0.29  0.0    0  4.6 20 260   M    M   5 13     27 270
22  68  50  59  -4   6   0 0.08  0.0    0  8.1 17 320   M    M   9 13     23 350
================================================================================
SM 1683 1180        45  54  6.58     0.0 122.5          M       83
================================================================================
AV 76.5 53.6                               5.6 FASTST   M    M   4    MAX(MPH)
                                 MISC ---->  # 26 300               # 40  330
================================================================================
NOTES:
# LAST OF SEVERAL OCCURRENCES

COLUMN 17 PEAK WIND IN M.P.H.

PRELIMINARY LOCAL CLIMATOLOGICAL DATA (WS FORM: F-6) , PAGE 2

                                          STATION:  DE QUEEN
                                          MONTH:    APRIL
                                          YEAR:     2017
                                          LATITUDE:   34  2 N
                                          LONGITUDE:  94 24 W

[TEMPERATURE DATA]      [PRECIPITATION DATA]       SYMBOLS USED IN COLUMN 16

AVERAGE MONTHLY: 65.1   TOTAL FOR MONTH:   6.58    1 = FOG OR MIST
DPTR FM NORMAL:   5.1   DPTR FM NORMAL:    3.99    2 = FOG REDUCING VISIBILITY
HIGHEST:    85 ON  4    GRTST 24HR  3.17 ON 11-11      TO 1/4 MILE OR LESS
LOWEST:     37 ON  7                               3 = THUNDER
                        SNOW, ICE PELLETS, HAIL    4 = ICE PELLETS
                        TOTAL MONTH:   0.0 INCH    5 = HAIL
                        GRTST 24HR     0.0         6 = FREEZING RAIN OR DRIZZLE
                        GRTST DEPTH:   0           7 = DUSTSTORM OR SANDSTORM:
                                                       VSBY 1/2 MILE OR LESS
                                                   8 = SMOKE OR HAZE
[NO. OF DAYS WITH]      [WEATHER - DAYS WITH]      9 = BLOWING SNOW
                                                   X = TORNADO
MAX 32 OR BELOW:   0    0.01 INCH OR MORE:   9
MAX 90 OR ABOVE:   0    0.10 INCH OR MORE:   6
MIN 32 OR BELOW:   0    0.50 INCH OR MORE:   2
MIN  0 OR BELOW:   0    1.00 INCH OR MORE:   2

[HDD (BASE 65) ]
TOTAL THIS MO.    45    CLEAR  (SCALE 0-3)   9
DPTR FM NORMAL   -87    PTCLDY (SCALE 4-7)  11
TOTAL FM JUL 1  2047    CLOUDY (SCALE 8-10)  2
DPTR FM NORMAL  -953

[CDD (BASE 65) ]
TOTAL THIS MO.    54
DPTR FM NORMAL    32    [PRESSURE DATA]
TOTAL FM JAN 1    91    HIGHEST SLP M ON M
DPTR FM NORMAL    58    LOWEST  SLP 29.60 ON  2

[REMARKS]
