000
CXUS55 KCYS 261000
CF6DGW
PRELIMINARY LOCAL CLIMATOLOGICAL DATA (WS FORM: F-6)

                                          STATION:   CONVERSE CO (DOUGLAS) WY ARPT
                                          MONTH:     JUNE
                                          YEAR:      2017
                                          LATITUDE:   42 46 N
                                          LONGITUDE: 105 22 W

  TEMPERATURE IN F:       :PCPN:    SNOW:  WIND      :SUNSHINE: SKY     :PK WND
================================================================================
1   2   3   4   5  6A  6B    7    8   9   10  11  12  13   14  15   16   17  18
                                     12Z  AVG MX 2MIN
DY MAX MIN AVG DEP HDD CDD  WTR  SNW DPTH SPD SPD DIR MIN PSBL S-S WX    SPD DR
================================================================================

 1  83  47  65   6   0   0    T    M    M  6.4 33 160   M    M   1 38     41 160
 2  74  44  59   0   6   0 0.00    M    M  7.0 32 280   M    M   2        39 280
 3  77  42  60   1   5   0 0.00    M    M  4.9 13  90   M    M   0        17 150
 4  84  46  65   5   0   0 0.00    M    M  8.1 14 140   M    M   0        21 140
 5  89  50  70  10   0   5 0.30    M    M  9.2 33 280   M    M   2 13     41 280
 6  73  53  63   3   2   0 0.02    M    M  6.9 16 300   M    M   6 1      21 300
 7  82  53  68   7   0   3 0.03    M    M  8.7 24 100   M    M   0 3      29 130
 8  85  52  69   8   0   4 0.00    M    M 11.1 21 140   M    M   0        26 130
 9  90  50  70   8   0   5 0.00    M    M 12.5 29 240   M    M   0        35 240
10  84  47  66   4   0   1 0.00    M    M  9.4 28 150   M    M   0        35 360
11  77  52  65   3   0   0 0.00    M    M 12.0 23 110   M    M   3        29 120
12  76  47  62  -1   3   0 0.63    M    M 17.5 40 130   M    M   7 138    49  70
13  71  38  55  -8  10   0 0.00    M    M 16.3 37 250   M    M   2        45 250
14  77  44  61  -2   4   0 0.00    M    M 11.4 32 290   M    M   1        40 290
15  81  41  61  -3   4   0 0.00    M    M  5.8 23 270   M    M   0        30 290
16  84  49  67   3   0   2    T    M    M  9.3 30 300   M    M   4        37 300
17  68  50  59  -5   6   0 0.53    M    M  8.6 21 320   M    M   7 1      24 330
18  79  42  61  -4   4   0 0.00    M    M  6.5 21 350   M    M   4        31 350
19  79  49  64  -1   1   0 0.00    M    M  6.0 17 330   M    M   1        20 320
20  90  48  69   4   0   4 0.00    M    M  5.7 22 280   M    M   0        28 290
21  91  51  71   5   0   6 0.00    M    M  7.4 23 300   M    M   0        27 300
22  77  55  66   0   0   1 0.00    M    M 12.1 25  30   M    M   3        32  30
23  70  42  56 -10   9   0 0.02    M    M  8.6 22 350   M    M   3        28 360
24  73  43  58  -9   7   0 0.00    M    M  5.5 15  20   M    M   6        18  30
25  80  49  65  -2   0   0 0.00    M    M  8.0 18 180   M    M   4        23 170
================================================================================
SM 1994 1184        61  31  1.53    M    224.9          M       56
================================================================================
AV 79.8 47.4                               9.0 FASTST   M    M   2    MAX(MPH)
                                 MISC ---->  # 40 130               # 49   70
================================================================================
NOTES:
# LAST OF SEVERAL OCCURRENCES

COLUMN 17 PEAK WIND IN M.P.H.

PRELIMINARY LOCAL CLIMATOLOGICAL DATA (WS FORM: F-6) , PAGE 2

                                          STATION:  CONVERSE CO (DOUGLAS) WY ARPT
                                          MONTH:    JUNE
                                          YEAR:     2017
                                          LATITUDE:   42 46 N
                                          LONGITUDE: 105 22 W

[TEMPERATURE DATA]      [PRECIPITATION DATA]       SYMBOLS USED IN COLUMN 16

AVERAGE MONTHLY: 63.6   TOTAL FOR MONTH:   1.53    1 = FOG OR MIST
DPTR FM NORMAL:   0.6   DPTR FM NORMAL:   -0.07    2 = FOG REDUCING VISIBILITY
HIGHEST:    91 ON 21    GRTST 24HR  0.63 ON 12-12      TO 1/4 MILE OR LESS
LOWEST:     38 ON 13                               3 = THUNDER
                        SNOW, ICE PELLETS, HAIL    4 = ICE PELLETS
                        TOTAL MONTH:    M          5 = HAIL
                        GRTST 24HR    M  ON   M    6 = FREEZING RAIN OR DRIZZLE
                        GRTST DEPTH:  M  ON   M    7 = DUSTSTORM OR SANDSTORM:
                                                       VSBY 1/2 MILE OR LESS
                                                   8 = SMOKE OR HAZE
[NO. OF DAYS WITH]      [WEATHER - DAYS WITH]      9 = BLOWING SNOW
                                                   X = TORNADO
MAX 32 OR BELOW:   0    0.01 INCH OR MORE:   6
MAX 90 OR ABOVE:   3    0.10 INCH OR MORE:   3
MIN 32 OR BELOW:   0    0.50 INCH OR MORE:   2
MIN  0 OR BELOW:   0    1.00 INCH OR MORE:   0

[HDD (BASE 65) ]
TOTAL THIS MO.    61    CLEAR  (SCALE 0-3)  18
DPTR FM NORMAL   -42    PTCLDY (SCALE 4-7)   7
TOTAL FM JUL 1  6729    CLOUDY (SCALE 8-10)  0
DPTR FM NORMAL  -705

[CDD (BASE 65) ]
TOTAL THIS MO.    31
DPTR FM NORMAL   -19    [PRESSURE DATA]
TOTAL FM JAN 1    32    HIGHEST SLP M ON M
DPTR FM NORMAL   -24    LOWEST  SLP 29.41 ON 10

[REMARKS]
