000
CXUS53 KBIS 300733
CF6DIK
PRELIMINARY LOCAL CLIMATOLOGICAL DATA (WS FORM: F-6)

                                          STATION:   DICKINSON ND
                                          MONTH:     APRIL
                                          YEAR:      2016
                                          LATITUDE:   46 47 N
                                          LONGITUDE: 102 48 W

  TEMPERATURE IN F:       :PCPN:    SNOW:  WIND      :SUNSHINE: SKY     :PK WND
================================================================================
1   2   3   4   5  6A  6B    7    8   9   10  11  12  13   14  15   16   17  18
                                     12Z  AVG MX 2MIN
DY MAX MIN AVG DEP HDD CDD  WTR  SNW DPTH SPD SPD DIR MIN PSBL S-S WX    SPD DR
================================================================================

 1  53  17  35  -1  30   0 0.00    M    M 15.0 29 300   M    M   6        37 280
 2  71  24  48  11  17   0 0.00    M    M 12.7 31 270   M    M   0        37 260
 3  66  24  45   8  20   0 0.00    M    M 16.9 38 310   M    M   3        47 320
 4  64  24  44   6  21   0 0.00    M    M 11.8 28 140   M    M   0        34 140
 5  56  31  44   6  21   0 0.02    M    M 23.9 38 260   M    M   7 1      49 260
 6  55  30  43   5  22   0 0.03    M    M 18.5 35 290   M    M   6 1      45 290
 7  53  28  41   2  24   0 0.00    M    M 17.3 38 320   M    M   3        47 320
 8  49  20  35  -4  30   0 0.00    M    M  9.5 24 150   M    M   3        30 150
 9  74  27  51  11  14   0 0.00    M    M 21.5 33 310   M    M   0        41 310
10  42  14  28 -12  37   0 0.00    M    M 16.6 33 310   M    M   3        42 310
11  47   7  27 -14  38   0 0.00    M    M  7.5 20 150   M    M   0        24 150
12  70  27  49   8  16   0 0.00    M    M 11.7 22 330   M    M   1        27 330
13  75  29  52  11  13   0 0.03    M    M 15.0 31 150   M    M   1        39 150
14  67  38  53  11  12   0 0.06    M    M 12.1 37 120   M    M   6        46 120
15  59  34  47   5  18   0 0.06    M    M 16.8 28 270   M    M   9 1      34 260
16  34  31  33 -10  32   0 0.20    M    M 14.5 21 350   M    M  10 1      26 360
17  35  32  34  -9  31   0 0.05    M    M 13.5 23 350   M    M  10 1      29 360
18  40  33  37  -6  28   0 0.43    M    M 13.5 22  50   M    M  10 1      25  50
19  59  35  47   3  18   0 0.07    M    M  9.9 18  90   M    M   7 12     22  80
20  67  30  49   5  16   0 0.00    M    M  6.5 13 340   M    M   1        17 310
21  59  35  47   3  18   0 0.00    M    M  8.8 18  40   M    M   0        21  30
22  71  35  53   8  12   0 0.00    M    M 19.5 31 140   M    M   0        38 130
23  72  40  56  11   9   0 0.00    M    M 16.9 29  40   M    M   0        38  50
24  42  36  39  -7  26   0 0.37    M    M 20.2 38  40   M    M  10 123    46  40
25  37  31  34 -12  31   0 0.33    M    M 11.0 18  30   M    M  10 1      23  20
26  37  31  34 -12  31   0 0.16    M    M  8.9 15  60   M    M  10 126    19  50
27  42  31  37 -10  28   0 0.57    M    M  9.2 21  70   M    M  10 1      28  60
28  51  33  42  -5  23   0 0.00    M    M  6.6 15  40   M    M  10        19  80
29  57  34  46  -2  19   0 0.00    M    M  9.7 18 110   M    M   6        29 120
================================================================================
SM 1604  841       655   0  2.38    M    395.5          M      142
================================================================================
AV 55.3 29.0                              13.6 FASTST   M    M   5    MAX(MPH)
                                 MISC ---->  # 38 310               # 49  260
================================================================================
NOTES:
# LAST OF SEVERAL OCCURRENCES

COLUMN 17 PEAK WIND IN M.P.H.

PRELIMINARY LOCAL CLIMATOLOGICAL DATA (WS FORM: F-6) , PAGE 2

                                          STATION:  DICKINSON ND
                                          MONTH:    APRIL
                                          YEAR:     2016
                                          LATITUDE:   46 47 N
                                          LONGITUDE: 102 48 W

[TEMPERATURE DATA]      [PRECIPITATION DATA]       SYMBOLS USED IN COLUMN 16

AVERAGE MONTHLY: 42.2   TOTAL FOR MONTH:   2.38    1 = FOG OR MIST
DPTR FM NORMAL:   0.1   DPTR FM NORMAL:    0.98    2 = FOG REDUCING VISIBILITY
HIGHEST:    75 ON 13    GRTST 24HR  0.73 ON 26-27      TO 1/4 MILE OR LESS
LOWEST:      7 ON 11                               3 = THUNDER
                        SNOW, ICE PELLETS, HAIL    4 = ICE PELLETS
                        TOTAL MONTH:    M          5 = HAIL
                        GRTST 24HR    M  ON   M    6 = FREEZING RAIN OR DRIZZLE
                        GRTST DEPTH:  M  ON   M    7 = DUSTSTORM OR SANDSTORM:
                                                       VSBY 1/2 MILE OR LESS
                                                   8 = SMOKE OR HAZE
[NO. OF DAYS WITH]      [WEATHER - DAYS WITH]      9 = BLOWING SNOW
                                                   X = TORNADO
MAX 32 OR BELOW:   0    0.01 INCH OR MORE:  13
MAX 90 OR ABOVE:   0    0.10 INCH OR MORE:   6
MIN 32 OR BELOW:  19    0.50 INCH OR MORE:   1
MIN  0 OR BELOW:   0    1.00 INCH OR MORE:   0

[HDD (BASE 65) ]
TOTAL THIS MO.   655    CLEAR  (SCALE 0-3)  14
DPTR FM NORMAL    -9    PTCLDY (SCALE 4-7)   6
TOTAL FM JUL 1  6935    CLOUDY (SCALE 8-10)  9
DPTR FM NORMAL -1109

[CDD (BASE 65) ]
TOTAL THIS MO.     0
DPTR FM NORMAL     0    [PRESSURE DATA]
TOTAL FM JAN 1     0    HIGHEST SLP M ON M
DPTR FM NORMAL     0    LOWEST  SLP 29.36 ON  9

[REMARKS]
