000
CXUS53 KBIS 310745
CF6DIK
PRELIMINARY LOCAL CLIMATOLOGICAL DATA (WS FORM: F-6)

                                          STATION:   DICKINSON ND
                                          MONTH:     AUGUST
                                          YEAR:      2016
                                          LATITUDE:   46 47 N
                                          LONGITUDE: 102 48 W

  TEMPERATURE IN F:       :PCPN:    SNOW:  WIND      :SUNSHINE: SKY     :PK WND
================================================================================
1   2   3   4   5  6A  6B    7    8   9   10  11  12  13   14  15   16   17  18
                                     12Z  AVG MX 2MIN
DY MAX MIN AVG DEP HDD CDD  WTR  SNW DPTH SPD SPD DIR MIN PSBL S-S WX    SPD DR
================================================================================

 1  83  57  70  -1   0   5 0.02    M    M  8.7 33  80   M    M   2 13     39  90
 2  86  52  69  -2   0   4 0.00    M    M  7.2 23 290   M    M   0        27 300
 3  92  57  75   4   0  10 0.00    M    M 15.5 26 300   M    M   0        35 310
 4  76  49  63  -8   2   0 0.00    M    M 16.6 25 290   0    0   0        37 270
 5  83  43  63  -8   2   0 0.00    M    M  5.7 14 150   M    M   0        17 150
 6  88  56  72   2   0   7 0.00    M    M 13.0 22 130   M    M   M        28 150
 7  84  51  68  -2   0   3 0.00    M    M 15.0 26 150   M    M   3        33 140
 8  89  53  71   1   0   6 0.00    M    M 11.5 22 290   M    M   0        27 280
 9  85  49  67  -3   0   2 0.20    M    M 15.3 39 120   M    M   2 13     54 110
10  86  59  73   3   0   8 0.00    M    M 13.3 28 110   M    M   4 13     34 120
11  84  52  68  -2   0   3 0.00    M    M 10.8 24 260   M    M   3 1      32 280
12  80  50  65  -5   0   0 0.08    M    M  9.1 40 310   M    M   1 13     50 300
13  80  49  65  -5   0   0 0.00    M    M  9.8 22 320   M    M   1        29 320
14  89  47  68  -1   0   3 0.00    M    M  8.1 20 100   M    M   0 3      25 110
15  89  52  71   2   0   6 0.00    M    M  7.9 22  60   M    M   1 3      27 320
16  87  49  68  -1   0   3 0.00    M    M  7.0 13 350   M    M   1        16  60
17  94  56  75   6   0  10 0.00    M    M 13.3 22 140   M    M   0        28 180
18  74  49  62  -6   3   0    T    M    M 10.6 24  50   M    M   3 3      32  40
19  62  44  53 -15  12   0 0.31    M    M  9.2 16 310   M    M   8 1      23 350
20  71  43  57 -11   8   0 0.00    M    M  7.7 16 310   M    M   3        19 320
21  85  46  66  -2   0   1 0.00    M    M  8.9 14 190   M    M   0        18 200
22  97  53  75   8   0  10 0.00    M    M  9.2 20 130   M    M   0        28 110
23  79  51  65  -2   0   0 0.00    M    M 14.9 30 310   M    M   0 8      38 320
24  72  51  62  -5   3   0 0.00    M    M 20.2 31 290   M    M   5        39 300
25  70  47  59  -7   6   0    T    M    M  9.6 20 290   M    M   6 1      24 300
26  73  43  58  -8   7   0 0.03    M    M 10.3 23 190   M    M   2 13     29 200
27  81  48  65  -1   0   0 0.01    M    M  9.2 18 200   M    M   1        25 200
28  96  52  74   9   0   9 0.00    M    M  9.4 20 290   M    M   0        24 260
29  81  53  67   2   0   2 0.00    M    M 10.1 18  30   M    M   0        21  10
30  82  50  66   2   0   1 0.00    M    M 13.5 26 140   M    M   0        30 140
================================================================================
SM 2478 1511        43  93  0.65    M    330.6            0     46
================================================================================
AV 82.6 50.4                              11.0 FASTST    0   0   2    MAX(MPH)
                                 MISC ---->  # 40 310               # 54  110
================================================================================
NOTES:
# LAST OF SEVERAL OCCURRENCES

COLUMN 17 PEAK WIND IN M.P.H.

PRELIMINARY LOCAL CLIMATOLOGICAL DATA (WS FORM: F-6) , PAGE 2

                                          STATION:  DICKINSON ND
                                          MONTH:    AUGUST
                                          YEAR:     2016
                                          LATITUDE:   46 47 N
                                          LONGITUDE: 102 48 W

[TEMPERATURE DATA]      [PRECIPITATION DATA]       SYMBOLS USED IN COLUMN 16

AVERAGE MONTHLY: 66.5   TOTAL FOR MONTH:   0.65    1 = FOG OR MIST
DPTR FM NORMAL:  -2.1   DPTR FM NORMAL:   -0.84    2 = FOG REDUCING VISIBILITY
HIGHEST:    97 ON 22    GRTST 24HR  0.31 ON 19-19      TO 1/4 MILE OR LESS
LOWEST:     43 ON 26,20                            3 = THUNDER
                        SNOW, ICE PELLETS, HAIL    4 = ICE PELLETS
                        TOTAL MONTH:    M          5 = HAIL
                        GRTST 24HR    M  ON   M    6 = FREEZING RAIN OR DRIZZLE
                        GRTST DEPTH:  M  ON   M    7 = DUSTSTORM OR SANDSTORM:
                                                       VSBY 1/2 MILE OR LESS
                                                   8 = SMOKE OR HAZE
[NO. OF DAYS WITH]      [WEATHER - DAYS WITH]      9 = BLOWING SNOW
                                                   X = TORNADO
MAX 32 OR BELOW:   0    0.01 INCH OR MORE:   6
MAX 90 OR ABOVE:   4    0.10 INCH OR MORE:   2
MIN 32 OR BELOW:   0    0.50 INCH OR MORE:   0
MIN  0 OR BELOW:   0    1.00 INCH OR MORE:   0

[HDD (BASE 65) ]
TOTAL THIS MO.    43    CLEAR  (SCALE 0-3)  24
DPTR FM NORMAL    -5    PTCLDY (SCALE 4-7)   5
TOTAL FM JUL 1    60    CLOUDY (SCALE 8-10)  0
DPTR FM NORMAL   -22

[CDD (BASE 65) ]
TOTAL THIS MO.    93
DPTR FM NORMAL   -57    [PRESSURE DATA]
TOTAL FM JAN 1   287    HIGHEST SLP  0.00 ON  4
DPTR FM NORMAL   -92    LOWEST  SLP 29.54 ON M

[REMARKS]
