000
CXUS56 KTFX 011205
CF6DLN
PRELIMINARY LOCAL CLIMATOLOGICAL DATA (WS FORM: F-6)

                                          STATION:   DILLON AIRPORT MT
                                          MONTH:     AUGUST
                                          YEAR:      2014
                                          LATITUDE:   45 15 N
                                          LONGITUDE: 112 33 W

  TEMPERATURE IN F:       :PCPN:    SNOW:  WIND      :SUNSHINE: SKY     :PK WND
================================================================================
1   2   3   4   5  6A  6B    7    8   9   10  11  12  13   14  15   16   17  18
                                     12Z  AVG MX 2MIN
DY MAX MIN AVG DEP HDD CDD  WTR  SNW DPTH SPD SPD DIR MIN PSBL S-S WX    SPD DR
================================================================================

 1  89  48  69   3   0   4 0.00    M    0 10.0 25 140   M    M   1        33 140
 2  85  50  68   2   0   3    T    M    0  7.4 24  20   M    M   1        30  30
 3  87  55  71   5   0   6    T    M    0  6.9 35 260   M    M   1        40 270
 4  70  54  62  -4   3   0 0.02    M    0  4.2 17 210   M    M   4        22 170
 5  83  50  67   1   0   2 0.00    M    0  5.5 12 190   M    M   2        16  30
 6  77  55  66   0   0   1 0.00    M    0  8.7 28 140   M    M   0 38     35 140
 7  83  50  67   1   0   2 0.00    M    0  8.1 24 140   M    M   0 3      31 150
 8  78  53  66   0   0   1 0.00    M    0  9.2 23 210   M    M   3        29 210
 9  85  47  66   0   0   1 0.00    M    0  6.1 14 210   M    M   0        17 190
10  89  49  69   3   0   4 0.00    M    0  5.3 15 200   M    M   1        17 200
11  92  51  72   7   0   7 0.00    M    0  6.2 12 200   M    M   0        16  10
12  87  56  72   7   0   7 0.19    M    0 10.1 33 200   M    M   2 3      45 200
13  83  53  68   3   0   3 0.18    M    0  5.2 21 300   M    M   3 13     27 300
14  79  53  66   1   0   1 0.83    M    0  5.5 18 210   M    M   2 13     24 210
15  77  51  64  -1   1   0 0.00    M    0  7.0 22 360   M    M   2 3      26 350
16  81  48  65   1   0   0 0.00    M    0  6.9 17 270   M    M   3        22 290
17  83  47  65   1   0   0 0.00    M    0  7.0 15 210   M    M   0        20 200
18  86  49  68   4   0   3 0.00    M    0  4.9 14 210   M    M   0        17 200
19  85  50  68   4   0   3 0.17    M    0  8.1 26 290   M    M   2 8      36 340
20  75  51  63  -1   2   0 0.04    M    0  7.0 25 200   M    M   2 3      35 250
21  73  51  62  -1   3   0 0.48    M    0  5.9 23  30   M    M   5 13     28  40
22  62  49  56  -7   9   0 0.18    M    0  7.3 24 130   M    M   9 13     32 130
23  51  45  48 -15  17   0 0.41    M    0  8.6 18  50   M    M  10 1      22  40
24  62  43  53 -10  12   0 0.00    M    0  7.0 20  40   M    M   7        25  30
25  63  45  54  -8  11   0    T    M    0  5.3 13  50   M    M   6        16  60
26  76  44  60  -2   5   0 0.00    M    0  6.5 13 210   M    M   0        14 210
27  81  46  64   2   1   0 0.00    M    0  6.1 14 200   M    M   0 8      23 310
28  85  48  67   5   0   2 0.00    M    0  8.6 18 270   M    M   2 3      24 260
29  83  50  67   6   0   2 0.01    M    0  6.6 33 180   M    M   3 38     44 170
30  68  51  60  -1   5   0 0.26    M    0  8.2 31 290   M    M   5 13     39 300
31  68  48  58  -3   7   0 0.01    M    0  7.0 18 240   M    M   4 1      24 240
================================================================================
SM 2426 1540        76  52  2.78    M    216.4          M       80
================================================================================
AV 78.3 49.7                               7.0 FASTST   M    M   3    MAX(MPH)
                                 MISC ---->  # 35 260               # 45  200
================================================================================
NOTES:
# LAST OF SEVERAL OCCURRENCES

COLUMN 17 PEAK WIND IN M.P.H.

PRELIMINARY LOCAL CLIMATOLOGICAL DATA (WS FORM: F-6) , PAGE 2

                                          STATION:  DILLON AIRPORT MT
                                          MONTH:    AUGUST
                                          YEAR:     2014
                                          LATITUDE:   45 15 N
                                          LONGITUDE: 112 33 W

[TEMPERATURE DATA]      [PRECIPITATION DATA]       SYMBOLS USED IN COLUMN 16

AVERAGE MONTHLY: 64.0   TOTAL FOR MONTH:   2.78    1 = FOG OR MIST
DPTR FM NORMAL:  -0.2   DPTR FM NORMAL:    1.73    2 = FOG REDUCING VISIBILITY
HIGHEST:    92 ON 11    GRTST 24HR  0.97 ON 13-14      TO 1/4 MILE OR LESS
LOWEST:     43 ON 24                               3 = THUNDER
                        SNOW, ICE PELLETS, HAIL    4 = ICE PELLETS
                        TOTAL MONTH:    M          5 = HAIL
                        GRTST 24HR    M  ON   M    6 = FREEZING RAIN OR DRIZZLE
                        GRTST DEPTH:   0           7 = DUSTSTORM OR SANDSTORM:
                                                       VSBY 1/2 MILE OR LESS
                                                   8 = SMOKE OR HAZE
[NO. OF DAYS WITH]      [WEATHER - DAYS WITH]      9 = BLOWING SNOW
                                                   X = TORNADO
MAX 32 OR BELOW:   0    0.01 INCH OR MORE:  12
MAX 90 OR ABOVE:   1    0.10 INCH OR MORE:   8
MIN 32 OR BELOW:   0    0.50 INCH OR MORE:   1
MIN  0 OR BELOW:   0    1.00 INCH OR MORE:   0

[HDD (BASE 65) ]
TOTAL THIS MO.    76    CLEAR  (SCALE 0-3)  22
DPTR FM NORMAL    -5    PTCLDY (SCALE 4-7)   7
TOTAL FM JUL 1    92    CLOUDY (SCALE 8-10)  2
DPTR FM NORMAL   -44

[CDD (BASE 65) ]
TOTAL THIS MO.    52
DPTR FM NORMAL    -2    [PRESSURE DATA]
TOTAL FM JAN 1   164    HIGHEST SLP 30.20 ON 10
DPTR FM NORMAL    16    LOWEST  SLP 29.65 ON 19

[REMARKS]
#FINAL-08-14#
