000
CXUS54 KEPZ 281200
CF6DMN
PRELIMINARY LOCAL CLIMATOLOGICAL DATA (WS FORM: F-6)

                                          STATION:   DEMING
                                          MONTH:     JUNE
                                          YEAR:      2017
                                          LATITUDE:   32 15 N
                                          LONGITUDE: 107 42 W

  TEMPERATURE IN F:       :PCPN:    SNOW:  WIND      :SUNSHINE: SKY     :PK WND
================================================================================
1   2   3   4   5  6A  6B    7    8   9   10  11  12  13   14  15   16   17  18
                                     12Z  AVG MX 2MIN
DY MAX MIN AVG DEP HDD CDD  WTR  SNW DPTH SPD SPD DIR MIN PSBL S-S WX    SPD DR
================================================================================

 1  88  57  73  -1   0   8 0.01  0.0    0 10.9 26  40   M    M   2 3      35  40
 2  86  52  69  -5   0   4 0.00  0.0    0  6.9 25 330   M    M   1        35 320
 3  90  56  73  -1   0   8    T  0.0    0  6.7 23  40   M    M   0        30 360
 4  95  63  79   5   0  14 0.00  0.0    0  6.3 23 350   M    M   0        30 350
 5 101  59  80   5   0  15 0.00  0.0    0  5.3 21 280   M    M   0        27 270
 6  98  72  85  10   0  20 0.02  0.0    0 10.0 31  10   M    M   1 3      40 360
 7  95  65  80   5   0  15 0.21  0.0    0  7.3 31 330   M    M   1 3      42 340
 8  95  65  80   4   0  15 0.06  0.0    0  7.5 28 330   M    M   1 3      39 340
 9  98  59  79   3   0  14 0.00  0.0    0  6.8 20 260   M    M   0        26 270
10  97  62  80   4   0  15 0.00  0.0    0 12.7 28 270   M    M   0        35 270
11  94  56  75  -1   0  10 0.00  0.0    0 12.1 26 260   M    M   0        36 270
12  95  56  76  -1   0  11 0.00  0.0    0 12.2 25 260   M    M   0        34 250
13  93  56  75  -2   0  10 0.00  0.0    0 10.9 24 290   M    M   0        35 290
14  98  51  75  -2   0  10 0.00  0.0    0  5.0 13 250   M    M   0        22  60
15 102  52  77  -1   0  12 0.00  0.0    0  6.5 21 280   M    M   0        24 270
16 101  58  80   2   0  15 0.00  0.0    0  9.5 20 260   M    M   0        31 270
17 103  60  82   4   0  17 0.00  0.0    0 10.1 18 250   M    M   0        25 270
18 105  64  85   7   0  20 0.00  0.0    0  9.5 23  70   M    M   0        34  60
19 105  70  88  10   0  23 0.21  0.0    0  9.4 28 350   M    M   1 3      36 330
20  99  68  84   5   0  19 0.00  0.0    0  5.2 15 110   M    M   0        19 120
21 105  70  88   9   0  23 0.00  0.0    0  9.7 43 330   M    M   0        52 330
22 108  70  89  10   0  24    T  0.0    0  8.2 39  30   M    M   0 3      50  30
23 108  72  90  11   0  25 0.00  0.0    0  7.9 23 100   M    M   0        29 100
24  99  68  84   4   0  19 0.02  0.0    0 13.5 43  40   M    M   1 3      55  70
25  94  62  78  -2   0  13 0.01  0.0    0  9.0 31 100   M    M   0 3      39 100
26  94  66  80   0   0  15 0.02  0.0    0  6.9 30 130   M    M   0 3      37 120
27  98  66  82   2   0  17 0.00  0.0    0  7.8 16  80   M    M   0        21  70
================================================================================
SM 2644 1675         0 411  0.56     0.0 233.8          M        8
================================================================================
AV 97.9 62.0                               8.7 FASTST   M    M   0    MAX(MPH)
                                 MISC ---->  # 43 330               # 55   70
================================================================================
NOTES:
# LAST OF SEVERAL OCCURRENCES

COLUMN 17 PEAK WIND IN M.P.H.

PRELIMINARY LOCAL CLIMATOLOGICAL DATA (WS FORM: F-6) , PAGE 2

                                          STATION:  DEMING
                                          MONTH:    JUNE
                                          YEAR:     2017
                                          LATITUDE:   32 15 N
                                          LONGITUDE: 107 42 W

[TEMPERATURE DATA]      [PRECIPITATION DATA]       SYMBOLS USED IN COLUMN 16

AVERAGE MONTHLY: 80.0   TOTAL FOR MONTH:   0.56    1 = FOG OR MIST
DPTR FM NORMAL:   2.9   DPTR FM NORMAL:    0.03    2 = FOG REDUCING VISIBILITY
HIGHEST:   108 ON 23,22 GRTST 24HR  0.21 ON 19-19      TO 1/4 MILE OR LESS
LOWEST:     51 ON 14                               3 = THUNDER
                        SNOW, ICE PELLETS, HAIL    4 = ICE PELLETS
                        TOTAL MONTH:   0.0 INCH    5 = HAIL
                        GRTST 24HR     0.0         6 = FREEZING RAIN OR DRIZZLE
                        GRTST DEPTH:   0           7 = DUSTSTORM OR SANDSTORM:
                                                       VSBY 1/2 MILE OR LESS
                                                   8 = SMOKE OR HAZE
[NO. OF DAYS WITH]      [WEATHER - DAYS WITH]      9 = BLOWING SNOW
                                                   X = TORNADO
MAX 32 OR BELOW:   0    0.01 INCH OR MORE:   8
MAX 90 OR ABOVE:  25    0.10 INCH OR MORE:   2
MIN 32 OR BELOW:   0    0.50 INCH OR MORE:   0
MIN  0 OR BELOW:   0    1.00 INCH OR MORE:   0

[HDD (BASE 65) ]
TOTAL THIS MO.     0    CLEAR  (SCALE 0-3)  27
DPTR FM NORMAL     0    PTCLDY (SCALE 4-7)   0
TOTAL FM JUL 1  2376    CLOUDY (SCALE 8-10)  0
DPTR FM NORMAL  -792

[CDD (BASE 65) ]
TOTAL THIS MO.   411
DPTR FM NORMAL    82    [PRESSURE DATA]
TOTAL FM JAN 1   585    HIGHEST SLP M ON M
DPTR FM NORMAL    85    LOWEST  SLP 29.46 ON 22

[REMARKS]
