000
CXUS54 KEPZ 211200
CF6DMN
PRELIMINARY LOCAL CLIMATOLOGICAL DATA (WS FORM: F-6)

                                          STATION:   DEMING
                                          MONTH:     APRIL
                                          YEAR:      2014
                                          LATITUDE:   32 15 N
                                          LONGITUDE: 107 42 W

  TEMPERATURE IN F:       :PCPN:    SNOW:  WIND      :SUNSHINE: SKY     :PK WND
================================================================================
1   2   3   4   5  6A  6B    7    8   9   10  11  12  13   14  15   16   17  18
                                     12Z  AVG MX 2MIN
DY MAX MIN AVG DEP HDD CDD  WTR  SNW DPTH SPD SPD DIR MIN PSBL S-S WX    SPD DR
================================================================================

 1  78  38  58   3   7   0 0.00  0.0    0 13.2 31 260   M    M   0        42 270
 2  76  42  59   4   6   0 0.00  0.0    0 19.8 38 250   M    M   1 8      50 250
 3  64  40  52  -4  13   0 0.00  0.0    0 13.6 26 270   M    M   0        34 280
 4  71  36  54  -2  11   0 0.00  0.0    0  8.5 20 110   M    M   0        25 110
 5  68  41  55  -1  10   0 0.00  0.0    0 11.7 28 270   M    M   2        37 270
 6  70  39  55  -1  10   0 0.00  0.0    0 14.2 28 310   M    M   2        34 310
 7  77  40  59   2   6   0 0.00  0.0    0  9.0 22 250   M    M   0        27 330
 8  80  37  59   2   6   0 0.00  0.0    0  6.5 16 240   M    M   0        21 230
 9  86  40  63   5   2   0 0.00  0.0    0  6.5 22 270   M    M   0        27 280
10  87  46  67   9   0   2 0.00  0.0    0 11.1 26 280   M    M   0        34 270
11  83  46  65   7   0   0 0.00  0.0    0  6.9 25 290   M    M   0        32 280
12  83  50  67   9   0   2 0.00  0.0    0 13.2 31 250   M    M   0 8      41 240
13  78  46  62   3   3   0 0.00  0.0    0 16.2 31 270   M    M   0        42 270
14  70  44  57  -2   8   0 0.00  0.0    0  8.9 25  50   M    M   0        32  70
15  72  34  53  -7  12   0 0.00  0.0    0  8.2 15  60   M    M   0        19 190
16  81  35  58  -2   7   0 0.00  0.0    0 10.8 28 270   M    M   0        39 270
17  81  42  62   2   3   0 0.00  0.0    0  7.1 20 110   M    M   0        29 120
18  80  53  67   6   0   2 0.00  0.0    0 11.7 25 280   M    M   1        33 290
19  72  48  60  -1   5   0 0.20    M    0  8.1 32 220   M    M   5 13     42 210
20  77  42  60  -1   5   0    T    M    0  6.4 17 280   M    M   1 1      22 280
================================================================================
SM 1534  839       114   6  0.20     0.0 211.6          M       12
================================================================================
AV 76.7 42.0                              10.6 FASTST   M    M   1    MAX(MPH)
                                 MISC ---->  # 38 250               # 50  250
================================================================================
NOTES:
# LAST OF SEVERAL OCCURRENCES

COLUMN 17 PEAK WIND IN M.P.H.

PRELIMINARY LOCAL CLIMATOLOGICAL DATA (WS FORM: F-6) , PAGE 2

                                          STATION:  DEMING
                                          MONTH:    APRIL
                                          YEAR:     2014
                                          LATITUDE:   32 15 N
                                          LONGITUDE: 107 42 W

[TEMPERATURE DATA]      [PRECIPITATION DATA]       SYMBOLS USED IN COLUMN 16

AVERAGE MONTHLY: 59.3   TOTAL FOR MONTH:   0.20    1 = FOG OR MIST
DPTR FM NORMAL:   1.3   DPTR FM NORMAL:   -0.06    2 = FOG REDUCING VISIBILITY
HIGHEST:    87 ON 10    GRTST 24HR  0.20 ON 19-19      TO 1/4 MILE OR LESS
LOWEST:     34 ON 15                               3 = THUNDER
                        SNOW, ICE PELLETS, HAIL    4 = ICE PELLETS
                        TOTAL MONTH:   0.0 INCH    5 = HAIL
                        GRTST 24HR     0.0         6 = FREEZING RAIN OR DRIZZLE
                        GRTST DEPTH:   0           7 = DUSTSTORM OR SANDSTORM:
                                                       VSBY 1/2 MILE OR LESS
                                                   8 = SMOKE OR HAZE
[NO. OF DAYS WITH]      [WEATHER - DAYS WITH]      9 = BLOWING SNOW
                                                   X = TORNADO
MAX 32 OR BELOW:   0    0.01 INCH OR MORE:   1
MAX 90 OR ABOVE:   0    0.10 INCH OR MORE:   1
MIN 32 OR BELOW:   0    0.50 INCH OR MORE:   0
MIN  0 OR BELOW:   0    1.00 INCH OR MORE:   0

[HDD (BASE 65) ]
TOTAL THIS MO.   114    CLEAR  (SCALE 0-3)  19
DPTR FM NORMAL   -30    PTCLDY (SCALE 4-7)   1
TOTAL FM JUL 1  2839    CLOUDY (SCALE 8-10)  0
DPTR FM NORMAL  -276

[CDD (BASE 65) ]
TOTAL THIS MO.     6
DPTR FM NORMAL     2    [PRESSURE DATA]
TOTAL FM JAN 1     6    HIGHEST SLP M ON M
DPTR FM NORMAL     2    LOWEST  SLP 29.52 ON 13

[REMARKS]
