000
CXUS53 KDMX 290920
CF6DSM
PRELIMINARY LOCAL CLIMATOLOGICAL DATA (WS FORM: F-6)

                                          STATION:   DES MOINES IA
                                          MONTH:     JULY
                                          YEAR:      2016
                                          LATITUDE:   41 31 N
                                          LONGITUDE:  93 39 W

  TEMPERATURE IN F:       :PCPN:    SNOW:  WIND      :SUNSHINE: SKY     :PK WND
================================================================================
1   2   3   4   5  6A  6B    7    8   9   10  11  12  13   14  15   16   17  18
                                     12Z  AVG MX 2MIN
DY MAX MIN AVG DEP HDD CDD  WTR  SNW DPTH SPD SPD DIR MIN PSBL S-S WX    SPD DR
================================================================================

 1  79  58  69  -7   0   4 0.00  0.0    0  7.7 15  20   M    M   5        20  30
 2  69  61  65 -11   0   0 0.02  0.0    0  8.7 16 140   M    M   9        20 130
 3  74  59  67  -9   0   2 0.00  0.0    0  8.8 17 110   M    M   9 8      23  90
 4  78  63  71  -5   0   6 0.01  0.0    0  4.9 12 230   M    M   9 1      14 240
 5  91  68  80   4   0  15    T  0.0    0 10.0 20 190   M    M   7        25 170
 6  93  71  82   6   0  17 0.12  0.0    0  7.5 32 330   M    M   7 3      42 330
 7  87  67  77   1   0  12 1.06  0.0    0  7.7 28 350   M    M   7 13     39 360
 8  88  68  78   2   0  13 0.00  0.0    0 10.1 24 320   M    M   5        27 300
 9  86  64  75  -1   0  10 0.00  0.0    0  6.8 14 160   M    M   4        18 110
10  85  71  78   2   0  13    T  0.0    0 12.6 31  10   M    M   5 3      43  10
11  94  69  82   6   0  17 0.76  0.0    0 16.1 33 320   M    M   3 13     43 320
12  88  68  78   2   0  13 0.41  0.0    0  9.7 25 290   M    M   7 13     34 140
13  88  70  79   3   0  14 0.53  0.0    0  6.9 26 350   M    M   5 13     36 350
14  87  68  78   2   0  13 0.00  0.0    0  9.2 20 310   M    M   3        24 290
15  77  60  69  -7   0   4 0.00  0.0    0  5.9 16 330   M    M   5        24 320
16  84  64  74  -2   0   9    T  0.0    0 11.0 20 150   M    M   4 1      26 140
17  88  67  78   2   0  13 0.14  0.0    0  8.0 24 160   M    M   9 13     32  30
18  87  70  79   3   0  14 0.38  0.0    0  6.1 24 310   M    M   6 13     27 320
19  77  70  74  -2   0   9 3.53  0.0    0  9.6 26  20   M    M   8 123    32  10
20  95  71  83   7   0  18 0.00  0.0    0 10.7 22 190   M    M   4        28 190
21  97  78  88  12   0  23 0.00  0.0    0 10.9 22 210   M    M   2        28 200
22  92  75  84   8   0  19 0.02  0.0    0 11.3 25 210   M    M   6 3      34 210
23  93  79  86  10   0  21    T  0.0    0  9.0 16 200   M    M   6        20 200
24  90  74  82   6   0  17 0.00  0.0    0  8.3 20 350   M    M   7        24 340
25  89  70  80   4   0  15 0.00  0.0    0  6.9 16  50   M    M   3        22  50
26  87  68  78   2   0  13 0.00  0.0    0  4.4 12 120   M    M   2        16 100
27  86  70  78   2   0  13 0.00  0.0    0  3.4 12 150   M    M   5        14 140
28  82  70  76   0   0  11 0.00  0.0    0  8.8 20 320   M    M   4 1      24 330
================================================================================
SM 2411 1911         0 348  6.98     0.0 241.0          M      156
================================================================================
AV 86.1 68.3                               8.6 FASTST   M    M   6    MAX(MPH)
                                 MISC ---->  # 33 320               # 43   10
================================================================================
NOTES:
# LAST OF SEVERAL OCCURRENCES

COLUMN 17 PEAK WIND IN M.P.H.

PRELIMINARY LOCAL CLIMATOLOGICAL DATA (WS FORM: F-6) , PAGE 2

                                          STATION:  DES MOINES IA
                                          MONTH:    JULY
                                          YEAR:     2016
                                          LATITUDE:   41 31 N
                                          LONGITUDE:  93 39 W

[TEMPERATURE DATA]      [PRECIPITATION DATA]       SYMBOLS USED IN COLUMN 16

AVERAGE MONTHLY: 77.2   TOTAL FOR MONTH:   6.98    1 = FOG OR MIST
DPTR FM NORMAL:   1.2   DPTR FM NORMAL:    2.91    2 = FOG REDUCING VISIBILITY
HIGHEST:    97 ON 21    GRTST 24HR  3.53 ON 19-19      TO 1/4 MILE OR LESS
LOWEST:     58 ON  1                               3 = THUNDER
                        SNOW, ICE PELLETS, HAIL    4 = ICE PELLETS
                        TOTAL MONTH:   0.0 INCH    5 = HAIL
                        GRTST 24HR     0.0         6 = FREEZING RAIN OR DRIZZLE
                        GRTST DEPTH:   0           7 = DUSTSTORM OR SANDSTORM:
                                                       VSBY 1/2 MILE OR LESS
                                                   8 = SMOKE OR HAZE
[NO. OF DAYS WITH]      [WEATHER - DAYS WITH]      9 = BLOWING SNOW
                                                   X = TORNADO
MAX 32 OR BELOW:   0    0.01 INCH OR MORE:  11
MAX 90 OR ABOVE:   8    0.10 INCH OR MORE:   8
MIN 32 OR BELOW:   0    0.50 INCH OR MORE:   4
MIN  0 OR BELOW:   0    1.00 INCH OR MORE:   2

[HDD (BASE 65) ]
TOTAL THIS MO.     0    CLEAR  (SCALE 0-3)   4
DPTR FM NORMAL     0    PTCLDY (SCALE 4-7)  20
TOTAL FM JUL 1     0    CLOUDY (SCALE 8-10)  4
DPTR FM NORMAL     0

[CDD (BASE 65) ]
TOTAL THIS MO.   348
DPTR FM NORMAL    33    [PRESSURE DATA]
TOTAL FM JAN 1   819    HIGHEST SLP M ON M
DPTR FM NORMAL   207    LOWEST  SLP 29.57 ON M

[REMARKS]
