000
CXUS53 KFGF 280915
CF6DVL
PRELIMINARY LOCAL CLIMATOLOGICAL DATA (WS FORM: F-6)

                                          STATION:   DEVIL`S LAKE
                                          MONTH:     AUGUST
                                          YEAR:      2014
                                          LATITUDE:   48  7 N
                                          LONGITUDE:  98 54 W

  TEMPERATURE IN F:       :PCPN:    SNOW:  WIND      :SUNSHINE: SKY     :PK WND
================================================================================
1   2   3   4   5  6A  6B    7    8   9   10  11  12  13   14  15   16   17  18
                                     12Z  AVG MX 2MIN
DY MAX MIN AVG DEP HDD CDD  WTR  SNW DPTH SPD SPD DIR MIN PSBL S-S WX    SPD DR
================================================================================

 1  81  57  69   M   0   4 0.00  0.0    0  4.3  8 170   M    M   0         M  M
 2  82  63  73   M   0   8 0.00  0.0    0  5.3 12  70   M    M   0         M  M
 3  75  59  67   M   0   2 0.00  0.0    0  6.5 13 120   M    M   0         M  M
 4  77  55  66   M   0   1 0.00  0.0    0  4.9  9 180   M    M   0         M  M
 5  77  55  66   M   0   1 0.00  0.0    0  5.1 13 160   M    M   0        16 160
 6  79  63  71   M   0   6 0.00  0.0    0  8.5 15 170   M    M   0        21 160
 7  81  64  73   M   0   8 0.00  0.0    0 10.4 16 170   M    M   4        20 170
 8  82  64  73   M   0   8 0.00  0.0    0  8.9 15 180   M    M   1         M  M
 9  81  66  74   M   0   9 0.00  0.0    0  8.1 14 160   M    M   5         M  M
10  72  57  65   M   0   0 0.17  0.0    0 11.7 16 340   M    M   2 3      22 350
11  75  52  64   M   1   0 0.00  0.0    0  6.4 12 330   M    M   1        17 360
12  82  55  69   M   0   4 0.00  0.0    0  4.9  9  40   M    M   0         M  M
13  81  61  71   M   0   6 0.00  0.0    0 10.3 15 110   M    M   6        16 120
14  82  66  74   M   0   9 0.00  0.0    0 11.6 15 140   M    M   3        17 140
15  81  66  74   M   0   9 0.00  0.0    0  5.2  9 150   M    M   2         M  M
16  73  66  70   M   0   5 0.00  0.0    0  9.0 16  60   M    M   8        18  60
17  82  63  73   M   0   8 0.00  0.0    0  5.6 13 210   M    M   4 3       M  M
18  79  63  71   M   0   6 0.33  0.0    0  9.0 16 320   M    M   4        18 340
19  82  59  71   M   0   6 0.00  0.0    0  3.7 10 150   M    M   1         M  M
20  84  66  75   M   0  10 0.03  0.0    0 11.6 17 160   M    M   1        24 170
21  79  66  73   M   0   8 0.00  0.0    0  7.9 14 350   M    M   8        18 350
22  70  63  67   M   0   2 0.00  0.0    0 11.2 15  30   M    M  10         M  M
23  66  57  62   M   3   0 0.81  0.0    0 15.3 21 110   M    M  10        30 100
24  75  57  66   M   0   1 0.00  0.0    0 16.4 28 220   M    M   8        35 230
25  59  52  56   M   9   0 0.00  0.0    0 18.8 29 280   M    M  10        39 280
26  68  46  57   M   8   0 0.00  0.0    0  3.5 13 220   M    M   2         M  M
27  75  48  62   M   3   0 0.00  0.0    0  7.0 12 160   M    M   1         M  M
================================================================================
SM 2080 1609        24 121  1.34     0.0 231.1          M       91
================================================================================
AV 77.0 59.6                               8.6 FASTST   M    M   3    MAX(MPH)
                                 MISC ---->    29   M                 39    M
================================================================================
NOTES:
# LAST OF SEVERAL OCCURRENCES

COLUMN 17 PEAK WIND IN M.P.H.

PRELIMINARY LOCAL CLIMATOLOGICAL DATA (WS FORM: F-6) , PAGE 2

                                          STATION:  DEVIL`S LAKE
                                          MONTH:    AUGUST
                                          YEAR:     2014
                                          LATITUDE:   48  7 N
                                          LONGITUDE:  98 54 W

[TEMPERATURE DATA]      [PRECIPITATION DATA]       SYMBOLS USED IN COLUMN 16

AVERAGE MONTHLY: 68.3   TOTAL FOR MONTH:   1.34    1 = FOG OR MIST
DPTR FM NORMAL:     M   DPTR FM NORMAL:       M    2 = FOG REDUCING VISIBILITY
HIGHEST:    84 ON 20    GRTST 24HR  0.81 ON 23-23      TO 1/4 MILE OR LESS
LOWEST:     46 ON 26                               3 = THUNDER
                        SNOW, ICE PELLETS, HAIL    4 = ICE PELLETS
                        TOTAL MONTH:   0.0 INCH    5 = HAIL
                        GRTST 24HR     0.0         6 = FREEZING RAIN OR DRIZZLE
                        GRTST DEPTH:   0           7 = DUSTSTORM OR SANDSTORM:
                                                       VSBY 1/2 MILE OR LESS
                                                   8 = SMOKE OR HAZE
[NO. OF DAYS WITH]      [WEATHER - DAYS WITH]      9 = BLOWING SNOW
                                                   X = TORNADO
MAX 32 OR BELOW:   0    0.01 INCH OR MORE:   4
MAX 90 OR ABOVE:   0    0.10 INCH OR MORE:   3
MIN 32 OR BELOW:   0    0.50 INCH OR MORE:   1
MIN  0 OR BELOW:   0    1.00 INCH OR MORE:   0

[HDD (BASE 65) ]
TOTAL THIS MO.    24    CLEAR  (SCALE 0-3)  16
DPTR FM NORMAL     M    PTCLDY (SCALE 4-7)   8
TOTAL FM JUL 1    65    CLOUDY (SCALE 8-10)  3
DPTR FM NORMAL     M

[CDD (BASE 65) ]
TOTAL THIS MO.   121
DPTR FM NORMAL     M    [PRESSURE DATA]
TOTAL FM JAN 1   304    HIGHEST SLP M ON M
DPTR FM NORMAL     M    LOWEST  SLP M ON M

[REMARKS]
