000
CXUS55 KDVN 291100
CF6DVN
PRELIMINARY LOCAL CLIMATOLOGICAL DATA (WS FORM: F-6)

                                          STATION:   DAVENPORT IA
                                          MONTH:     MARCH
                                          YEAR:      2015
                                          LATITUDE:   41 37 N
                                          LONGITUDE:  90 35 W

  TEMPERATURE IN F:       :PCPN:    SNOW:  WIND      :SUNSHINE: SKY     :PK WND
================================================================================
1   2   3   4   5  6A  6B    7    8   9   10  11  12  13   14  15   16   17  18
                                     12Z  AVG MX 2MIN
DY MAX MIN AVG DEP HDD CDD  WTR  SNW DPTH SPD SPD DIR MIN PSBL S-S WX    SPD DR
================================================================================

 1  25   5  15 -16  50   0    T    T    4  6.0 16 260   M    M   4 128    17 260
 2  27   2  15 -17  50   0 0.00  0.0    4  7.4 17 150   M    M   4 18     22 160
 3  34  19  27  -5  38   0 0.37  0.3    3 17.2 26 300   M    M   9 16     30 300
 4  19   7  13 -20  52   0 0.00  0.0    3 13.4 24 320   M    M   2        32 320
 5  11  -8   2 -31  63   0 0.00  0.0    3  7.0 13 300   M    M   0        18 290
 6  39  -2  19 -15  46   0 0.00  0.0    3 13.1 25 190   M    M   1        31 190
 7  40  29  35   1  30   0 0.00  0.0    3 10.3 18 290   M    M   2        22 290
 8  43  26  35   0  30   0 0.00  0.0    2  3.6 12 170   M    M   3 18     13 170
 9  49  23  36   1  29   0 0.00  0.0    1  6.5 15 150   M    M   0 128    17 150
10  56  34  45   9  20   0 0.00  0.0    T  4.5 13 180   M    M   6 128    14 180
11  54  34  44   8  21   0 0.00  0.0    0  7.0 16  40   M    M   0 18     19  30
12  60  31  46  10  19   0 0.00  0.0    0 11.0 18 150   M    M   0        25 150
13  66  35  51  14  14   0 0.00  0.0    0  7.0 14 330   M    M   0 18     18 320
14  60  34  47  10  18   0 0.00  0.0    0 11.2 20 300   M    M   0        32 310
15  65  30  48  10  17   0 0.00  0.0    0 11.2 25 210   M    M   0        33 220
16  78  44  61  23   4   0 0.00  0.0    0 13.3 26 230   M    M   0        33 230
17  51  32  42   3  23   0 0.00  0.0    0 13.2 29  10   M    M   2        35  10
18  47  31  39   0  26   0 0.00  0.0    0  6.5 12 170   M    M   6        15 140
19  47  32  40   0  25   0 0.00  0.0    0  8.4 21 120   M    M   8        26 120
20  58  32  45   5  20   0 0.00  0.0    0 10.9 20 270   M    M   3 18     23 260
21  58  34  46   6  19   0 0.00  0.0    0  9.9 20 360   M    M   0 18     23 360
22  49  29  39  -2  26   0 0.00  0.0    0 16.9 25  80   M    M   4        31 100
23  33  29  31 -10  34   0 0.29    T    0 14.4 24 100   M    M  10 16     31  90
24  36  27  32 -10  33   0 0.13  0.0    0 15.0 24 100   M    M   6 18     30 100
25  47  33  40  -2  25   0 0.00  0.0    0 12.2 22 330   M    M   8 18     27 330
26  45  27  36  -7  29   0 0.00  0.0    0 13.0 29 330   M    M   2        37 340
27  38  22  30 -13  35   0 0.00  0.0    0  9.4 20  40   M    M   3        24  20
28  42  18  30 -13  35   0 0.00  0.0    0  8.8 16 160   M    M   0        20 160
================================================================================
SM 1277  689       831   0  0.79     0.3 288.3          M       83
================================================================================
AV 45.6 24.6                              10.3 FASTST   M    M   3    MAX(MPH)
                                 MISC ---->  # 29  10               # 37  340
================================================================================
NOTES:
# LAST OF SEVERAL OCCURRENCES

COLUMN 17 PEAK WIND IN M.P.H.

PRELIMINARY LOCAL CLIMATOLOGICAL DATA (WS FORM: F-6) , PAGE 2

                                          STATION:  DAVENPORT IA
                                          MONTH:    MARCH
                                          YEAR:     2015
                                          LATITUDE:   41 37 N
                                          LONGITUDE:  90 35 W

[TEMPERATURE DATA]      [PRECIPITATION DATA]       SYMBOLS USED IN COLUMN 16

AVERAGE MONTHLY: 35.1   TOTAL FOR MONTH:   0.79    1 = FOG OR MIST
DPTR FM NORMAL:  -2.4   DPTR FM NORMAL:   -1.47    2 = FOG REDUCING VISIBILITY
HIGHEST:    78 ON 16    GRTST 24HR  0.37 ON  3- 3      TO 1/4 MILE OR LESS
LOWEST:     -8 ON  5                               3 = THUNDER
                        SNOW, ICE PELLETS, HAIL    4 = ICE PELLETS
                        TOTAL MONTH:   0.3 INCH    5 = HAIL
                        GRTST 24HR   0.3 ON   M    6 = FREEZING RAIN OR DRIZZLE
                        GRTST DEPTH:   4 ON  2, 1  7 = DUSTSTORM OR SANDSTORM:
                                                       VSBY 1/2 MILE OR LESS
                                                   8 = SMOKE OR HAZE
[NO. OF DAYS WITH]      [WEATHER - DAYS WITH]      9 = BLOWING SNOW
                                                   X = TORNADO
MAX 32 OR BELOW:   4    0.01 INCH OR MORE:   3
MAX 90 OR ABOVE:   0    0.10 INCH OR MORE:   3
MIN 32 OR BELOW:  21    0.50 INCH OR MORE:   0
MIN  0 OR BELOW:   2    1.00 INCH OR MORE:   0

[HDD (BASE 65) ]
TOTAL THIS MO.   831    CLEAR  (SCALE 0-3)  17
DPTR FM NORMAL    60    PTCLDY (SCALE 4-7)   9
TOTAL FM JUL 1  6327    CLOUDY (SCALE 8-10)  2
DPTR FM NORMAL   531

[CDD (BASE 65) ]
TOTAL THIS MO.     0
DPTR FM NORMAL     0    [PRESSURE DATA]
TOTAL FM JAN 1     0    HIGHEST SLP M ON M
DPTR FM NORMAL     0    LOWEST  SLP 29.69 ON  3

[REMARKS]
